{"id":308086,"date":"2026-03-06T01:33:38","date_gmt":"2026-03-06T01:33:38","guid":{"rendered":"https:\/\/grupotextil.es\/?post_type=product&#038;p=308086"},"modified":"2026-03-06T01:33:38","modified_gmt":"2026-03-06T01:33:38","slug":"chaqueta-acolchada-de-tejido-loft-valento-islandia","status":"publish","type":"product","link":"https:\/\/grupotextil.es\/ca\/product\/chaqueta-acolchada-de-tejido-loft-valento-islandia\/","title":{"rendered":"Chaqueta acolchada de tejido Loft VALENTO ISLANDIA"},"content":{"rendered":"<div class=\"product-description\">\n<div class=\"article_characteristics\">\n<ul style=\"margin-block-start: 0;\" >\n<li><b>Chaqueta<\/b> <b>t\u00e9rmica<\/b> acolchada.<\/li>\n<li>Confeccionada en tejido Loft ligero con exterior plano hidr\u00f3fugo, forro interior liso y relleno acolchado que aporta mayor aislamiento t\u00e9rmico mediante canales.<\/li>\n<li>Cuello alto con cierre de <b>cremallera entera<\/b> y protector de barbilla para mayor comodidad.<\/li>\n<li>Bajo recto con cord\u00f3n el\u00e1stico y freno para un ajuste c\u00f3modo.<\/li>\n<li>Dos bolsillos verticales con cremallera y uno interior con  velcro para tener todo accesible.<\/li>\n<li>Incluye cremallera interior trasera para facilitar los diferentes tipos de marcaje: serigraf\u00eda, transfer,  vinilo, bordados, cosidos.<\/li>\n<li>Ideal como <b>textil promocional<\/b>, <b>ropa deportiva<\/b> y <b>ropa casual<\/b>.<\/li>\n<\/ul><\/div>\n<\/div>\n<div class=\"product-pdf\">\n<p><a href=\"https:\/\/valento.es\/?service=ServeDocuments&amp;function=serve_datasheet&amp;article_ref=CQVAISL\" target=\"_blank\" rel=\"noopener\">Descargar ficha t\u00e9cnica (PDF)<\/a><\/p>\n<\/div>","protected":false},"excerpt":{"rendered":"<p>Chaqueta acolchada de tejido Loft VALENTO ISLANDIA de Valento. Disponible en la categor\u00eda Cazadoras Y Parkas. Env\u00edo r\u00e1pido 24\/48h.<\/p>","protected":false},"featured_media":308087,"comment_status":"open","ping_status":"closed","template":"","meta":{"_acf_changed":false},"product_brand":[11282],"product_cat":[13981,13990,13974,13975,13973],"product_tag":[],"class_list":{"0":"post-308086","1":"product","2":"type-product","3":"status-publish","4":"has-post-thumbnail","6":"product_brand-valento","7":"product_cat-h-chaquetas-y-abrigos","8":"product_cat-m-chaquetas-y-abrigos","9":"product_cat-ropa-hombre","10":"product_cat-ropa-mujer","11":"product_cat-ropa","12":"tm-no-options","14":"first","15":"instock","16":"taxable","17":"shipping-taxable","18":"product-type-variable"},"acf":[],"_links":{"self":[{"href":"https:\/\/grupotextil.es\/ca\/wp-json\/wp\/v2\/product\/308086","targetHints":{"allow":["GET"]}}],"collection":[{"href":"https:\/\/grupotextil.es\/ca\/wp-json\/wp\/v2\/product"}],"about":[{"href":"https:\/\/grupotextil.es\/ca\/wp-json\/wp\/v2\/types\/product"}],"replies":[{"embeddable":true,"href":"https:\/\/grupotextil.es\/ca\/wp-json\/wp\/v2\/comments?post=308086"}],"wp:featuredmedia":[{"embeddable":true,"href":"https:\/\/grupotextil.es\/ca\/wp-json\/wp\/v2\/media\/308087"}],"wp:attachment":[{"href":"https:\/\/grupotextil.es\/ca\/wp-json\/wp\/v2\/media?parent=308086"}],"wp:term":[{"taxonomy":"product_brand","embeddable":true,"href":"https:\/\/grupotextil.es\/ca\/wp-json\/wp\/v2\/product_brand?post=308086"},{"taxonomy":"product_cat","embeddable":true,"href":"https:\/\/grupotextil.es\/ca\/wp-json\/wp\/v2\/product_cat?post=308086"},{"taxonomy":"product_tag","embeddable":true,"href":"https:\/\/grupotextil.es\/ca\/wp-json\/wp\/v2\/product_tag?post=308086"}],"curies":[{"name":"wp","href":"https:\/\/api.w.org\/{rel}","templated":true}]}}

<div class="product-description">
<div class="article_characteristics">
<ul style="margin-block-start: 0;" >
<li><b>Chaqueta</b> <b>térmica</b> acolchada.</li>
<li>Confeccionada en tejido Loft ligero con exterior plano hidrófugo, forro interior liso y relleno acolchado que aporta mayor aislamiento térmico mediante canales.</li>
<li>Cuello alto con cierre de <b>cremallera entera</b> y protector de barbilla para mayor comodidad.</li>
<li>Bajo recto con cordón elástico y freno para un ajuste cómodo.</li>
<li>Dos bolsillos verticales con cremallera y uno interior con  velcro para tener todo accesible.</li>
<li>Incluye cremallera interior trasera para facilitar los diferentes tipos de marcaje: serigrafía, transfer,  vinilo, bordados, cosidos.</li>
<li>Ideal como <b>textil promocional</b>, <b>ropa deportiva</b> y <b>ropa casual</b>.</li>
</ul></div>
</div>
<div class="product-pdf">
<p><a href="https://valento.es/?service=ServeDocuments&amp;function=serve_datasheet&amp;article_ref=CQVAISL" target="_blank" rel="noopener">Descargar ficha técnica (PDF)</a></p>
</div>

<p>Chaqueta acolchada de tejido Loft VALENTO ISLANDIA de Valento. Disponible en la categoría Cazadoras Y Parkas. Envío rápido 24/48h.</p>
