{"id":308832,"date":"2026-03-06T01:33:59","date_gmt":"2026-03-06T01:33:59","guid":{"rendered":"https:\/\/grupotextil.es\/?post_type=product&#038;p=308832"},"modified":"2026-03-06T01:33:59","modified_gmt":"2026-03-06T01:33:59","slug":"chaqueta-de-trabajo-acolchada-valento-steel","status":"publish","type":"product","link":"https:\/\/grupotextil.es\/ca\/product\/chaqueta-de-trabajo-acolchada-valento-steel\/","title":{"rendered":"Chaqueta de trabajo acolchada VALENTO STEEL"},"content":{"rendered":"<div class=\"product-description\">\n<div class=\"article_characteristics\">\n<ul style=\"margin-block-start: 0;\" >\n<li><b>Chaqueta<\/b> de <b>trabajo<\/b> acolchada, con tres <b>bolsillos<\/b>.<\/li>\n<li>Confeccionada en tejido sarga resistente y duradera en cara exterior, forro interior liso y relleno acolchado que aporta alta retenci\u00f3n t\u00e9rmica.<\/li>\n<li>Cuello alto de doble capa y cierre de <b>cremallera entera<\/b> para mayor calidez y confort.<\/li>\n<li>Pu\u00f1os y bajo con el\u00e1stico interior fruncido para un mejor ajuste.<\/li>\n<li>Dos <b>bolsillos<\/b> oblicuos con cremallera y tapeta y otro en pecho izquierdo con tapeta para tener todo accesible, incluye departamento para bol\u00edgrafo.<\/li>\n<li>Incluye cremallera interior trasera para facilitar los diferentes tipos de marcaje: serigraf\u00eda, transfer, vinilo, bordados, cosidos.<\/li>\n<li>Ideal como <b>ropa laboral<\/b> y <b>uniformes de <b>trabajo<\/b><\/b>.<\/li>\n<\/ul><\/div>\n<\/div>\n<div class=\"product-pdf\">\n<p><a href=\"https:\/\/valento.es\/?service=ServeDocuments&amp;function=serve_datasheet&amp;article_ref=CQVASTE\" target=\"_blank\" rel=\"noopener\">Descargar ficha t\u00e9cnica (PDF)<\/a><\/p>\n<\/div>","protected":false},"excerpt":{"rendered":"<p>Chaqueta de trabajo acolchada VALENTO STEEL de Valento. Disponible en la categor\u00eda Cazadoras Y Parkas. Env\u00edo r\u00e1pido 24\/48h.<\/p>","protected":false},"featured_media":308833,"comment_status":"open","ping_status":"closed","template":"","meta":{"_acf_changed":false},"product_brand":[11282],"product_cat":[13981,13990,13974,13975,13973],"product_tag":[],"class_list":{"0":"post-308832","1":"product","2":"type-product","3":"status-publish","4":"has-post-thumbnail","6":"product_brand-valento","7":"product_cat-h-chaquetas-y-abrigos","8":"product_cat-m-chaquetas-y-abrigos","9":"product_cat-ropa-hombre","10":"product_cat-ropa-mujer","11":"product_cat-ropa","12":"tm-no-options","14":"first","15":"instock","16":"taxable","17":"shipping-taxable","18":"product-type-variable"},"acf":[],"_links":{"self":[{"href":"https:\/\/grupotextil.es\/ca\/wp-json\/wp\/v2\/product\/308832","targetHints":{"allow":["GET"]}}],"collection":[{"href":"https:\/\/grupotextil.es\/ca\/wp-json\/wp\/v2\/product"}],"about":[{"href":"https:\/\/grupotextil.es\/ca\/wp-json\/wp\/v2\/types\/product"}],"replies":[{"embeddable":true,"href":"https:\/\/grupotextil.es\/ca\/wp-json\/wp\/v2\/comments?post=308832"}],"wp:featuredmedia":[{"embeddable":true,"href":"https:\/\/grupotextil.es\/ca\/wp-json\/wp\/v2\/media\/308833"}],"wp:attachment":[{"href":"https:\/\/grupotextil.es\/ca\/wp-json\/wp\/v2\/media?parent=308832"}],"wp:term":[{"taxonomy":"product_brand","embeddable":true,"href":"https:\/\/grupotextil.es\/ca\/wp-json\/wp\/v2\/product_brand?post=308832"},{"taxonomy":"product_cat","embeddable":true,"href":"https:\/\/grupotextil.es\/ca\/wp-json\/wp\/v2\/product_cat?post=308832"},{"taxonomy":"product_tag","embeddable":true,"href":"https:\/\/grupotextil.es\/ca\/wp-json\/wp\/v2\/product_tag?post=308832"}],"curies":[{"name":"wp","href":"https:\/\/api.w.org\/{rel}","templated":true}]}}

<div class="product-description">
<div class="article_characteristics">
<ul style="margin-block-start: 0;" >
<li><b>Chaqueta</b> de <b>trabajo</b> acolchada, con tres <b>bolsillos</b>.</li>
<li>Confeccionada en tejido sarga resistente y duradera en cara exterior, forro interior liso y relleno acolchado que aporta alta retención térmica.</li>
<li>Cuello alto de doble capa y cierre de <b>cremallera entera</b> para mayor calidez y confort.</li>
<li>Puños y bajo con elástico interior fruncido para un mejor ajuste.</li>
<li>Dos <b>bolsillos</b> oblicuos con cremallera y tapeta y otro en pecho izquierdo con tapeta para tener todo accesible, incluye departamento para bolígrafo.</li>
<li>Incluye cremallera interior trasera para facilitar los diferentes tipos de marcaje: serigrafía, transfer, vinilo, bordados, cosidos.</li>
<li>Ideal como <b>ropa laboral</b> y <b>uniformes de <b>trabajo</b></b>.</li>
</ul></div>
</div>
<div class="product-pdf">
<p><a href="https://valento.es/?service=ServeDocuments&amp;function=serve_datasheet&amp;article_ref=CQVASTE" target="_blank" rel="noopener">Descargar ficha técnica (PDF)</a></p>
</div>

<p>Chaqueta de trabajo acolchada VALENTO STEEL de Valento. Disponible en la categoría Cazadoras Y Parkas. Envío rápido 24/48h.</p>
