{"id":308984,"date":"2026-03-06T01:34:05","date_gmt":"2026-03-06T01:34:05","guid":{"rendered":"https:\/\/grupotextil.es\/?post_type=product&#038;p=308984"},"modified":"2026-03-06T01:34:05","modified_gmt":"2026-03-06T01:34:05","slug":"parka-3-en-1-con-forro-polar-extraible-valento-avenue","status":"publish","type":"product","link":"https:\/\/grupotextil.es\/ca\/product\/parka-3-en-1-con-forro-polar-extraible-valento-avenue\/","title":{"rendered":"Parka 3 en 1 con forro polar extra\u00edble VALENTO AVENUE"},"content":{"rendered":"<div class=\"product-description\">\n<div class=\"article_characteristics\">\n<ul style=\"margin-block-start: 0;\" >\n<li><b>Parka<\/b> 3 en 1: prenda c\u00e1lida de abrigo, <b>forro polar<\/b> extra\u00edble y <b>parka<\/b> ligera impermeable con capucha.<\/li>\n<li>Parte exterior confeccionada con <b>tejido impermeable<\/b> de alta resistencia hidro-repelente, el interior incluye un <b>forro polar<\/b> grueso con <b>anti-pilling<\/b> exterior y perchado aborregado interior que aporta alta retenci\u00f3n t\u00e9rmica.<\/li>\n<li>Cuello alto con <b>polar interior<\/b> y protege barbilla para mayor calidez y confort, cierre de cremallera de doble carro, tapeta y botones a presi\u00f3n, cintura con cord\u00f3n interior regulador y freno, pu\u00f1os con velcro para un mejor ajuste.<\/li>\n<li>Costuras termo-selladas para evitar filtraciones de agua y mantener el cuerpo seco ante la lluvia.<\/li>\n<li>Dos bolsillos frontales con fuelle con tapeta y botones a presi\u00f3n y dos laterales para tener todo accesible.<\/li>\n<li>Incluye cremallera interior trasera para facilitar los diferentes tipos de marcaje: serigraf\u00eda, transfer, vinilo, bordados, cosidos.<\/li>\n<li>Ideal como <b>ropa laboral<\/b>, <b>textil promocional<\/b> y actividades en exteriores.<\/li>\n<\/ul><\/div>\n<\/div>\n<div class=\"product-pdf\">\n<p><a href=\"https:\/\/valento.es\/?service=ServeDocuments&amp;function=serve_datasheet&amp;article_ref=PKVAAVE\" target=\"_blank\" rel=\"noopener\">Descargar ficha t\u00e9cnica (PDF)<\/a><\/p>\n<\/div>","protected":false},"excerpt":{"rendered":"<p>Parka 3 en 1 con forro polar extra\u00edble VALENTO AVENUE de Valento. Disponible en la categor\u00eda Cazadoras Y Parkas. Env\u00edo r\u00e1pido 24\/48h.<\/p>","protected":false},"featured_media":308985,"comment_status":"open","ping_status":"closed","template":"","meta":{"_acf_changed":false},"product_brand":[11282],"product_cat":[13990,13981,13974,13975,13973],"product_tag":[],"class_list":{"0":"post-308984","1":"product","2":"type-product","3":"status-publish","4":"has-post-thumbnail","6":"product_brand-valento","7":"product_cat-m-chaquetas-y-abrigos","8":"product_cat-h-chaquetas-y-abrigos","9":"product_cat-ropa-hombre","10":"product_cat-ropa-mujer","11":"product_cat-ropa","12":"tm-no-options","14":"first","15":"instock","16":"taxable","17":"shipping-taxable","18":"product-type-variable"},"acf":[],"_links":{"self":[{"href":"https:\/\/grupotextil.es\/ca\/wp-json\/wp\/v2\/product\/308984","targetHints":{"allow":["GET"]}}],"collection":[{"href":"https:\/\/grupotextil.es\/ca\/wp-json\/wp\/v2\/product"}],"about":[{"href":"https:\/\/grupotextil.es\/ca\/wp-json\/wp\/v2\/types\/product"}],"replies":[{"embeddable":true,"href":"https:\/\/grupotextil.es\/ca\/wp-json\/wp\/v2\/comments?post=308984"}],"wp:featuredmedia":[{"embeddable":true,"href":"https:\/\/grupotextil.es\/ca\/wp-json\/wp\/v2\/media\/308985"}],"wp:attachment":[{"href":"https:\/\/grupotextil.es\/ca\/wp-json\/wp\/v2\/media?parent=308984"}],"wp:term":[{"taxonomy":"product_brand","embeddable":true,"href":"https:\/\/grupotextil.es\/ca\/wp-json\/wp\/v2\/product_brand?post=308984"},{"taxonomy":"product_cat","embeddable":true,"href":"https:\/\/grupotextil.es\/ca\/wp-json\/wp\/v2\/product_cat?post=308984"},{"taxonomy":"product_tag","embeddable":true,"href":"https:\/\/grupotextil.es\/ca\/wp-json\/wp\/v2\/product_tag?post=308984"}],"curies":[{"name":"wp","href":"https:\/\/api.w.org\/{rel}","templated":true}]}}

Parka 3 en 1 con forro polar extraíble VALENTO AVENUE

<div class="product-description">
<div class="article_characteristics">
<ul style="margin-block-start: 0;" >
<li><b>Parka</b> 3 en 1: prenda cálida de abrigo, <b>forro polar</b> extraíble y <b>parka</b> ligera impermeable con capucha.</li>
<li>Parte exterior confeccionada con <b>tejido impermeable</b> de alta resistencia hidro-repelente, el interior incluye un <b>forro polar</b> grueso con <b>anti-pilling</b> exterior y perchado aborregado interior que aporta alta retención térmica.</li>
<li>Cuello alto con <b>polar interior</b> y protege barbilla para mayor calidez y confort, cierre de cremallera de doble carro, tapeta y botones a presión, cintura con cordón interior regulador y freno, puños con velcro para un mejor ajuste.</li>
<li>Costuras termo-selladas para evitar filtraciones de agua y mantener el cuerpo seco ante la lluvia.</li>
<li>Dos bolsillos frontales con fuelle con tapeta y botones a presión y dos laterales para tener todo accesible.</li>
<li>Incluye cremallera interior trasera para facilitar los diferentes tipos de marcaje: serigrafía, transfer, vinilo, bordados, cosidos.</li>
<li>Ideal como <b>ropa laboral</b>, <b>textil promocional</b> y actividades en exteriores.</li>
</ul></div>
</div>
<div class="product-pdf">
<p><a href="https://valento.es/?service=ServeDocuments&amp;function=serve_datasheet&amp;article_ref=PKVAAVE" target="_blank" rel="noopener">Descargar ficha técnica (PDF)</a></p>
</div>

<p>Parka 3 en 1 con forro polar extraíble VALENTO AVENUE de Valento. Disponible en la categoría Cazadoras Y Parkas. Envío rápido 24/48h.</p>
