{"id":311768,"date":"2026-03-06T01:34:49","date_gmt":"2026-03-06T01:34:49","guid":{"rendered":"https:\/\/grupotextil.es\/?post_type=product&#038;p=311768"},"modified":"2026-03-06T01:34:49","modified_gmt":"2026-03-06T01:34:49","slug":"chaleco-bicolor-con-polar-interior-valento-montana","status":"publish","type":"product","link":"https:\/\/grupotextil.es\/ca\/product\/chaleco-bicolor-con-polar-interior-valento-montana\/","title":{"rendered":"Chaleco bicolor con polar interior VALENTO MONTANA"},"content":{"rendered":"<div class=\"product-description\">\n<div class=\"article_characteristics\">\n<ul style=\"margin-block-start: 0;\" >\n<li><b>Chaleco acolchado<\/b> con <b>polar interior<\/b> y dise\u00f1o <b>bicolor<\/b>.<\/li>\n<li>Confeccionado con <b>tejido impermeable<\/b> Canvas en el exterior, relleno acolchado y tejido polar <b>anti-pilling<\/b> en el interior que aporta alta retenci\u00f3n t\u00e9rmica y confort.<\/li>\n<li>Bajo recto con cord\u00f3n el\u00e1stico y freno para un ajuste c\u00f3modo.<\/li>\n<li>Dos bolsillos oblicuos, otro en pecho izquierdo, todos con cremallera y uno interior con velcro, para tener todo accesible.<\/li>\n<li>Incluye cremallera interior trasera para facilitar los diferentes tipos de marcaje: serigraf\u00eda, transfer, vinilo, bordados, cosidos.<\/li>\n<li>Ideal como <b>ropa laboral<\/b>, <b>ropa casual<\/b> y actividades f\u00edsicas en ambientes fr\u00edos.<\/li>\n<\/ul><\/div>\n<\/div>\n<div class=\"product-pdf\">\n<p><a href=\"https:\/\/valento.es\/?service=ServeDocuments&amp;function=serve_datasheet&amp;article_ref=CHVAMON\" target=\"_blank\" rel=\"noopener\">Descargar ficha t\u00e9cnica (PDF)<\/a><\/p>\n<\/div>","protected":false},"excerpt":{"rendered":"<p>Chaleco bicolor con polar interior VALENTO MONTANA de Valento. Disponible en la categor\u00eda Chalecos. Env\u00edo r\u00e1pido 24\/48h.<\/p>","protected":false},"featured_media":311769,"comment_status":"open","ping_status":"closed","template":"","meta":{"_acf_changed":false},"product_brand":[11282],"product_cat":[13982,13991,13974,13975,13973],"product_tag":[],"class_list":{"0":"post-311768","1":"product","2":"type-product","3":"status-publish","4":"has-post-thumbnail","6":"product_brand-valento","7":"product_cat-h-chalecos","8":"product_cat-m-chalecos","9":"product_cat-ropa-hombre","10":"product_cat-ropa-mujer","11":"product_cat-ropa","12":"tm-no-options","14":"first","15":"instock","16":"taxable","17":"shipping-taxable","18":"product-type-variable"},"acf":[],"_links":{"self":[{"href":"https:\/\/grupotextil.es\/ca\/wp-json\/wp\/v2\/product\/311768","targetHints":{"allow":["GET"]}}],"collection":[{"href":"https:\/\/grupotextil.es\/ca\/wp-json\/wp\/v2\/product"}],"about":[{"href":"https:\/\/grupotextil.es\/ca\/wp-json\/wp\/v2\/types\/product"}],"replies":[{"embeddable":true,"href":"https:\/\/grupotextil.es\/ca\/wp-json\/wp\/v2\/comments?post=311768"}],"wp:featuredmedia":[{"embeddable":true,"href":"https:\/\/grupotextil.es\/ca\/wp-json\/wp\/v2\/media\/311769"}],"wp:attachment":[{"href":"https:\/\/grupotextil.es\/ca\/wp-json\/wp\/v2\/media?parent=311768"}],"wp:term":[{"taxonomy":"product_brand","embeddable":true,"href":"https:\/\/grupotextil.es\/ca\/wp-json\/wp\/v2\/product_brand?post=311768"},{"taxonomy":"product_cat","embeddable":true,"href":"https:\/\/grupotextil.es\/ca\/wp-json\/wp\/v2\/product_cat?post=311768"},{"taxonomy":"product_tag","embeddable":true,"href":"https:\/\/grupotextil.es\/ca\/wp-json\/wp\/v2\/product_tag?post=311768"}],"curies":[{"name":"wp","href":"https:\/\/api.w.org\/{rel}","templated":true}]}}

<div class="product-description">
<div class="article_characteristics">
<ul style="margin-block-start: 0;" >
<li><b>Chaleco acolchado</b> con <b>polar interior</b> y diseño <b>bicolor</b>.</li>
<li>Confeccionado con <b>tejido impermeable</b> Canvas en el exterior, relleno acolchado y tejido polar <b>anti-pilling</b> en el interior que aporta alta retención térmica y confort.</li>
<li>Bajo recto con cordón elástico y freno para un ajuste cómodo.</li>
<li>Dos bolsillos oblicuos, otro en pecho izquierdo, todos con cremallera y uno interior con velcro, para tener todo accesible.</li>
<li>Incluye cremallera interior trasera para facilitar los diferentes tipos de marcaje: serigrafía, transfer, vinilo, bordados, cosidos.</li>
<li>Ideal como <b>ropa laboral</b>, <b>ropa casual</b> y actividades físicas en ambientes fríos.</li>
</ul></div>
</div>
<div class="product-pdf">
<p><a href="https://valento.es/?service=ServeDocuments&amp;function=serve_datasheet&amp;article_ref=CHVAMON" target="_blank" rel="noopener">Descargar ficha técnica (PDF)</a></p>
</div>

<p>Chaleco bicolor con polar interior VALENTO MONTANA de Valento. Disponible en la categoría Chalecos. Envío rápido 24/48h.</p>
