{"id":312443,"date":"2026-03-06T01:35:14","date_gmt":"2026-03-06T01:35:14","guid":{"rendered":"https:\/\/grupotextil.es\/?post_type=product&#038;p=312443"},"modified":"2026-03-06T01:35:14","modified_gmt":"2026-03-06T01:35:14","slug":"chaleco-de-trabajo-100-algodon-valento-richard","status":"publish","type":"product","link":"https:\/\/grupotextil.es\/ca\/product\/chaleco-de-trabajo-100-algodon-valento-richard\/","title":{"rendered":"Chaleco de trabajo 100% algod\u00f3n VALENTO RICHARD"},"content":{"rendered":"<div class=\"product-description\">\n<div class=\"article_characteristics\">\n<ul style=\"margin-block-start: 0;\" >\n<li><b>Chaleco de trabajo<\/b> <b>multibolsillos<\/b> acolchado.<\/li>\n<li>Confeccionado con tejido sarga <b>exterior<\/b> <b>100% algod\u00f3n<\/b> suave y confortable, forro interior liso y relleno acolchado que aporta retenci\u00f3n t\u00e9rmica.<\/li>\n<li>Cintura regulable con cierres laterales de botones a presi\u00f3n para un mejor ajuste.<\/li>\n<li>Espalda m\u00e1s larga con fald\u00f3n y amplia superficie de marcaje.<\/li>\n<li>Cuatro bolsillos en la parte delantera con cierre de tapeta, dos laterales, dos departamentos para bol\u00edgrafos o rotuladores y un bolsillo interior con cierre de velcro para tener todo accesible.<\/li>\n<li>Incluye cremallera interior trasera para facilitar los diferentes tipos de marcaje: serigraf\u00eda, transfer, vinilo, bordados, cosidos.<\/li>\n<li>Ideal como <b>ropa laboral<\/b> y <b>uniformes de trabajo<\/b>.<\/li>\n<\/ul><\/div>\n<\/div>\n<div class=\"product-pdf\">\n<p><a href=\"https:\/\/valento.es\/?service=ServeDocuments&amp;function=serve_datasheet&amp;article_ref=CHVARIC\" target=\"_blank\" rel=\"noopener\">Descargar ficha t\u00e9cnica (PDF)<\/a><\/p>\n<\/div>","protected":false},"excerpt":{"rendered":"<p>Chaleco de trabajo 100% algod\u00f3n VALENTO RICHARD de Valento. Disponible en la categor\u00eda Chalecos. Env\u00edo r\u00e1pido 24\/48h.<\/p>","protected":false},"featured_media":312444,"comment_status":"open","ping_status":"closed","template":"","meta":{"_acf_changed":false},"product_brand":[11282],"product_cat":[13982,13991,13974,13975,13973],"product_tag":[],"class_list":{"0":"post-312443","1":"product","2":"type-product","3":"status-publish","4":"has-post-thumbnail","6":"product_brand-valento","7":"product_cat-h-chalecos","8":"product_cat-m-chalecos","9":"product_cat-ropa-hombre","10":"product_cat-ropa-mujer","11":"product_cat-ropa","12":"tm-no-options","14":"first","15":"instock","16":"taxable","17":"shipping-taxable","18":"product-type-variable"},"acf":[],"_links":{"self":[{"href":"https:\/\/grupotextil.es\/ca\/wp-json\/wp\/v2\/product\/312443","targetHints":{"allow":["GET"]}}],"collection":[{"href":"https:\/\/grupotextil.es\/ca\/wp-json\/wp\/v2\/product"}],"about":[{"href":"https:\/\/grupotextil.es\/ca\/wp-json\/wp\/v2\/types\/product"}],"replies":[{"embeddable":true,"href":"https:\/\/grupotextil.es\/ca\/wp-json\/wp\/v2\/comments?post=312443"}],"wp:featuredmedia":[{"embeddable":true,"href":"https:\/\/grupotextil.es\/ca\/wp-json\/wp\/v2\/media\/312444"}],"wp:attachment":[{"href":"https:\/\/grupotextil.es\/ca\/wp-json\/wp\/v2\/media?parent=312443"}],"wp:term":[{"taxonomy":"product_brand","embeddable":true,"href":"https:\/\/grupotextil.es\/ca\/wp-json\/wp\/v2\/product_brand?post=312443"},{"taxonomy":"product_cat","embeddable":true,"href":"https:\/\/grupotextil.es\/ca\/wp-json\/wp\/v2\/product_cat?post=312443"},{"taxonomy":"product_tag","embeddable":true,"href":"https:\/\/grupotextil.es\/ca\/wp-json\/wp\/v2\/product_tag?post=312443"}],"curies":[{"name":"wp","href":"https:\/\/api.w.org\/{rel}","templated":true}]}}

Chaleco de trabajo 100% algodón VALENTO RICHARD

<div class="product-description">
<div class="article_characteristics">
<ul style="margin-block-start: 0;" >
<li><b>Chaleco de trabajo</b> <b>multibolsillos</b> acolchado.</li>
<li>Confeccionado con tejido sarga <b>exterior</b> <b>100% algodón</b> suave y confortable, forro interior liso y relleno acolchado que aporta retención térmica.</li>
<li>Cintura regulable con cierres laterales de botones a presión para un mejor ajuste.</li>
<li>Espalda más larga con faldón y amplia superficie de marcaje.</li>
<li>Cuatro bolsillos en la parte delantera con cierre de tapeta, dos laterales, dos departamentos para bolígrafos o rotuladores y un bolsillo interior con cierre de velcro para tener todo accesible.</li>
<li>Incluye cremallera interior trasera para facilitar los diferentes tipos de marcaje: serigrafía, transfer, vinilo, bordados, cosidos.</li>
<li>Ideal como <b>ropa laboral</b> y <b>uniformes de trabajo</b>.</li>
</ul></div>
</div>
<div class="product-pdf">
<p><a href="https://valento.es/?service=ServeDocuments&amp;function=serve_datasheet&amp;article_ref=CHVARIC" target="_blank" rel="noopener">Descargar ficha técnica (PDF)</a></p>
</div>

<p>Chaleco de trabajo 100% algodón VALENTO RICHARD de Valento. Disponible en la categoría Chalecos. Envío rápido 24/48h.</p>
