{"id":313074,"date":"2026-03-06T01:35:31","date_gmt":"2026-03-06T01:35:31","guid":{"rendered":"https:\/\/grupotextil.es\/?post_type=product&#038;p=313074"},"modified":"2026-03-06T01:35:31","modified_gmt":"2026-03-06T01:35:31","slug":"maillot-de-ciclismo-manga-corta-valento-giro","status":"publish","type":"product","link":"https:\/\/grupotextil.es\/ca\/product\/maillot-de-ciclismo-manga-corta-valento-giro\/","title":{"rendered":"Maillot de ciclismo manga corta VALENTO GIRO"},"content":{"rendered":"<div class=\"product-description\">\n<div class=\"article_characteristics\">\n<ul style=\"margin-block-start: 0;\" >\n<li><b>Maillot de <b>ciclismo<\/b><\/b> <b>bicolor<\/b> de <b>manga corta<\/b> y cuello alto con <b>media cremallera<\/b>.<\/li>\n<li>Confeccionado en <b>tejido t\u00e9cnico transpirable<\/b> Bird-Eye que facilita el <b>secado r\u00e1pido<\/b> y la eliminaci\u00f3n del sudor.<\/li>\n<li>Cinta el\u00e1stica con banda de silicona antideslizante en el contorno de la cintura interior que cubre la zona lumbar y aporta mejor sujeci\u00f3n de la prenda.<\/li>\n<li>Amplio bolsillo trasero con tres departamentos para tener todo accesible.<\/li>\n<li>Doble pespunte en bajo y mangas que aumentan su resistencia.<\/li>\n<li>M\u00e9todos id\u00f3neos de marcaje: <b>sublimaci\u00f3n<\/b> sobre color blanco, serigraf\u00eda, transfer, vinilo, bordados, cosidos.<\/li>\n<li>Ideal para practicar <b>ciclismo<\/b> individual y para vestir equipos.<\/li>\n<\/ul><\/div>\n<\/div>\n<div class=\"product-pdf\">\n<p><a href=\"https:\/\/valento.es\/?service=ServeDocuments&amp;function=serve_datasheet&amp;article_ref=CAVAGIR\" target=\"_blank\" rel=\"noopener\">Descargar ficha t\u00e9cnica (PDF)<\/a><\/p>\n<\/div>","protected":false},"excerpt":{"rendered":"<p>Maillot de ciclismo manga corta VALENTO GIRO de Valento. Disponible en la categor\u00eda Ciclismo. Env\u00edo r\u00e1pido 24\/48h.<\/p>","protected":false},"featured_media":313075,"comment_status":"open","ping_status":"closed","template":"","meta":{"_acf_changed":false},"product_brand":[11282],"product_cat":[13977,13986,13974,13975,13973],"product_tag":[],"class_list":{"0":"post-313074","1":"product","2":"type-product","3":"status-publish","4":"has-post-thumbnail","6":"product_brand-valento","7":"product_cat-h-camisetas-manga-corta","8":"product_cat-m-camisetas-manga-corta","9":"product_cat-ropa-hombre","10":"product_cat-ropa-mujer","11":"product_cat-ropa","12":"tm-no-options","14":"first","15":"instock","16":"taxable","17":"shipping-taxable","18":"product-type-variable"},"acf":[],"_links":{"self":[{"href":"https:\/\/grupotextil.es\/ca\/wp-json\/wp\/v2\/product\/313074","targetHints":{"allow":["GET"]}}],"collection":[{"href":"https:\/\/grupotextil.es\/ca\/wp-json\/wp\/v2\/product"}],"about":[{"href":"https:\/\/grupotextil.es\/ca\/wp-json\/wp\/v2\/types\/product"}],"replies":[{"embeddable":true,"href":"https:\/\/grupotextil.es\/ca\/wp-json\/wp\/v2\/comments?post=313074"}],"wp:featuredmedia":[{"embeddable":true,"href":"https:\/\/grupotextil.es\/ca\/wp-json\/wp\/v2\/media\/313075"}],"wp:attachment":[{"href":"https:\/\/grupotextil.es\/ca\/wp-json\/wp\/v2\/media?parent=313074"}],"wp:term":[{"taxonomy":"product_brand","embeddable":true,"href":"https:\/\/grupotextil.es\/ca\/wp-json\/wp\/v2\/product_brand?post=313074"},{"taxonomy":"product_cat","embeddable":true,"href":"https:\/\/grupotextil.es\/ca\/wp-json\/wp\/v2\/product_cat?post=313074"},{"taxonomy":"product_tag","embeddable":true,"href":"https:\/\/grupotextil.es\/ca\/wp-json\/wp\/v2\/product_tag?post=313074"}],"curies":[{"name":"wp","href":"https:\/\/api.w.org\/{rel}","templated":true}]}}

<div class="product-description">
<div class="article_characteristics">
<ul style="margin-block-start: 0;" >
<li><b>Maillot de <b>ciclismo</b></b> <b>bicolor</b> de <b>manga corta</b> y cuello alto con <b>media cremallera</b>.</li>
<li>Confeccionado en <b>tejido técnico transpirable</b> Bird-Eye que facilita el <b>secado rápido</b> y la eliminación del sudor.</li>
<li>Cinta elástica con banda de silicona antideslizante en el contorno de la cintura interior que cubre la zona lumbar y aporta mejor sujeción de la prenda.</li>
<li>Amplio bolsillo trasero con tres departamentos para tener todo accesible.</li>
<li>Doble pespunte en bajo y mangas que aumentan su resistencia.</li>
<li>Métodos idóneos de marcaje: <b>sublimación</b> sobre color blanco, serigrafía, transfer, vinilo, bordados, cosidos.</li>
<li>Ideal para practicar <b>ciclismo</b> individual y para vestir equipos.</li>
</ul></div>
</div>
<div class="product-pdf">
<p><a href="https://valento.es/?service=ServeDocuments&amp;function=serve_datasheet&amp;article_ref=CAVAGIR" target="_blank" rel="noopener">Descargar ficha técnica (PDF)</a></p>
</div>

<p>Maillot de ciclismo manga corta VALENTO GIRO de Valento. Disponible en la categoría Ciclismo. Envío rápido 24/48h.</p>
