{"id":313122,"date":"2026-03-06T01:35:33","date_gmt":"2026-03-06T01:35:33","guid":{"rendered":"https:\/\/grupotextil.es\/?post_type=product&#038;p=313122"},"modified":"2026-03-06T01:35:33","modified_gmt":"2026-03-06T01:35:33","slug":"culote-de-ciclismo-valento-huez","status":"publish","type":"product","link":"https:\/\/grupotextil.es\/ca\/product\/culote-de-ciclismo-valento-huez\/","title":{"rendered":"Culote de ciclismo VALENTO HUEZ"},"content":{"rendered":"<div class=\"product-description\">\n<div class=\"article_characteristics\">\n<ul style=\"margin-block-start: 0;\" >\n<li><b>Culote<\/b> de <b>ciclismo<\/b> que favorece la comodidad ante el apoyo continuado en el sill\u00edn.<\/li>\n<li>Confeccionado en <b>tejido transpirable<\/b> <b>el\u00e1stico<\/b> Strech-Tec con elastano que aporta mayor movilidad.<\/li>\n<li>Apoyo interior en la zona de ingles y gl\u00fateos con badana de alta densidad 3D que incluye dos almohadillas de gel.<\/li>\n<li>Cintura fruncida con goma el\u00e1stica para un mejor ajuste y mayor comodidad.<\/li>\n<li>Cintas el\u00e1sticas con bandas antideslizantes de silicona en las perneras para una mejor sujeci\u00f3n.<\/li>\n<li>M\u00e9todos id\u00f3neos de marcaje: serigraf\u00eda, transfer, vinilo.<\/li>\n<li>Ideal para la pr\u00e1ctica de ciclismo.<\/li>\n<\/ul><\/div>\n<\/div>\n<div class=\"product-pdf\">\n<p><a href=\"https:\/\/valento.es\/?service=ServeDocuments&amp;function=serve_datasheet&amp;article_ref=MAVAHUE\" target=\"_blank\" rel=\"noopener\">Descargar ficha t\u00e9cnica (PDF)<\/a><\/p>\n<\/div>","protected":false},"excerpt":{"rendered":"<p>Culote de ciclismo VALENTO HUEZ de Valento. Disponible en la categor\u00eda Ciclismo. Env\u00edo r\u00e1pido 24\/48h.<\/p>","protected":false},"featured_media":313123,"comment_status":"open","ping_status":"closed","template":"","meta":{"_acf_changed":false},"product_brand":[11282],"product_cat":[13968],"product_tag":[],"class_list":{"0":"post-313122","1":"product","2":"type-product","3":"status-publish","4":"has-post-thumbnail","6":"product_brand-valento","7":"product_cat-rd-mallas-y-leggings","8":"tm-no-options","10":"first","11":"instock","12":"taxable","13":"shipping-taxable","14":"product-type-variable"},"acf":[],"_links":{"self":[{"href":"https:\/\/grupotextil.es\/ca\/wp-json\/wp\/v2\/product\/313122","targetHints":{"allow":["GET"]}}],"collection":[{"href":"https:\/\/grupotextil.es\/ca\/wp-json\/wp\/v2\/product"}],"about":[{"href":"https:\/\/grupotextil.es\/ca\/wp-json\/wp\/v2\/types\/product"}],"replies":[{"embeddable":true,"href":"https:\/\/grupotextil.es\/ca\/wp-json\/wp\/v2\/comments?post=313122"}],"wp:featuredmedia":[{"embeddable":true,"href":"https:\/\/grupotextil.es\/ca\/wp-json\/wp\/v2\/media\/313123"}],"wp:attachment":[{"href":"https:\/\/grupotextil.es\/ca\/wp-json\/wp\/v2\/media?parent=313122"}],"wp:term":[{"taxonomy":"product_brand","embeddable":true,"href":"https:\/\/grupotextil.es\/ca\/wp-json\/wp\/v2\/product_brand?post=313122"},{"taxonomy":"product_cat","embeddable":true,"href":"https:\/\/grupotextil.es\/ca\/wp-json\/wp\/v2\/product_cat?post=313122"},{"taxonomy":"product_tag","embeddable":true,"href":"https:\/\/grupotextil.es\/ca\/wp-json\/wp\/v2\/product_tag?post=313122"}],"curies":[{"name":"wp","href":"https:\/\/api.w.org\/{rel}","templated":true}]}}

<div class="product-description">
<div class="article_characteristics">
<ul style="margin-block-start: 0;" >
<li><b>Culote</b> de <b>ciclismo</b> que favorece la comodidad ante el apoyo continuado en el sillín.</li>
<li>Confeccionado en <b>tejido transpirable</b> <b>elástico</b> Strech-Tec con elastano que aporta mayor movilidad.</li>
<li>Apoyo interior en la zona de ingles y glúteos con badana de alta densidad 3D que incluye dos almohadillas de gel.</li>
<li>Cintura fruncida con goma elástica para un mejor ajuste y mayor comodidad.</li>
<li>Cintas elásticas con bandas antideslizantes de silicona en las perneras para una mejor sujeción.</li>
<li>Métodos idóneos de marcaje: serigrafía, transfer, vinilo.</li>
<li>Ideal para la práctica de ciclismo.</li>
</ul></div>
</div>
<div class="product-pdf">
<p><a href="https://valento.es/?service=ServeDocuments&amp;function=serve_datasheet&amp;article_ref=MAVAHUE" target="_blank" rel="noopener">Descargar ficha técnica (PDF)</a></p>
</div>

<p>Culote de ciclismo VALENTO HUEZ de Valento. Disponible en la categoría Ciclismo. Envío rápido 24/48h.</p>
