{"id":313154,"date":"2026-03-06T01:35:36","date_gmt":"2026-03-06T01:35:36","guid":{"rendered":"https:\/\/grupotextil.es\/?post_type=product&#038;p=313154"},"modified":"2026-03-06T01:35:36","modified_gmt":"2026-03-06T01:35:36","slug":"cinta-reflectante-a-rayas-valento-pilesa","status":"publish","type":"product","link":"https:\/\/grupotextil.es\/ca\/product\/cinta-reflectante-a-rayas-valento-pilesa\/","title":{"rendered":"Cinta reflectante a rayas VALENTO PILESA"},"content":{"rendered":"<div class=\"product-description\">\n<div class=\"article_characteristics\">\n<ul style=\"margin-block-start: 0;\" >\n<li><b>Cinta retro-reflectante<\/b> <b>plateada<\/b> <b>termo-adhesiva<\/b>, <b>plateada<\/b> con dise\u00f1o <b>a rayas<\/b>.<\/li>\n<li>Fabricada con base <b>termo-adhesiva<\/b> de poliuretano.<\/li>\n<li>Dise\u00f1o a l\u00edneas inclinadas segmentadas que aumentan su elasticidad y transpirabilidad una vez aplicado sobre la prenda.<\/li>\n<li>Sistema de retro-reflexi\u00f3n por micro-esferas que aumenta la visibilidad.<\/li>\n<li>Instrucciones de aplicaci\u00f3n mediante plancha termo-fijadora: retirar el film de pl\u00e1stico fino de la parte posterior, termo-transferir durante 15 segundos a 145 grados con una presi\u00f3n de 3 kg\/cm\u00b2 y por \u00faltimo, retirar el soporte de pl\u00e1stico transparente una vez enfriado.<\/li>\n<li>Se vende en rollos completos de 100 metros de largo y 5 cent\u00edmetros de ancho.<\/li>\n<li>Ideal para aplicar sobre <b>ropa laboral<\/b>.<\/li>\n<\/ul><\/div>\n<\/div>\n<div class=\"product-pdf\">\n<p><a href=\"https:\/\/valento.es\/?service=ServeDocuments&amp;function=serve_datasheet&amp;article_ref=CRVAPIL\" target=\"_blank\" rel=\"noopener\">Descargar ficha t\u00e9cnica (PDF)<\/a><\/p>\n<\/div>","protected":false},"excerpt":{"rendered":"<p>Cinta reflectante a rayas VALENTO PILESA de Valento. Disponible en la categor\u00eda Cintas Retro Reflectantes. Env\u00edo r\u00e1pido 24\/48h.<\/p>","protected":false},"featured_media":313155,"comment_status":"open","ping_status":"closed","template":"","meta":{"_acf_changed":false},"product_brand":[11282],"product_cat":[13974,13975],"product_tag":[],"class_list":{"0":"post-313154","1":"product","2":"type-product","3":"status-publish","4":"has-post-thumbnail","6":"product_brand-valento","7":"product_cat-ropa-hombre","8":"product_cat-ropa-mujer","9":"tm-no-options","11":"first","12":"instock","13":"taxable","14":"shipping-taxable","15":"product-type-variable"},"acf":[],"_links":{"self":[{"href":"https:\/\/grupotextil.es\/ca\/wp-json\/wp\/v2\/product\/313154","targetHints":{"allow":["GET"]}}],"collection":[{"href":"https:\/\/grupotextil.es\/ca\/wp-json\/wp\/v2\/product"}],"about":[{"href":"https:\/\/grupotextil.es\/ca\/wp-json\/wp\/v2\/types\/product"}],"replies":[{"embeddable":true,"href":"https:\/\/grupotextil.es\/ca\/wp-json\/wp\/v2\/comments?post=313154"}],"wp:featuredmedia":[{"embeddable":true,"href":"https:\/\/grupotextil.es\/ca\/wp-json\/wp\/v2\/media\/313155"}],"wp:attachment":[{"href":"https:\/\/grupotextil.es\/ca\/wp-json\/wp\/v2\/media?parent=313154"}],"wp:term":[{"taxonomy":"product_brand","embeddable":true,"href":"https:\/\/grupotextil.es\/ca\/wp-json\/wp\/v2\/product_brand?post=313154"},{"taxonomy":"product_cat","embeddable":true,"href":"https:\/\/grupotextil.es\/ca\/wp-json\/wp\/v2\/product_cat?post=313154"},{"taxonomy":"product_tag","embeddable":true,"href":"https:\/\/grupotextil.es\/ca\/wp-json\/wp\/v2\/product_tag?post=313154"}],"curies":[{"name":"wp","href":"https:\/\/api.w.org\/{rel}","templated":true}]}}

<div class="product-description">
<div class="article_characteristics">
<ul style="margin-block-start: 0;" >
<li><b>Cinta retro-reflectante</b> <b>plateada</b> <b>termo-adhesiva</b>, <b>plateada</b> con diseño <b>a rayas</b>.</li>
<li>Fabricada con base <b>termo-adhesiva</b> de poliuretano.</li>
<li>Diseño a líneas inclinadas segmentadas que aumentan su elasticidad y transpirabilidad una vez aplicado sobre la prenda.</li>
<li>Sistema de retro-reflexión por micro-esferas que aumenta la visibilidad.</li>
<li>Instrucciones de aplicación mediante plancha termo-fijadora: retirar el film de plástico fino de la parte posterior, termo-transferir durante 15 segundos a 145 grados con una presión de 3 kg/cm² y por último, retirar el soporte de plástico transparente una vez enfriado.</li>
<li>Se vende en rollos completos de 100 metros de largo y 5 centímetros de ancho.</li>
<li>Ideal para aplicar sobre <b>ropa laboral</b>.</li>
</ul></div>
</div>
<div class="product-pdf">
<p><a href="https://valento.es/?service=ServeDocuments&amp;function=serve_datasheet&amp;article_ref=CRVAPIL" target="_blank" rel="noopener">Descargar ficha técnica (PDF)</a></p>
</div>

<p>Cinta reflectante a rayas VALENTO PILESA de Valento. Disponible en la categoría Cintas Retro Reflectantes. Envío rápido 24/48h.</p>
