{"id":313250,"date":"2026-03-06T01:35:54","date_gmt":"2026-03-06T01:35:54","guid":{"rendered":"https:\/\/grupotextil.es\/?post_type=product&#038;p=313250"},"modified":"2026-03-06T01:35:54","modified_gmt":"2026-03-06T01:35:54","slug":"tirantes-con-espalda-en-forma-de-x-valento-tornasol","status":"publish","type":"product","link":"https:\/\/grupotextil.es\/ca\/product\/tirantes-con-espalda-en-forma-de-x-valento-tornasol\/","title":{"rendered":"Tirantes con espalda en forma de X VALENTO TORNASOL"},"content":{"rendered":"<div class=\"product-description\">\n<div class=\"article_characteristics\">\n<ul style=\"margin-block-start: 0;\" >\n<li><b>Tirantes<\/b> el\u00e1sticos con espalda en forma de X.<\/li>\n<li>Confeccionados con cinta el\u00e1stica de gran calidad y resistencia para una mayor retenci\u00f3n.<\/li>\n<li>Pinzas dobles met\u00e1licas con dientes para una mejor sujeci\u00f3n a la prenda inferior.<\/li>\n<li>Pasadores met\u00e1licos con dientes que permiten regular los <b>tirantes<\/b> a medida y mantenerlos tensionados para un mejor ajuste.<\/li>\n<li>Espalda en forma de X con embellecedor hexagonal y en las pinzas traseras con tejido imitaci\u00f3n piel para un acabado elegante y facilitar la personalizaci\u00f3n.<\/li>\n<li>M\u00e9todos id\u00f3neos de marcaje (en la zona hexagonal exterior): vinilos, transfer, serigraf\u00eda.<\/li>\n<li>Ideales como complemento de <b>uniformes de trabajo<\/b> y <b>uniformes corporativos<\/b>.<\/li>\n<\/ul><\/div>\n<\/div>\n<div class=\"product-pdf\">\n<p><a href=\"https:\/\/valento.es\/?service=ServeDocuments&amp;function=serve_datasheet&amp;article_ref=TIVATOR\" target=\"_blank\" rel=\"noopener\">Descargar ficha t\u00e9cnica (PDF)<\/a><\/p>\n<\/div>","protected":false},"excerpt":{"rendered":"<p>Tirantes con espalda en forma de X VALENTO TORNASOL de Valento. Disponible en la categor\u00eda Cinturones Y Complementos. Env\u00edo r\u00e1pido 24\/48h.<\/p>","protected":false},"featured_media":313251,"comment_status":"open","ping_status":"closed","template":"","meta":{"_acf_changed":false},"product_brand":[11282],"product_cat":[13948],"product_tag":[],"class_list":{"0":"post-313250","1":"product","2":"type-product","3":"status-publish","4":"has-post-thumbnail","6":"product_brand-valento","7":"product_cat-accesorios","8":"tm-no-options","10":"first","11":"instock","12":"taxable","13":"shipping-taxable","14":"product-type-variable"},"acf":[],"_links":{"self":[{"href":"https:\/\/grupotextil.es\/ca\/wp-json\/wp\/v2\/product\/313250","targetHints":{"allow":["GET"]}}],"collection":[{"href":"https:\/\/grupotextil.es\/ca\/wp-json\/wp\/v2\/product"}],"about":[{"href":"https:\/\/grupotextil.es\/ca\/wp-json\/wp\/v2\/types\/product"}],"replies":[{"embeddable":true,"href":"https:\/\/grupotextil.es\/ca\/wp-json\/wp\/v2\/comments?post=313250"}],"wp:featuredmedia":[{"embeddable":true,"href":"https:\/\/grupotextil.es\/ca\/wp-json\/wp\/v2\/media\/313251"}],"wp:attachment":[{"href":"https:\/\/grupotextil.es\/ca\/wp-json\/wp\/v2\/media?parent=313250"}],"wp:term":[{"taxonomy":"product_brand","embeddable":true,"href":"https:\/\/grupotextil.es\/ca\/wp-json\/wp\/v2\/product_brand?post=313250"},{"taxonomy":"product_cat","embeddable":true,"href":"https:\/\/grupotextil.es\/ca\/wp-json\/wp\/v2\/product_cat?post=313250"},{"taxonomy":"product_tag","embeddable":true,"href":"https:\/\/grupotextil.es\/ca\/wp-json\/wp\/v2\/product_tag?post=313250"}],"curies":[{"name":"wp","href":"https:\/\/api.w.org\/{rel}","templated":true}]}}

<div class="product-description">
<div class="article_characteristics">
<ul style="margin-block-start: 0;" >
<li><b>Tirantes</b> elásticos con espalda en forma de X.</li>
<li>Confeccionados con cinta elástica de gran calidad y resistencia para una mayor retención.</li>
<li>Pinzas dobles metálicas con dientes para una mejor sujeción a la prenda inferior.</li>
<li>Pasadores metálicos con dientes que permiten regular los <b>tirantes</b> a medida y mantenerlos tensionados para un mejor ajuste.</li>
<li>Espalda en forma de X con embellecedor hexagonal y en las pinzas traseras con tejido imitación piel para un acabado elegante y facilitar la personalización.</li>
<li>Métodos idóneos de marcaje (en la zona hexagonal exterior): vinilos, transfer, serigrafía.</li>
<li>Ideales como complemento de <b>uniformes de trabajo</b> y <b>uniformes corporativos</b>.</li>
</ul></div>
</div>
<div class="product-pdf">
<p><a href="https://valento.es/?service=ServeDocuments&amp;function=serve_datasheet&amp;article_ref=TIVATOR" target="_blank" rel="noopener">Descargar ficha técnica (PDF)</a></p>
</div>

<p>Tirantes con espalda en forma de X VALENTO TORNASOL de Valento. Disponible en la categoría Cinturones Y Complementos. Envío rápido 24/48h.</p>
