{"id":313318,"date":"2026-03-06T01:36:03","date_gmt":"2026-03-06T01:36:03","guid":{"rendered":"https:\/\/grupotextil.es\/?post_type=product&#038;p=313318"},"modified":"2026-03-06T01:36:03","modified_gmt":"2026-03-06T01:36:03","slug":"cinturon-tactico-interior-fino-valento-albert","status":"publish","type":"product","link":"https:\/\/grupotextil.es\/ca\/product\/cinturon-tactico-interior-fino-valento-albert\/","title":{"rendered":"Cintur\u00f3n t\u00e1ctico interior fino VALENTO ALBERT"},"content":{"rendered":"<div class=\"product-description\">\n<div class=\"article_characteristics\">\n<ul style=\"margin-block-start: 0;\" >\n<li><b>Cintur\u00f3n t\u00e1ctico<\/b> <b>interior<\/b> fino.<\/li>\n<li>Confeccionado con dos capas de tejido: cara <b>interior<\/b> Canvas ligero e hidro-repelente para un mayor confort y cara exterior, con velcro-gancho cosido para acoplar <b>cintur\u00f3n t\u00e1ctico<\/b> exterior.<\/li>\n<li>Hebilla de pl\u00e1stico reguladora que facilita el ajuste a la cintura.<\/li>\n<li>Exterior con velcro que permite acoplar el cintur\u00f3n exterior modelo GREGORY.<\/li>\n<li>Ideal para <b>uniformes de seguridad<\/b>.<\/li>\n<\/ul><\/div>\n<\/div>\n<div class=\"product-pdf\">\n<p><a href=\"https:\/\/valento.es\/?service=ServeDocuments&amp;function=serve_datasheet&amp;article_ref=CNVAALB\" target=\"_blank\" rel=\"noopener\">Descargar ficha t\u00e9cnica (PDF)<\/a><\/p>\n<\/div>","protected":false},"excerpt":{"rendered":"<p>Cintur\u00f3n t\u00e1ctico interior fino VALENTO ALBERT de Valento. Disponible en la categor\u00eda Cinturones Y Complementos. Env\u00edo r\u00e1pido 24\/48h.<\/p>","protected":false},"featured_media":313319,"comment_status":"open","ping_status":"closed","template":"","meta":{"_acf_changed":false},"product_brand":[11282],"product_cat":[13948,13974,13975],"product_tag":[],"class_list":{"0":"post-313318","1":"product","2":"type-product","3":"status-publish","4":"has-post-thumbnail","6":"product_brand-valento","7":"product_cat-accesorios","8":"product_cat-ropa-hombre","9":"product_cat-ropa-mujer","10":"tm-no-options","12":"first","13":"instock","14":"taxable","15":"shipping-taxable","16":"product-type-variable"},"acf":[],"_links":{"self":[{"href":"https:\/\/grupotextil.es\/ca\/wp-json\/wp\/v2\/product\/313318","targetHints":{"allow":["GET"]}}],"collection":[{"href":"https:\/\/grupotextil.es\/ca\/wp-json\/wp\/v2\/product"}],"about":[{"href":"https:\/\/grupotextil.es\/ca\/wp-json\/wp\/v2\/types\/product"}],"replies":[{"embeddable":true,"href":"https:\/\/grupotextil.es\/ca\/wp-json\/wp\/v2\/comments?post=313318"}],"wp:featuredmedia":[{"embeddable":true,"href":"https:\/\/grupotextil.es\/ca\/wp-json\/wp\/v2\/media\/313319"}],"wp:attachment":[{"href":"https:\/\/grupotextil.es\/ca\/wp-json\/wp\/v2\/media?parent=313318"}],"wp:term":[{"taxonomy":"product_brand","embeddable":true,"href":"https:\/\/grupotextil.es\/ca\/wp-json\/wp\/v2\/product_brand?post=313318"},{"taxonomy":"product_cat","embeddable":true,"href":"https:\/\/grupotextil.es\/ca\/wp-json\/wp\/v2\/product_cat?post=313318"},{"taxonomy":"product_tag","embeddable":true,"href":"https:\/\/grupotextil.es\/ca\/wp-json\/wp\/v2\/product_tag?post=313318"}],"curies":[{"name":"wp","href":"https:\/\/api.w.org\/{rel}","templated":true}]}}

Cinturón táctico interior fino VALENTO ALBERT

<div class="product-description">
<div class="article_characteristics">
<ul style="margin-block-start: 0;" >
<li><b>Cinturón táctico</b> <b>interior</b> fino.</li>
<li>Confeccionado con dos capas de tejido: cara <b>interior</b> Canvas ligero e hidro-repelente para un mayor confort y cara exterior, con velcro-gancho cosido para acoplar <b>cinturón táctico</b> exterior.</li>
<li>Hebilla de plástico reguladora que facilita el ajuste a la cintura.</li>
<li>Exterior con velcro que permite acoplar el cinturón exterior modelo GREGORY.</li>
<li>Ideal para <b>uniformes de seguridad</b>.</li>
</ul></div>
</div>
<div class="product-pdf">
<p><a href="https://valento.es/?service=ServeDocuments&amp;function=serve_datasheet&amp;article_ref=CNVAALB" target="_blank" rel="noopener">Descargar ficha técnica (PDF)</a></p>
</div>

<p>Cinturón táctico interior fino VALENTO ALBERT de Valento. Disponible en la categoría Cinturones Y Complementos. Envío rápido 24/48h.</p>
