{"id":313333,"date":"2026-03-06T01:36:05","date_gmt":"2026-03-06T01:36:05","guid":{"rendered":"https:\/\/grupotextil.es\/?post_type=product&#038;p=313333"},"modified":"2026-03-06T01:36:05","modified_gmt":"2026-03-06T01:36:05","slug":"cordon-trenzado-para-uniforme-de-gala-valento-harold","status":"publish","type":"product","link":"https:\/\/grupotextil.es\/ca\/product\/cordon-trenzado-para-uniforme-de-gala-valento-harold\/","title":{"rendered":"Cord\u00f3n trenzado para uniforme de gala VALENTO HAROLD"},"content":{"rendered":"<div class=\"product-description\">\n<div class=\"article_characteristics\">\n<ul style=\"margin-block-start: 0;\" >\n<li><b>Cord\u00f3n de gala<\/b>.<\/li>\n<li>Fabricado con cord\u00f3n flexible y resistente.<\/li>\n<li>Trenzado con bucles en ambos extremos; uno m\u00e1s largo para pasar por la hombrera y, otro m\u00e1s corto para pasar por el bot\u00f3n del bolsillo superior.<\/li>\n<li>Ideal para <b>uniformes de seguridad<\/b> y <b>uniformes de gala<\/b>.<\/li>\n<\/ul><\/div>\n<\/div>\n<div class=\"product-pdf\">\n<p><a href=\"https:\/\/valento.es\/?service=ServeDocuments&amp;function=serve_datasheet&amp;article_ref=CEVAHAR\" target=\"_blank\" rel=\"noopener\">Descargar ficha t\u00e9cnica (PDF)<\/a><\/p>\n<\/div>","protected":false},"excerpt":{"rendered":"<p>Cord\u00f3n trenzado para uniforme de gala VALENTO HAROLD de Valento. Disponible en la categor\u00eda Cinturones Y Complementos. Env\u00edo r\u00e1pido 24\/48h.<\/p>","protected":false},"featured_media":313334,"comment_status":"open","ping_status":"closed","template":"","meta":{"_acf_changed":false},"product_brand":[11282],"product_cat":[13948],"product_tag":[],"class_list":{"0":"post-313333","1":"product","2":"type-product","3":"status-publish","4":"has-post-thumbnail","6":"product_brand-valento","7":"product_cat-accesorios","8":"tm-no-options","10":"first","11":"instock","12":"taxable","13":"shipping-taxable","14":"product-type-variable"},"acf":[],"_links":{"self":[{"href":"https:\/\/grupotextil.es\/ca\/wp-json\/wp\/v2\/product\/313333","targetHints":{"allow":["GET"]}}],"collection":[{"href":"https:\/\/grupotextil.es\/ca\/wp-json\/wp\/v2\/product"}],"about":[{"href":"https:\/\/grupotextil.es\/ca\/wp-json\/wp\/v2\/types\/product"}],"replies":[{"embeddable":true,"href":"https:\/\/grupotextil.es\/ca\/wp-json\/wp\/v2\/comments?post=313333"}],"wp:featuredmedia":[{"embeddable":true,"href":"https:\/\/grupotextil.es\/ca\/wp-json\/wp\/v2\/media\/313334"}],"wp:attachment":[{"href":"https:\/\/grupotextil.es\/ca\/wp-json\/wp\/v2\/media?parent=313333"}],"wp:term":[{"taxonomy":"product_brand","embeddable":true,"href":"https:\/\/grupotextil.es\/ca\/wp-json\/wp\/v2\/product_brand?post=313333"},{"taxonomy":"product_cat","embeddable":true,"href":"https:\/\/grupotextil.es\/ca\/wp-json\/wp\/v2\/product_cat?post=313333"},{"taxonomy":"product_tag","embeddable":true,"href":"https:\/\/grupotextil.es\/ca\/wp-json\/wp\/v2\/product_tag?post=313333"}],"curies":[{"name":"wp","href":"https:\/\/api.w.org\/{rel}","templated":true}]}}

Cordón trenzado para uniforme de gala VALENTO HAROLD

<div class="product-description">
<div class="article_characteristics">
<ul style="margin-block-start: 0;" >
<li><b>Cordón de gala</b>.</li>
<li>Fabricado con cordón flexible y resistente.</li>
<li>Trenzado con bucles en ambos extremos; uno más largo para pasar por la hombrera y, otro más corto para pasar por el botón del bolsillo superior.</li>
<li>Ideal para <b>uniformes de seguridad</b> y <b>uniformes de gala</b>.</li>
</ul></div>
</div>
<div class="product-pdf">
<p><a href="https://valento.es/?service=ServeDocuments&amp;function=serve_datasheet&amp;article_ref=CEVAHAR" target="_blank" rel="noopener">Descargar ficha técnica (PDF)</a></p>
</div>

<p>Cordón trenzado para uniforme de gala VALENTO HAROLD de Valento. Disponible en la categoría Cinturones Y Complementos. Envío rápido 24/48h.</p>
