{"id":313359,"date":"2026-03-06T01:36:10","date_gmt":"2026-03-06T01:36:10","guid":{"rendered":"https:\/\/grupotextil.es\/?post_type=product&#038;p=313359"},"modified":"2026-03-06T01:36:10","modified_gmt":"2026-03-06T01:36:10","slug":"tirantes-economicos-valento-caruso","status":"publish","type":"product","link":"https:\/\/grupotextil.es\/ca\/product\/tirantes-economicos-valento-caruso\/","title":{"rendered":"Tirantes econ\u00f3micos VALENTO CARUSO"},"content":{"rendered":"<div class=\"product-description\">\n<div class=\"article_characteristics\">\n<ul style=\"margin-block-start: 0;\" >\n<li><b>Tirantes<\/b> sencillos y econ\u00f3micos.<\/li>\n<li>Confeccionados con cinta el\u00e1stica en tejido Jacquard de gran calidad y resistencia para una mayor retenci\u00f3n.<\/li>\n<li>Pinza met\u00e1lica con dientes para una mejor sujeci\u00f3n a la prenda inferior.<\/li>\n<li>Pasadores met\u00e1licos con dientes que permiten regular los <b>tirantes<\/b> a medida y mantenerlos tensionados para un mejor ajuste.<\/li>\n<li>Embellecedor en el cruce de la espalda en tejido imitaci\u00f3n piel para un mejor acabado y facilitar la personalizaci\u00f3n.<\/li>\n<li>M\u00e9todos id\u00f3neos de marcaje (en la parte trasera): vinilos, transfer, serigraf\u00eda.<\/li>\n<li>Ideales como complemento de <b>uniformes de trabajo<\/b> y <b>uniformes corporativos<\/b>.<\/li>\n<\/ul><\/div>\n<\/div>\n<div class=\"product-pdf\">\n<p><a href=\"https:\/\/valento.es\/?service=ServeDocuments&amp;function=serve_datasheet&amp;article_ref=TIVACAR\" target=\"_blank\" rel=\"noopener\">Descargar ficha t\u00e9cnica (PDF)<\/a><\/p>\n<\/div>","protected":false},"excerpt":{"rendered":"<p>Tirantes econ\u00f3micos VALENTO CARUSO de Valento. Disponible en la categor\u00eda Cinturones Y Complementos. Env\u00edo r\u00e1pido 24\/48h.<\/p>","protected":false},"featured_media":313360,"comment_status":"open","ping_status":"closed","template":"","meta":{"_acf_changed":false},"product_brand":[11282],"product_cat":[13948],"product_tag":[],"class_list":{"0":"post-313359","1":"product","2":"type-product","3":"status-publish","4":"has-post-thumbnail","6":"product_brand-valento","7":"product_cat-accesorios","8":"tm-no-options","10":"first","11":"instock","12":"taxable","13":"shipping-taxable","14":"product-type-variable"},"acf":[],"_links":{"self":[{"href":"https:\/\/grupotextil.es\/ca\/wp-json\/wp\/v2\/product\/313359","targetHints":{"allow":["GET"]}}],"collection":[{"href":"https:\/\/grupotextil.es\/ca\/wp-json\/wp\/v2\/product"}],"about":[{"href":"https:\/\/grupotextil.es\/ca\/wp-json\/wp\/v2\/types\/product"}],"replies":[{"embeddable":true,"href":"https:\/\/grupotextil.es\/ca\/wp-json\/wp\/v2\/comments?post=313359"}],"wp:featuredmedia":[{"embeddable":true,"href":"https:\/\/grupotextil.es\/ca\/wp-json\/wp\/v2\/media\/313360"}],"wp:attachment":[{"href":"https:\/\/grupotextil.es\/ca\/wp-json\/wp\/v2\/media?parent=313359"}],"wp:term":[{"taxonomy":"product_brand","embeddable":true,"href":"https:\/\/grupotextil.es\/ca\/wp-json\/wp\/v2\/product_brand?post=313359"},{"taxonomy":"product_cat","embeddable":true,"href":"https:\/\/grupotextil.es\/ca\/wp-json\/wp\/v2\/product_cat?post=313359"},{"taxonomy":"product_tag","embeddable":true,"href":"https:\/\/grupotextil.es\/ca\/wp-json\/wp\/v2\/product_tag?post=313359"}],"curies":[{"name":"wp","href":"https:\/\/api.w.org\/{rel}","templated":true}]}}

Tirantes económicos VALENTO CARUSO

<div class="product-description">
<div class="article_characteristics">
<ul style="margin-block-start: 0;" >
<li><b>Tirantes</b> sencillos y económicos.</li>
<li>Confeccionados con cinta elástica en tejido Jacquard de gran calidad y resistencia para una mayor retención.</li>
<li>Pinza metálica con dientes para una mejor sujeción a la prenda inferior.</li>
<li>Pasadores metálicos con dientes que permiten regular los <b>tirantes</b> a medida y mantenerlos tensionados para un mejor ajuste.</li>
<li>Embellecedor en el cruce de la espalda en tejido imitación piel para un mejor acabado y facilitar la personalización.</li>
<li>Métodos idóneos de marcaje (en la parte trasera): vinilos, transfer, serigrafía.</li>
<li>Ideales como complemento de <b>uniformes de trabajo</b> y <b>uniformes corporativos</b>.</li>
</ul></div>
</div>
<div class="product-pdf">
<p><a href="https://valento.es/?service=ServeDocuments&amp;function=serve_datasheet&amp;article_ref=TIVACAR" target="_blank" rel="noopener">Descargar ficha técnica (PDF)</a></p>
</div>

<p>Tirantes económicos VALENTO CARUSO de Valento. Disponible en la categoría Cinturones Y Complementos. Envío rápido 24/48h.</p>
