{"id":313387,"date":"2026-03-06T01:36:16","date_gmt":"2026-03-06T01:36:16","guid":{"rendered":"https:\/\/grupotextil.es\/?post_type=product&#038;p=313387"},"modified":"2026-03-06T01:36:16","modified_gmt":"2026-03-06T01:36:16","slug":"porta-guantes-para-el-cinturon-valento-megan","status":"publish","type":"product","link":"https:\/\/grupotextil.es\/ca\/product\/porta-guantes-para-el-cinturon-valento-megan\/","title":{"rendered":"Porta guantes para el cintur\u00f3n VALENTO MEGAN"},"content":{"rendered":"<div class=\"product-description\">\n<div class=\"article_characteristics\">\n<ul style=\"margin-block-start: 0;\" >\n<li><b>Porta guantes<\/b> para <b>colgar del cintur\u00f3n<\/b>.<\/li>\n<li>Confeccionado en <b>tejido impermeable<\/b> Canvas grueso y resistente, con forro liso en el interior.<\/li>\n<li>Cierre mediante botones a presi\u00f3n que permiten colgar el <b>porta guantes<\/b> del cintur\u00f3n.<\/li>\n<li>Cinta textil r\u00edgida en la parte exterior para sujetar los guantes mediante velcro y pasador.<\/li>\n<li>M\u00e9todos id\u00f3neos de marcaje: serigraf\u00eda, vinilo, transfer, bordados, cosidos.<\/li>\n<li>Ideal para cinturones de <b>uniformes de seguridad<\/b>.<\/li>\n<\/ul><\/div>\n<\/div>\n<div class=\"product-pdf\">\n<p><a href=\"https:\/\/valento.es\/?service=ServeDocuments&amp;function=serve_datasheet&amp;article_ref=GUVAMEG\" target=\"_blank\" rel=\"noopener\">Descargar ficha t\u00e9cnica (PDF)<\/a><\/p>\n<\/div>","protected":false},"excerpt":{"rendered":"<p>Porta guantes para el cintur\u00f3n VALENTO MEGAN de Valento. Disponible en la categor\u00eda Cinturones Y Complementos. Env\u00edo r\u00e1pido 24\/48h.<\/p>","protected":false},"featured_media":313388,"comment_status":"open","ping_status":"closed","template":"","meta":{"_acf_changed":false},"product_brand":[11282],"product_cat":[13952],"product_tag":[],"class_list":{"0":"post-313387","1":"product","2":"type-product","3":"status-publish","4":"has-post-thumbnail","6":"product_brand-valento","7":"product_cat-acc-guantes","8":"tm-no-options","10":"first","11":"instock","12":"taxable","13":"shipping-taxable","14":"product-type-variable"},"acf":[],"_links":{"self":[{"href":"https:\/\/grupotextil.es\/ca\/wp-json\/wp\/v2\/product\/313387","targetHints":{"allow":["GET"]}}],"collection":[{"href":"https:\/\/grupotextil.es\/ca\/wp-json\/wp\/v2\/product"}],"about":[{"href":"https:\/\/grupotextil.es\/ca\/wp-json\/wp\/v2\/types\/product"}],"replies":[{"embeddable":true,"href":"https:\/\/grupotextil.es\/ca\/wp-json\/wp\/v2\/comments?post=313387"}],"wp:featuredmedia":[{"embeddable":true,"href":"https:\/\/grupotextil.es\/ca\/wp-json\/wp\/v2\/media\/313388"}],"wp:attachment":[{"href":"https:\/\/grupotextil.es\/ca\/wp-json\/wp\/v2\/media?parent=313387"}],"wp:term":[{"taxonomy":"product_brand","embeddable":true,"href":"https:\/\/grupotextil.es\/ca\/wp-json\/wp\/v2\/product_brand?post=313387"},{"taxonomy":"product_cat","embeddable":true,"href":"https:\/\/grupotextil.es\/ca\/wp-json\/wp\/v2\/product_cat?post=313387"},{"taxonomy":"product_tag","embeddable":true,"href":"https:\/\/grupotextil.es\/ca\/wp-json\/wp\/v2\/product_tag?post=313387"}],"curies":[{"name":"wp","href":"https:\/\/api.w.org\/{rel}","templated":true}]}}

Porta guantes para el cinturón VALENTO MEGAN

<div class="product-description">
<div class="article_characteristics">
<ul style="margin-block-start: 0;" >
<li><b>Porta guantes</b> para <b>colgar del cinturón</b>.</li>
<li>Confeccionado en <b>tejido impermeable</b> Canvas grueso y resistente, con forro liso en el interior.</li>
<li>Cierre mediante botones a presión que permiten colgar el <b>porta guantes</b> del cinturón.</li>
<li>Cinta textil rígida en la parte exterior para sujetar los guantes mediante velcro y pasador.</li>
<li>Métodos idóneos de marcaje: serigrafía, vinilo, transfer, bordados, cosidos.</li>
<li>Ideal para cinturones de <b>uniformes de seguridad</b>.</li>
</ul></div>
</div>
<div class="product-pdf">
<p><a href="https://valento.es/?service=ServeDocuments&amp;function=serve_datasheet&amp;article_ref=GUVAMEG" target="_blank" rel="noopener">Descargar ficha técnica (PDF)</a></p>
</div>

<p>Porta guantes para el cinturón VALENTO MEGAN de Valento. Disponible en la categoría Cinturones Y Complementos. Envío rápido 24/48h.</p>
