{"id":313392,"date":"2026-03-06T01:36:17","date_gmt":"2026-03-06T01:36:17","guid":{"rendered":"https:\/\/grupotextil.es\/?post_type=product&#038;p=313392"},"modified":"2026-03-06T01:36:17","modified_gmt":"2026-03-06T01:36:17","slug":"cinturon-de-gala-exterior-ancho-valento-gordon","status":"publish","type":"product","link":"https:\/\/grupotextil.es\/ca\/product\/cinturon-de-gala-exterior-ancho-valento-gordon\/","title":{"rendered":"Cintur\u00f3n de gala exterior ancho VALENTO GORDON"},"content":{"rendered":"<div class=\"product-description\">\n<div class=\"article_characteristics\">\n<ul style=\"margin-block-start: 0;\" >\n<li><b>Cintur\u00f3n de gala<\/b> <b>exterior<\/b> ancho.<\/li>\n<li>Confeccionado con piel sint\u00e9tica resistente y de f\u00e1cil limpieza.<\/li>\n<li>Longitud ajustable mediante varios agujeros que permite su adaptaci\u00f3n en diferentes posiciones para una mejor sujeci\u00f3n.<\/li>\n<li>Pasador que permite fijar el sobrante de la correa para un mayor confort.<\/li>\n<li>Hebilla met\u00e1lica brillante, con efecto espejo, desmontable mediante botones a presi\u00f3n para su f\u00e1cil extracci\u00f3n y limpieza.<\/li>\n<li>M\u00e9todos id\u00f3neos de marcaje: vinilo, transfer, serigraf\u00eda, tampograf\u00eda, gota de resina.<\/li>\n<li>Ideal como <b>ropa laboral<\/b>, <b>uniformes de seguridad<\/b> y <b>uniformes de gala<\/b>.<\/li>\n<\/ul><\/div>\n<\/div>\n<div class=\"product-pdf\">\n<p><a href=\"https:\/\/valento.es\/?service=ServeDocuments&amp;function=serve_datasheet&amp;article_ref=CNVAGOR\" target=\"_blank\" rel=\"noopener\">Descargar ficha t\u00e9cnica (PDF)<\/a><\/p>\n<\/div>","protected":false},"excerpt":{"rendered":"<p>Cintur\u00f3n de gala exterior ancho VALENTO GORDON de Valento. Disponible en la categor\u00eda Cinturones Y Complementos. Env\u00edo r\u00e1pido 24\/48h.<\/p>","protected":false},"featured_media":313393,"comment_status":"open","ping_status":"closed","template":"","meta":{"_acf_changed":false},"product_brand":[11282],"product_cat":[13948,13974,13975],"product_tag":[],"class_list":{"0":"post-313392","1":"product","2":"type-product","3":"status-publish","4":"has-post-thumbnail","6":"product_brand-valento","7":"product_cat-accesorios","8":"product_cat-ropa-hombre","9":"product_cat-ropa-mujer","10":"tm-no-options","12":"first","13":"instock","14":"taxable","15":"shipping-taxable","16":"product-type-variable"},"acf":[],"_links":{"self":[{"href":"https:\/\/grupotextil.es\/ca\/wp-json\/wp\/v2\/product\/313392","targetHints":{"allow":["GET"]}}],"collection":[{"href":"https:\/\/grupotextil.es\/ca\/wp-json\/wp\/v2\/product"}],"about":[{"href":"https:\/\/grupotextil.es\/ca\/wp-json\/wp\/v2\/types\/product"}],"replies":[{"embeddable":true,"href":"https:\/\/grupotextil.es\/ca\/wp-json\/wp\/v2\/comments?post=313392"}],"wp:featuredmedia":[{"embeddable":true,"href":"https:\/\/grupotextil.es\/ca\/wp-json\/wp\/v2\/media\/313393"}],"wp:attachment":[{"href":"https:\/\/grupotextil.es\/ca\/wp-json\/wp\/v2\/media?parent=313392"}],"wp:term":[{"taxonomy":"product_brand","embeddable":true,"href":"https:\/\/grupotextil.es\/ca\/wp-json\/wp\/v2\/product_brand?post=313392"},{"taxonomy":"product_cat","embeddable":true,"href":"https:\/\/grupotextil.es\/ca\/wp-json\/wp\/v2\/product_cat?post=313392"},{"taxonomy":"product_tag","embeddable":true,"href":"https:\/\/grupotextil.es\/ca\/wp-json\/wp\/v2\/product_tag?post=313392"}],"curies":[{"name":"wp","href":"https:\/\/api.w.org\/{rel}","templated":true}]}}

Cinturón de gala exterior ancho VALENTO GORDON

<div class="product-description">
<div class="article_characteristics">
<ul style="margin-block-start: 0;" >
<li><b>Cinturón de gala</b> <b>exterior</b> ancho.</li>
<li>Confeccionado con piel sintética resistente y de fácil limpieza.</li>
<li>Longitud ajustable mediante varios agujeros que permite su adaptación en diferentes posiciones para una mejor sujeción.</li>
<li>Pasador que permite fijar el sobrante de la correa para un mayor confort.</li>
<li>Hebilla metálica brillante, con efecto espejo, desmontable mediante botones a presión para su fácil extracción y limpieza.</li>
<li>Métodos idóneos de marcaje: vinilo, transfer, serigrafía, tampografía, gota de resina.</li>
<li>Ideal como <b>ropa laboral</b>, <b>uniformes de seguridad</b> y <b>uniformes de gala</b>.</li>
</ul></div>
</div>
<div class="product-pdf">
<p><a href="https://valento.es/?service=ServeDocuments&amp;function=serve_datasheet&amp;article_ref=CNVAGOR" target="_blank" rel="noopener">Descargar ficha técnica (PDF)</a></p>
</div>

<p>Cinturón de gala exterior ancho VALENTO GORDON de Valento. Disponible en la categoría Cinturones Y Complementos. Envío rápido 24/48h.</p>
