{"id":313418,"date":"2026-03-06T01:36:24","date_gmt":"2026-03-06T01:36:24","guid":{"rendered":"https:\/\/grupotextil.es\/?post_type=product&#038;p=313418"},"modified":"2026-03-06T01:36:24","modified_gmt":"2026-03-06T01:36:24","slug":"funda-de-movil-para-colgar-del-cinturon-valento-telkos","status":"publish","type":"product","link":"https:\/\/grupotextil.es\/ca\/product\/funda-de-movil-para-colgar-del-cinturon-valento-telkos\/","title":{"rendered":"Funda de m\u00f3vil para colgar del cintur\u00f3n VALENTO TELKOS"},"content":{"rendered":"<div class=\"product-description\">\n<div class=\"article_characteristics\">\n<ul style=\"margin-block-start: 0;\" >\n<li><b>Funda de m\u00f3vil<\/b> para <b>colgar del cintur\u00f3n<\/b>.<\/li>\n<li>Confeccionada en <b>tejido impermeable<\/b> Canvas grueso y resistente, con forro liso en el interior.<\/li>\n<li>Cierre mediante velcro que permite colgar la funda del cintur\u00f3n.<\/li>\n<li>M\u00e9todos id\u00f3neos de marcaje: serigraf\u00eda, vinilo, transfer, bordados, cosidos.<\/li>\n<li>Accesorio ideal para trabajos que utilizan el m\u00f3vil o PDA y como <b>regalo promocional<\/b>.<\/li>\n<\/ul><\/div>\n<\/div>\n<div class=\"product-pdf\">\n<p><a href=\"https:\/\/valento.es\/?service=ServeDocuments&amp;function=serve_datasheet&amp;article_ref=PVVATEL\" target=\"_blank\" rel=\"noopener\">Descargar ficha t\u00e9cnica (PDF)<\/a><\/p>\n<\/div>","protected":false},"excerpt":{"rendered":"<p>Funda de m\u00f3vil para colgar del cintur\u00f3n VALENTO TELKOS de Valento. Disponible en la categor\u00eda Cinturones Y Complementos. Env\u00edo r\u00e1pido 24\/48h.<\/p>","protected":false},"featured_media":313419,"comment_status":"open","ping_status":"closed","template":"","meta":{"_acf_changed":false},"product_brand":[11282],"product_cat":[13948,13974,13975],"product_tag":[],"class_list":{"0":"post-313418","1":"product","2":"type-product","3":"status-publish","4":"has-post-thumbnail","6":"product_brand-valento","7":"product_cat-accesorios","8":"product_cat-ropa-hombre","9":"product_cat-ropa-mujer","10":"tm-no-options","12":"first","13":"instock","14":"taxable","15":"shipping-taxable","16":"product-type-variable"},"acf":[],"_links":{"self":[{"href":"https:\/\/grupotextil.es\/ca\/wp-json\/wp\/v2\/product\/313418","targetHints":{"allow":["GET"]}}],"collection":[{"href":"https:\/\/grupotextil.es\/ca\/wp-json\/wp\/v2\/product"}],"about":[{"href":"https:\/\/grupotextil.es\/ca\/wp-json\/wp\/v2\/types\/product"}],"replies":[{"embeddable":true,"href":"https:\/\/grupotextil.es\/ca\/wp-json\/wp\/v2\/comments?post=313418"}],"wp:featuredmedia":[{"embeddable":true,"href":"https:\/\/grupotextil.es\/ca\/wp-json\/wp\/v2\/media\/313419"}],"wp:attachment":[{"href":"https:\/\/grupotextil.es\/ca\/wp-json\/wp\/v2\/media?parent=313418"}],"wp:term":[{"taxonomy":"product_brand","embeddable":true,"href":"https:\/\/grupotextil.es\/ca\/wp-json\/wp\/v2\/product_brand?post=313418"},{"taxonomy":"product_cat","embeddable":true,"href":"https:\/\/grupotextil.es\/ca\/wp-json\/wp\/v2\/product_cat?post=313418"},{"taxonomy":"product_tag","embeddable":true,"href":"https:\/\/grupotextil.es\/ca\/wp-json\/wp\/v2\/product_tag?post=313418"}],"curies":[{"name":"wp","href":"https:\/\/api.w.org\/{rel}","templated":true}]}}

Funda de móvil para colgar del cinturón VALENTO TELKOS

<div class="product-description">
<div class="article_characteristics">
<ul style="margin-block-start: 0;" >
<li><b>Funda de móvil</b> para <b>colgar del cinturón</b>.</li>
<li>Confeccionada en <b>tejido impermeable</b> Canvas grueso y resistente, con forro liso en el interior.</li>
<li>Cierre mediante velcro que permite colgar la funda del cinturón.</li>
<li>Métodos idóneos de marcaje: serigrafía, vinilo, transfer, bordados, cosidos.</li>
<li>Accesorio ideal para trabajos que utilizan el móvil o PDA y como <b>regalo promocional</b>.</li>
</ul></div>
</div>
<div class="product-pdf">
<p><a href="https://valento.es/?service=ServeDocuments&amp;function=serve_datasheet&amp;article_ref=PVVATEL" target="_blank" rel="noopener">Descargar ficha técnica (PDF)</a></p>
</div>

<p>Funda de móvil para colgar del cinturón VALENTO TELKOS de Valento. Disponible en la categoría Cinturones Y Complementos. Envío rápido 24/48h.</p>
