{"id":313435,"date":"2026-03-06T01:36:27","date_gmt":"2026-03-06T01:36:27","guid":{"rendered":"https:\/\/grupotextil.es\/?post_type=product&#038;p=313435"},"modified":"2026-03-06T01:36:27","modified_gmt":"2026-03-06T01:36:27","slug":"cartera-portaobjetos-para-el-cinturon-valento-bill","status":"publish","type":"product","link":"https:\/\/grupotextil.es\/ca\/product\/cartera-portaobjetos-para-el-cinturon-valento-bill\/","title":{"rendered":"Cartera portaobjetos para el cintur\u00f3n VALENTO BILL"},"content":{"rendered":"<div class=\"product-description\">\n<div class=\"article_characteristics\">\n<ul style=\"margin-block-start: 0;\" >\n<li><b>Cartera<\/b> para <b>colgar del cintur\u00f3n<\/b>.<\/li>\n<li>Confeccionada en <b>tejido impermeable<\/b> Canvas grueso y resistente, con espuma mullida en su interior.<\/li>\n<li>Contiene dos cintas textiles r\u00edgidas en la parte trasera que permiten el agarre al cintur\u00f3n mediante cierres de velcro.<\/li>\n<li>Cierre frontal con velcro para mantener todo guardado.<\/li>\n<li>Espacio interior para guardar accesorios y bolsillo trasero para guardar documentaci\u00f3n o tarjetas.<\/li>\n<li>M\u00e9todos id\u00f3neos de marcaje: serigraf\u00eda, vinilo, transfer, bordados, cosidos.<\/li>\n<li>Ideal para cinturones de <b>uniformes de seguridad<\/b>.<\/li>\n<\/ul><\/div>\n<\/div>\n<div class=\"product-pdf\">\n<p><a href=\"https:\/\/valento.es\/?service=ServeDocuments&amp;function=serve_datasheet&amp;article_ref=CCVABIL\" target=\"_blank\" rel=\"noopener\">Descargar ficha t\u00e9cnica (PDF)<\/a><\/p>\n<\/div>","protected":false},"excerpt":{"rendered":"<p>Cartera portaobjetos para el cintur\u00f3n VALENTO BILL de Valento. Disponible en la categor\u00eda Cinturones Y Complementos. Env\u00edo r\u00e1pido 24\/48h.<\/p>","protected":false},"featured_media":313436,"comment_status":"open","ping_status":"closed","template":"","meta":{"_acf_changed":false},"product_brand":[11282],"product_cat":[13974,13975],"product_tag":[],"class_list":{"0":"post-313435","1":"product","2":"type-product","3":"status-publish","4":"has-post-thumbnail","6":"product_brand-valento","7":"product_cat-ropa-hombre","8":"product_cat-ropa-mujer","9":"tm-no-options","11":"first","12":"instock","13":"taxable","14":"shipping-taxable","15":"product-type-variable"},"acf":[],"_links":{"self":[{"href":"https:\/\/grupotextil.es\/ca\/wp-json\/wp\/v2\/product\/313435","targetHints":{"allow":["GET"]}}],"collection":[{"href":"https:\/\/grupotextil.es\/ca\/wp-json\/wp\/v2\/product"}],"about":[{"href":"https:\/\/grupotextil.es\/ca\/wp-json\/wp\/v2\/types\/product"}],"replies":[{"embeddable":true,"href":"https:\/\/grupotextil.es\/ca\/wp-json\/wp\/v2\/comments?post=313435"}],"wp:featuredmedia":[{"embeddable":true,"href":"https:\/\/grupotextil.es\/ca\/wp-json\/wp\/v2\/media\/313436"}],"wp:attachment":[{"href":"https:\/\/grupotextil.es\/ca\/wp-json\/wp\/v2\/media?parent=313435"}],"wp:term":[{"taxonomy":"product_brand","embeddable":true,"href":"https:\/\/grupotextil.es\/ca\/wp-json\/wp\/v2\/product_brand?post=313435"},{"taxonomy":"product_cat","embeddable":true,"href":"https:\/\/grupotextil.es\/ca\/wp-json\/wp\/v2\/product_cat?post=313435"},{"taxonomy":"product_tag","embeddable":true,"href":"https:\/\/grupotextil.es\/ca\/wp-json\/wp\/v2\/product_tag?post=313435"}],"curies":[{"name":"wp","href":"https:\/\/api.w.org\/{rel}","templated":true}]}}

Cartera portaobjetos para el cinturón VALENTO BILL

<div class="product-description">
<div class="article_characteristics">
<ul style="margin-block-start: 0;" >
<li><b>Cartera</b> para <b>colgar del cinturón</b>.</li>
<li>Confeccionada en <b>tejido impermeable</b> Canvas grueso y resistente, con espuma mullida en su interior.</li>
<li>Contiene dos cintas textiles rígidas en la parte trasera que permiten el agarre al cinturón mediante cierres de velcro.</li>
<li>Cierre frontal con velcro para mantener todo guardado.</li>
<li>Espacio interior para guardar accesorios y bolsillo trasero para guardar documentación o tarjetas.</li>
<li>Métodos idóneos de marcaje: serigrafía, vinilo, transfer, bordados, cosidos.</li>
<li>Ideal para cinturones de <b>uniformes de seguridad</b>.</li>
</ul></div>
</div>
<div class="product-pdf">
<p><a href="https://valento.es/?service=ServeDocuments&amp;function=serve_datasheet&amp;article_ref=CCVABIL" target="_blank" rel="noopener">Descargar ficha técnica (PDF)</a></p>
</div>

<p>Cartera portaobjetos para el cinturón VALENTO BILL de Valento. Disponible en la categoría Cinturones Y Complementos. Envío rápido 24/48h.</p>
