{"id":313440,"date":"2026-03-06T01:36:29","date_gmt":"2026-03-06T01:36:29","guid":{"rendered":"https:\/\/grupotextil.es\/?post_type=product&#038;p=313440"},"modified":"2026-03-06T01:36:29","modified_gmt":"2026-03-06T01:36:29","slug":"porta-grilletes-para-colgar-del-cinturon-valento-louis","status":"publish","type":"product","link":"https:\/\/grupotextil.es\/ca\/product\/porta-grilletes-para-colgar-del-cinturon-valento-louis\/","title":{"rendered":"Porta grilletes para colgar del cintur\u00f3n VALENTO LOUIS"},"content":{"rendered":"<div class=\"product-description\">\n<div class=\"article_characteristics\">\n<ul style=\"margin-block-start: 0;\" >\n<li><b>Porta grilletes<\/b> para <b>colgar del cintur\u00f3n<\/b>.<\/li>\n<li>Confeccionado con piel sint\u00e9tica resistente y de f\u00e1cil limpieza.<\/li>\n<li>Orificios traseros para el paso del cintur\u00f3n y un mejor transporte.<\/li>\n<li>Forma de U, cierre con tapeta y  bot\u00f3n a presi\u00f3n para una mejor sujeci\u00f3n de los grilletes.<\/li>\n<li>M\u00e9todos id\u00f3neos de marcaje: vinilo, transfer, serigraf\u00eda.<\/li>\n<li>Ideal para <b>uniformes de seguridad<\/b>.<\/li>\n<\/ul><\/div>\n<\/div>\n<div class=\"product-pdf\">\n<p><a href=\"https:\/\/valento.es\/?service=ServeDocuments&amp;function=serve_datasheet&amp;article_ref=PGVALOU\" target=\"_blank\" rel=\"noopener\">Descargar ficha t\u00e9cnica (PDF)<\/a><\/p>\n<\/div>","protected":false},"excerpt":{"rendered":"<p>Porta grilletes para colgar del cintur\u00f3n VALENTO LOUIS de Valento. Disponible en la categor\u00eda Cinturones Y Complementos. Env\u00edo r\u00e1pido 24\/48h.<\/p>","protected":false},"featured_media":313441,"comment_status":"open","ping_status":"closed","template":"","meta":{"_acf_changed":false},"product_brand":[11282],"product_cat":[13948],"product_tag":[],"class_list":{"0":"post-313440","1":"product","2":"type-product","3":"status-publish","4":"has-post-thumbnail","6":"product_brand-valento","7":"product_cat-accesorios","8":"tm-no-options","10":"first","11":"instock","12":"taxable","13":"shipping-taxable","14":"product-type-variable"},"acf":[],"_links":{"self":[{"href":"https:\/\/grupotextil.es\/ca\/wp-json\/wp\/v2\/product\/313440","targetHints":{"allow":["GET"]}}],"collection":[{"href":"https:\/\/grupotextil.es\/ca\/wp-json\/wp\/v2\/product"}],"about":[{"href":"https:\/\/grupotextil.es\/ca\/wp-json\/wp\/v2\/types\/product"}],"replies":[{"embeddable":true,"href":"https:\/\/grupotextil.es\/ca\/wp-json\/wp\/v2\/comments?post=313440"}],"wp:featuredmedia":[{"embeddable":true,"href":"https:\/\/grupotextil.es\/ca\/wp-json\/wp\/v2\/media\/313441"}],"wp:attachment":[{"href":"https:\/\/grupotextil.es\/ca\/wp-json\/wp\/v2\/media?parent=313440"}],"wp:term":[{"taxonomy":"product_brand","embeddable":true,"href":"https:\/\/grupotextil.es\/ca\/wp-json\/wp\/v2\/product_brand?post=313440"},{"taxonomy":"product_cat","embeddable":true,"href":"https:\/\/grupotextil.es\/ca\/wp-json\/wp\/v2\/product_cat?post=313440"},{"taxonomy":"product_tag","embeddable":true,"href":"https:\/\/grupotextil.es\/ca\/wp-json\/wp\/v2\/product_tag?post=313440"}],"curies":[{"name":"wp","href":"https:\/\/api.w.org\/{rel}","templated":true}]}}

Porta grilletes para colgar del cinturón VALENTO LOUIS

<div class="product-description">
<div class="article_characteristics">
<ul style="margin-block-start: 0;" >
<li><b>Porta grilletes</b> para <b>colgar del cinturón</b>.</li>
<li>Confeccionado con piel sintética resistente y de fácil limpieza.</li>
<li>Orificios traseros para el paso del cinturón y un mejor transporte.</li>
<li>Forma de U, cierre con tapeta y  botón a presión para una mejor sujeción de los grilletes.</li>
<li>Métodos idóneos de marcaje: vinilo, transfer, serigrafía.</li>
<li>Ideal para <b>uniformes de seguridad</b>.</li>
</ul></div>
</div>
<div class="product-pdf">
<p><a href="https://valento.es/?service=ServeDocuments&amp;function=serve_datasheet&amp;article_ref=PGVALOU" target="_blank" rel="noopener">Descargar ficha técnica (PDF)</a></p>
</div>

<p>Porta grilletes para colgar del cinturón VALENTO LOUIS de Valento. Disponible en la categoría Cinturones Y Complementos. Envío rápido 24/48h.</p>
