{"id":316679,"date":"2026-03-06T01:37:07","date_gmt":"2026-03-06T01:37:07","guid":{"rendered":"https:\/\/grupotextil.es\/?post_type=product&#038;p=316679"},"modified":"2026-03-06T01:37:07","modified_gmt":"2026-03-06T01:37:07","slug":"chaqueta-deportiva-chandal-valento-match-point","status":"publish","type":"product","link":"https:\/\/grupotextil.es\/ca\/product\/chaqueta-deportiva-chandal-valento-match-point\/","title":{"rendered":"Chaqueta deportiva ch\u00e1ndal VALENTO MATCH POINT"},"content":{"rendered":"<div class=\"product-description\">\n<div class=\"article_characteristics\">\n<ul style=\"margin-block-start: 0;\" >\n<li><b>Chaqueta deportiva<\/b> tipo <b>ch\u00e1ndal<\/b> con dise\u00f1o <b>tricolor<\/b>.<\/li>\n<li>Confeccionada en doble tejido: microfibra ligera en parte exterior y rejilla interior que favorece la transpiraci\u00f3n.<\/li>\n<li>Cuello alto y cierre de cremallera frontal entera para mayor confort.<\/li>\n<li><b>Manga rangl\u00e1n<\/b> con pu\u00f1o el\u00e1stico que se adapta c\u00f3modamente.<\/li>\n<li>Dos bolsillos oblicuos en la cintura con cierre de cremallera para tener todo accesible.<\/li>\n<li>M\u00e9todos id\u00f3neos de marcaje: sublimaci\u00f3n sobre color blanco, serigraf\u00eda, transfer, bordados, cosidos.<\/li>\n<li>Ideal para <b>equipaciones deportivas<\/b>, dise\u00f1ada como conjunto del pantal\u00f3n MATCH POINT, se venden por separado.<\/li>\n<\/ul><\/div>\n<\/div>\n<div class=\"product-pdf\">\n<p><a href=\"https:\/\/valento.es\/?service=ServeDocuments&amp;function=serve_datasheet&amp;article_ref=CQVAMAT\" target=\"_blank\" rel=\"noopener\">Descargar ficha t\u00e9cnica (PDF)<\/a><\/p>\n<\/div>","protected":false},"excerpt":{"rendered":"<p>Chaqueta deportiva ch\u00e1ndal VALENTO MATCH POINT de Valento. Disponible en la categor\u00eda Conjuntos Deportivos Y Chandales. Env\u00edo r\u00e1pido 24\/48h.<\/p>","protected":false},"featured_media":316680,"comment_status":"open","ping_status":"closed","template":"","meta":{"_acf_changed":false},"product_brand":[11282],"product_cat":[13981,13990,13974,13975,13973],"product_tag":[],"class_list":{"0":"post-316679","1":"product","2":"type-product","3":"status-publish","4":"has-post-thumbnail","6":"product_brand-valento","7":"product_cat-h-chaquetas-y-abrigos","8":"product_cat-m-chaquetas-y-abrigos","9":"product_cat-ropa-hombre","10":"product_cat-ropa-mujer","11":"product_cat-ropa","12":"tm-no-options","14":"first","15":"instock","16":"taxable","17":"shipping-taxable","18":"product-type-variable"},"acf":[],"_links":{"self":[{"href":"https:\/\/grupotextil.es\/ca\/wp-json\/wp\/v2\/product\/316679","targetHints":{"allow":["GET"]}}],"collection":[{"href":"https:\/\/grupotextil.es\/ca\/wp-json\/wp\/v2\/product"}],"about":[{"href":"https:\/\/grupotextil.es\/ca\/wp-json\/wp\/v2\/types\/product"}],"replies":[{"embeddable":true,"href":"https:\/\/grupotextil.es\/ca\/wp-json\/wp\/v2\/comments?post=316679"}],"wp:featuredmedia":[{"embeddable":true,"href":"https:\/\/grupotextil.es\/ca\/wp-json\/wp\/v2\/media\/316680"}],"wp:attachment":[{"href":"https:\/\/grupotextil.es\/ca\/wp-json\/wp\/v2\/media?parent=316679"}],"wp:term":[{"taxonomy":"product_brand","embeddable":true,"href":"https:\/\/grupotextil.es\/ca\/wp-json\/wp\/v2\/product_brand?post=316679"},{"taxonomy":"product_cat","embeddable":true,"href":"https:\/\/grupotextil.es\/ca\/wp-json\/wp\/v2\/product_cat?post=316679"},{"taxonomy":"product_tag","embeddable":true,"href":"https:\/\/grupotextil.es\/ca\/wp-json\/wp\/v2\/product_tag?post=316679"}],"curies":[{"name":"wp","href":"https:\/\/api.w.org\/{rel}","templated":true}]}}

Chaqueta deportiva chándal VALENTO MATCH POINT

<div class="product-description">
<div class="article_characteristics">
<ul style="margin-block-start: 0;" >
<li><b>Chaqueta deportiva</b> tipo <b>chándal</b> con diseño <b>tricolor</b>.</li>
<li>Confeccionada en doble tejido: microfibra ligera en parte exterior y rejilla interior que favorece la transpiración.</li>
<li>Cuello alto y cierre de cremallera frontal entera para mayor confort.</li>
<li><b>Manga ranglán</b> con puño elástico que se adapta cómodamente.</li>
<li>Dos bolsillos oblicuos en la cintura con cierre de cremallera para tener todo accesible.</li>
<li>Métodos idóneos de marcaje: sublimación sobre color blanco, serigrafía, transfer, bordados, cosidos.</li>
<li>Ideal para <b>equipaciones deportivas</b>, diseñada como conjunto del pantalón MATCH POINT, se venden por separado.</li>
</ul></div>
</div>
<div class="product-pdf">
<p><a href="https://valento.es/?service=ServeDocuments&amp;function=serve_datasheet&amp;article_ref=CQVAMAT" target="_blank" rel="noopener">Descargar ficha técnica (PDF)</a></p>
</div>

<p>Chaqueta deportiva chándal VALENTO MATCH POINT de Valento. Disponible en la categoría Conjuntos Deportivos Y Chandales. Envío rápido 24/48h.</p>
