{"id":317719,"date":"2026-03-06T01:38:29","date_gmt":"2026-03-06T01:38:29","guid":{"rendered":"https:\/\/grupotextil.es\/?post_type=product&#038;p=317719"},"modified":"2026-03-06T01:38:29","modified_gmt":"2026-03-06T01:38:29","slug":"gorra-de-rejilla-con-visera-valento-masala","status":"publish","type":"product","link":"https:\/\/grupotextil.es\/ca\/product\/gorra-de-rejilla-con-visera-valento-masala\/","title":{"rendered":"Gorra de rejilla con visera VALENTO MASALA"},"content":{"rendered":"<div class=\"product-description\">\n<div class=\"article_characteristics\">\n<ul style=\"margin-block-start: 0;\" >\n<li><b>Gorra de cocina<\/b> <b>con rejilla<\/b> y visera.<\/li>\n<li>Visera y contorno forrados de tejido sarga mezcla algod\u00f3n con poli\u00e9ster resistente y duradero, parte superior de rejilla que favorece la ventilaci\u00f3n.<\/li>\n<li>Visera semi-r\u00edgida y curvada para mayor comodidad.<\/li>\n<li>Contorno de sarga con cord\u00f3n regulador y freno para un mejor ajuste.<\/li>\n<li>Costuras interiores sobrehiladas que aumentan su resistencia.<\/li>\n<li>M\u00e9todos id\u00f3neos de marcaje: serigraf\u00eda, vinilo, transfer, bordados, cosidos (en parte de sarga).<\/li>\n<li>Ideal como <b>ropa laboral<\/b> y <b>uniformes de hosteler\u00eda<\/b>.<\/li>\n<\/ul><\/div>\n<\/div>\n<div class=\"product-pdf\">\n<p><a href=\"https:\/\/valento.es\/?service=ServeDocuments&amp;function=serve_datasheet&amp;article_ref=GRVAMAS\" target=\"_blank\" rel=\"noopener\">Descargar ficha t\u00e9cnica (PDF)<\/a><\/p>\n<\/div>","protected":false},"excerpt":{"rendered":"<p>Gorra de rejilla con visera VALENTO MASALA de Valento. Disponible en la categor\u00eda Delantales Gorros De Cocina Y Hosteleria. Env\u00edo r\u00e1pido 24\/48h.<\/p>","protected":false},"featured_media":317720,"comment_status":"open","ping_status":"closed","template":"","meta":{"_acf_changed":false},"product_brand":[11282],"product_cat":[13974,13932,13975],"product_tag":[],"class_list":{"0":"post-317719","1":"product","2":"type-product","3":"status-publish","4":"has-post-thumbnail","6":"product_brand-valento","7":"product_cat-ropa-hombre","8":"product_cat-hosteleria-horeca","9":"product_cat-ropa-mujer","10":"tm-no-options","12":"first","13":"instock","14":"taxable","15":"shipping-taxable","16":"product-type-variable"},"acf":[],"_links":{"self":[{"href":"https:\/\/grupotextil.es\/ca\/wp-json\/wp\/v2\/product\/317719","targetHints":{"allow":["GET"]}}],"collection":[{"href":"https:\/\/grupotextil.es\/ca\/wp-json\/wp\/v2\/product"}],"about":[{"href":"https:\/\/grupotextil.es\/ca\/wp-json\/wp\/v2\/types\/product"}],"replies":[{"embeddable":true,"href":"https:\/\/grupotextil.es\/ca\/wp-json\/wp\/v2\/comments?post=317719"}],"wp:featuredmedia":[{"embeddable":true,"href":"https:\/\/grupotextil.es\/ca\/wp-json\/wp\/v2\/media\/317720"}],"wp:attachment":[{"href":"https:\/\/grupotextil.es\/ca\/wp-json\/wp\/v2\/media?parent=317719"}],"wp:term":[{"taxonomy":"product_brand","embeddable":true,"href":"https:\/\/grupotextil.es\/ca\/wp-json\/wp\/v2\/product_brand?post=317719"},{"taxonomy":"product_cat","embeddable":true,"href":"https:\/\/grupotextil.es\/ca\/wp-json\/wp\/v2\/product_cat?post=317719"},{"taxonomy":"product_tag","embeddable":true,"href":"https:\/\/grupotextil.es\/ca\/wp-json\/wp\/v2\/product_tag?post=317719"}],"curies":[{"name":"wp","href":"https:\/\/api.w.org\/{rel}","templated":true}]}}

<div class="product-description">
<div class="article_characteristics">
<ul style="margin-block-start: 0;" >
<li><b>Gorra de cocina</b> <b>con rejilla</b> y visera.</li>
<li>Visera y contorno forrados de tejido sarga mezcla algodón con poliéster resistente y duradero, parte superior de rejilla que favorece la ventilación.</li>
<li>Visera semi-rígida y curvada para mayor comodidad.</li>
<li>Contorno de sarga con cordón regulador y freno para un mejor ajuste.</li>
<li>Costuras interiores sobrehiladas que aumentan su resistencia.</li>
<li>Métodos idóneos de marcaje: serigrafía, vinilo, transfer, bordados, cosidos (en parte de sarga).</li>
<li>Ideal como <b>ropa laboral</b> y <b>uniformes de hostelería</b>.</li>
</ul></div>
</div>
<div class="product-pdf">
<p><a href="https://valento.es/?service=ServeDocuments&amp;function=serve_datasheet&amp;article_ref=GRVAMAS" target="_blank" rel="noopener">Descargar ficha técnica (PDF)</a></p>
</div>

<p>Gorra de rejilla con visera VALENTO MASALA de Valento. Disponible en la categoría Delantales Gorros De Cocina Y Hosteleria. Envío rápido 24/48h.</p>
