{"id":318020,"date":"2026-03-06T01:39:11","date_gmt":"2026-03-06T01:39:11","guid":{"rendered":"https:\/\/grupotextil.es\/?post_type=product&#038;p=318020"},"modified":"2026-03-06T01:39:11","modified_gmt":"2026-03-06T01:39:11","slug":"chaqueta-chef-con-corchetes-valento-tempura","status":"publish","type":"product","link":"https:\/\/grupotextil.es\/ca\/product\/chaqueta-chef-con-corchetes-valento-tempura\/","title":{"rendered":"Chaqueta chef con corchetes VALENTO TEMPURA"},"content":{"rendered":"<div class=\"product-description\">\n<div class=\"article_characteristics\">\n<ul style=\"margin-block-start: 0;\" >\n<li><b>Chaqueta<\/b> <b>chef<\/b> de <b>manga larga<\/b> y corchetes ocultos.<\/li>\n<li>Confeccionada en tejido sarga mono-el\u00e1stica mezcla de algod\u00f3n y poli\u00e9ster resistente y duradero con elastano para mejor movilidad.<\/li>\n<li>Cuello redondo tipo Mao y cierre central de corchetes ocultos bajo tapeta para mayor comodidad.<\/li>\n<li>Un bolsillo reforzado con presillas de seguridad en pecho izquierdo para resaltar el marcaje y dos compartimentos para bol\u00edgrafo en manga izquierda.<\/li>\n<li>Pu\u00f1os con dobladillo y vivo decorativo, bajo con aberturas laterales reforzadas con cinta interior para mayor confort y durabilidad.<\/li>\n<li>M\u00e9todos id\u00f3neos de marcaje: serigraf\u00eda, transfer, vinilo, bordados, cosidos.<\/li>\n<li>Ideal para <b>uniformes de hosteler\u00eda<\/b>.<\/li>\n<\/ul><\/div>\n<\/div>\n<div class=\"product-pdf\">\n<p><a href=\"https:\/\/valento.es\/?service=ServeDocuments&amp;function=serve_datasheet&amp;article_ref=CQVATEM\" target=\"_blank\" rel=\"noopener\">Descargar ficha t\u00e9cnica (PDF)<\/a><\/p>\n<\/div>","protected":false},"excerpt":{"rendered":"<p>Chaqueta chef con corchetes VALENTO TEMPURA de Valento. Disponible en la categor\u00eda Delantales Gorros De Cocina Y Hosteleria. Env\u00edo r\u00e1pido 24\/48h.<\/p>","protected":false},"featured_media":318021,"comment_status":"open","ping_status":"closed","template":"","meta":{"_acf_changed":false},"product_brand":[11282],"product_cat":[13981,13990,13974,13975,13973],"product_tag":[],"class_list":{"0":"post-318020","1":"product","2":"type-product","3":"status-publish","4":"has-post-thumbnail","6":"product_brand-valento","7":"product_cat-h-chaquetas-y-abrigos","8":"product_cat-m-chaquetas-y-abrigos","9":"product_cat-ropa-hombre","10":"product_cat-ropa-mujer","11":"product_cat-ropa","12":"tm-no-options","14":"first","15":"instock","16":"taxable","17":"shipping-taxable","18":"product-type-variable"},"acf":[],"_links":{"self":[{"href":"https:\/\/grupotextil.es\/ca\/wp-json\/wp\/v2\/product\/318020","targetHints":{"allow":["GET"]}}],"collection":[{"href":"https:\/\/grupotextil.es\/ca\/wp-json\/wp\/v2\/product"}],"about":[{"href":"https:\/\/grupotextil.es\/ca\/wp-json\/wp\/v2\/types\/product"}],"replies":[{"embeddable":true,"href":"https:\/\/grupotextil.es\/ca\/wp-json\/wp\/v2\/comments?post=318020"}],"wp:featuredmedia":[{"embeddable":true,"href":"https:\/\/grupotextil.es\/ca\/wp-json\/wp\/v2\/media\/318021"}],"wp:attachment":[{"href":"https:\/\/grupotextil.es\/ca\/wp-json\/wp\/v2\/media?parent=318020"}],"wp:term":[{"taxonomy":"product_brand","embeddable":true,"href":"https:\/\/grupotextil.es\/ca\/wp-json\/wp\/v2\/product_brand?post=318020"},{"taxonomy":"product_cat","embeddable":true,"href":"https:\/\/grupotextil.es\/ca\/wp-json\/wp\/v2\/product_cat?post=318020"},{"taxonomy":"product_tag","embeddable":true,"href":"https:\/\/grupotextil.es\/ca\/wp-json\/wp\/v2\/product_tag?post=318020"}],"curies":[{"name":"wp","href":"https:\/\/api.w.org\/{rel}","templated":true}]}}

<div class="product-description">
<div class="article_characteristics">
<ul style="margin-block-start: 0;" >
<li><b>Chaqueta</b> <b>chef</b> de <b>manga larga</b> y corchetes ocultos.</li>
<li>Confeccionada en tejido sarga mono-elástica mezcla de algodón y poliéster resistente y duradero con elastano para mejor movilidad.</li>
<li>Cuello redondo tipo Mao y cierre central de corchetes ocultos bajo tapeta para mayor comodidad.</li>
<li>Un bolsillo reforzado con presillas de seguridad en pecho izquierdo para resaltar el marcaje y dos compartimentos para bolígrafo en manga izquierda.</li>
<li>Puños con dobladillo y vivo decorativo, bajo con aberturas laterales reforzadas con cinta interior para mayor confort y durabilidad.</li>
<li>Métodos idóneos de marcaje: serigrafía, transfer, vinilo, bordados, cosidos.</li>
<li>Ideal para <b>uniformes de hostelería</b>.</li>
</ul></div>
</div>
<div class="product-pdf">
<p><a href="https://valento.es/?service=ServeDocuments&amp;function=serve_datasheet&amp;article_ref=CQVATEM" target="_blank" rel="noopener">Descargar ficha técnica (PDF)</a></p>
</div>

<p>Chaqueta chef con corchetes VALENTO TEMPURA de Valento. Disponible en la categoría Delantales Gorros De Cocina Y Hosteleria. Envío rápido 24/48h.</p>
