{"id":318179,"date":"2026-03-06T01:39:23","date_gmt":"2026-03-06T01:39:23","guid":{"rendered":"https:\/\/grupotextil.es\/?post_type=product&#038;p=318179"},"modified":"2026-03-06T01:39:23","modified_gmt":"2026-03-06T01:39:23","slug":"bandolera-para-colgar-del-hombro-valento-ractur","status":"publish","type":"product","link":"https:\/\/grupotextil.es\/ca\/product\/bandolera-para-colgar-del-hombro-valento-ractur\/","title":{"rendered":"Bandolera para colgar del hombro VALENTO RACTUR"},"content":{"rendered":"<div class=\"product-description\">\n<div class=\"article_characteristics\">\n<ul style=\"margin-block-start: 0;\" >\n<li>Bolso <b>bandolera<\/b>.<\/li>\n<li>Confeccionado en <b>tejido impermeable<\/b>, grueso y resistente en el exterior con forro liso en el interior.<\/li>\n<li>Colgador regulable mediante pasadores que permite ajustar la largura de la <b>bandolera<\/b> a gusto del usuario.<\/li>\n<li>Amplio compartimento interior con cierre de cremallera y solapa con cierre de velcro para mantener todo guardado.<\/li>\n<li>Bolsillo trasero con cierre de cremallera para tener accesible la documentaci\u00f3n, el m\u00f3vil u otros accesorios.<\/li>\n<li>M\u00e9todos id\u00f3neos de marcaje: serigraf\u00eda, vinilo, transfer.<\/li>\n<li>Ideal como <b>regalo promocional<\/b> y complemento de <b>ropa casual<\/b>.<\/li>\n<\/ul><\/div>\n<\/div>\n<div class=\"product-pdf\">\n<p><a href=\"https:\/\/valento.es\/?service=ServeDocuments&amp;function=serve_datasheet&amp;article_ref=BSVARAC\" target=\"_blank\" rel=\"noopener\">Descargar ficha t\u00e9cnica (PDF)<\/a><\/p>\n<\/div>","protected":false},"excerpt":{"rendered":"<p>Bandolera para colgar del hombro VALENTO RACTUR de Valento. Disponible en la categor\u00eda Estuches Maletines Y Portadocumentos. Env\u00edo r\u00e1pido 24\/48h.<\/p>","protected":false},"featured_media":318180,"comment_status":"open","ping_status":"closed","template":"","meta":{"_acf_changed":false},"product_brand":[11282],"product_cat":[13974,13975],"product_tag":[],"class_list":{"0":"post-318179","1":"product","2":"type-product","3":"status-publish","4":"has-post-thumbnail","6":"product_brand-valento","7":"product_cat-ropa-hombre","8":"product_cat-ropa-mujer","9":"tm-no-options","11":"first","12":"instock","13":"taxable","14":"shipping-taxable","15":"product-type-variable"},"acf":[],"_links":{"self":[{"href":"https:\/\/grupotextil.es\/ca\/wp-json\/wp\/v2\/product\/318179","targetHints":{"allow":["GET"]}}],"collection":[{"href":"https:\/\/grupotextil.es\/ca\/wp-json\/wp\/v2\/product"}],"about":[{"href":"https:\/\/grupotextil.es\/ca\/wp-json\/wp\/v2\/types\/product"}],"replies":[{"embeddable":true,"href":"https:\/\/grupotextil.es\/ca\/wp-json\/wp\/v2\/comments?post=318179"}],"wp:featuredmedia":[{"embeddable":true,"href":"https:\/\/grupotextil.es\/ca\/wp-json\/wp\/v2\/media\/318180"}],"wp:attachment":[{"href":"https:\/\/grupotextil.es\/ca\/wp-json\/wp\/v2\/media?parent=318179"}],"wp:term":[{"taxonomy":"product_brand","embeddable":true,"href":"https:\/\/grupotextil.es\/ca\/wp-json\/wp\/v2\/product_brand?post=318179"},{"taxonomy":"product_cat","embeddable":true,"href":"https:\/\/grupotextil.es\/ca\/wp-json\/wp\/v2\/product_cat?post=318179"},{"taxonomy":"product_tag","embeddable":true,"href":"https:\/\/grupotextil.es\/ca\/wp-json\/wp\/v2\/product_tag?post=318179"}],"curies":[{"name":"wp","href":"https:\/\/api.w.org\/{rel}","templated":true}]}}

<div class="product-description">
<div class="article_characteristics">
<ul style="margin-block-start: 0;" >
<li>Bolso <b>bandolera</b>.</li>
<li>Confeccionado en <b>tejido impermeable</b>, grueso y resistente en el exterior con forro liso en el interior.</li>
<li>Colgador regulable mediante pasadores que permite ajustar la largura de la <b>bandolera</b> a gusto del usuario.</li>
<li>Amplio compartimento interior con cierre de cremallera y solapa con cierre de velcro para mantener todo guardado.</li>
<li>Bolsillo trasero con cierre de cremallera para tener accesible la documentación, el móvil u otros accesorios.</li>
<li>Métodos idóneos de marcaje: serigrafía, vinilo, transfer.</li>
<li>Ideal como <b>regalo promocional</b> y complemento de <b>ropa casual</b>.</li>
</ul></div>
</div>
<div class="product-pdf">
<p><a href="https://valento.es/?service=ServeDocuments&amp;function=serve_datasheet&amp;article_ref=BSVARAC" target="_blank" rel="noopener">Descargar ficha técnica (PDF)</a></p>
</div>

<p>Bandolera para colgar del hombro VALENTO RACTUR de Valento. Disponible en la categoría Estuches Maletines Y Portadocumentos. Envío rápido 24/48h.</p>
