{"id":318201,"date":"2026-03-06T01:39:29","date_gmt":"2026-03-06T01:39:29","guid":{"rendered":"https:\/\/grupotextil.es\/?post_type=product&#038;p=318201"},"modified":"2026-03-06T01:39:29","modified_gmt":"2026-03-06T01:39:29","slug":"maletin-para-portatil-valento-laptop","status":"publish","type":"product","link":"https:\/\/grupotextil.es\/ca\/product\/maletin-para-portatil-valento-laptop\/","title":{"rendered":"Malet\u00edn para port\u00e1til VALENTO LAPTOP"},"content":{"rendered":"<div class=\"product-description\">\n<div class=\"article_characteristics\">\n<ul style=\"margin-block-start: 0;\" >\n<li><b>Cartera para port\u00e1til<\/b>.<\/li>\n<li>Confeccionada en <b>tejido impermeable<\/b>, grueso y resistente en el exterior con forro liso en el interior.<\/li>\n<li>Asa de mano reforzada con goma y cinta de hombro extra\u00edble para un c\u00f3modo transporte tipo bandolera.<\/li>\n<li>Interior acolchado para mayor protecci\u00f3n del dispositivo port\u00e1til.<\/li>\n<li>Amplio bolsillo trasero con cierre de cremallera para tener todo guardado.<\/li>\n<li>M\u00e9todos id\u00f3neos de marcaje: serigraf\u00eda, vinilo, transfer, bordados, cosidos.<\/li>\n<li>Ideal como <b>regalo promocional<\/b>.<\/li>\n<\/ul><\/div>\n<\/div>\n<div class=\"product-pdf\">\n<p><a href=\"https:\/\/valento.es\/?service=ServeDocuments&amp;function=serve_datasheet&amp;article_ref=MIVALAP\" target=\"_blank\" rel=\"noopener\">Descargar ficha t\u00e9cnica (PDF)<\/a><\/p>\n<\/div>","protected":false},"excerpt":{"rendered":"<p>Malet\u00edn para port\u00e1til VALENTO LAPTOP de Valento. Disponible en la categor\u00eda Estuches Maletines Y Portadocumentos. Env\u00edo r\u00e1pido 24\/48h.<\/p>","protected":false},"featured_media":318202,"comment_status":"open","ping_status":"closed","template":"","meta":{"_acf_changed":false},"product_brand":[11282],"product_cat":[13962,14006],"product_tag":[],"class_list":{"0":"post-318201","1":"product","2":"type-product","3":"status-publish","4":"has-post-thumbnail","6":"product_brand-valento","7":"product_cat-mr-estuches","8":"product_cat-acc-merchandising","9":"tm-no-options","11":"first","12":"instock","13":"taxable","14":"shipping-taxable","15":"product-type-variable"},"acf":[],"_links":{"self":[{"href":"https:\/\/grupotextil.es\/ca\/wp-json\/wp\/v2\/product\/318201","targetHints":{"allow":["GET"]}}],"collection":[{"href":"https:\/\/grupotextil.es\/ca\/wp-json\/wp\/v2\/product"}],"about":[{"href":"https:\/\/grupotextil.es\/ca\/wp-json\/wp\/v2\/types\/product"}],"replies":[{"embeddable":true,"href":"https:\/\/grupotextil.es\/ca\/wp-json\/wp\/v2\/comments?post=318201"}],"wp:featuredmedia":[{"embeddable":true,"href":"https:\/\/grupotextil.es\/ca\/wp-json\/wp\/v2\/media\/318202"}],"wp:attachment":[{"href":"https:\/\/grupotextil.es\/ca\/wp-json\/wp\/v2\/media?parent=318201"}],"wp:term":[{"taxonomy":"product_brand","embeddable":true,"href":"https:\/\/grupotextil.es\/ca\/wp-json\/wp\/v2\/product_brand?post=318201"},{"taxonomy":"product_cat","embeddable":true,"href":"https:\/\/grupotextil.es\/ca\/wp-json\/wp\/v2\/product_cat?post=318201"},{"taxonomy":"product_tag","embeddable":true,"href":"https:\/\/grupotextil.es\/ca\/wp-json\/wp\/v2\/product_tag?post=318201"}],"curies":[{"name":"wp","href":"https:\/\/api.w.org\/{rel}","templated":true}]}}

Maletín para portátil VALENTO LAPTOP

<div class="product-description">
<div class="article_characteristics">
<ul style="margin-block-start: 0;" >
<li><b>Cartera para portátil</b>.</li>
<li>Confeccionada en <b>tejido impermeable</b>, grueso y resistente en el exterior con forro liso en el interior.</li>
<li>Asa de mano reforzada con goma y cinta de hombro extraíble para un cómodo transporte tipo bandolera.</li>
<li>Interior acolchado para mayor protección del dispositivo portátil.</li>
<li>Amplio bolsillo trasero con cierre de cremallera para tener todo guardado.</li>
<li>Métodos idóneos de marcaje: serigrafía, vinilo, transfer, bordados, cosidos.</li>
<li>Ideal como <b>regalo promocional</b>.</li>
</ul></div>
</div>
<div class="product-pdf">
<p><a href="https://valento.es/?service=ServeDocuments&amp;function=serve_datasheet&amp;article_ref=MIVALAP" target="_blank" rel="noopener">Descargar ficha técnica (PDF)</a></p>
</div>

<p>Maletín para portátil VALENTO LAPTOP de Valento. Disponible en la categoría Estuches Maletines Y Portadocumentos. Envío rápido 24/48h.</p>
