{"id":318304,"date":"2026-03-06T01:39:48","date_gmt":"2026-03-06T01:39:48","guid":{"rendered":"https:\/\/grupotextil.es\/?post_type=product&#038;p=318304"},"modified":"2026-03-06T01:39:48","modified_gmt":"2026-03-06T01:39:48","slug":"gorro-polar-de-bolsillo-valento-slide","status":"publish","type":"product","link":"https:\/\/grupotextil.es\/ca\/product\/gorro-polar-de-bolsillo-valento-slide\/","title":{"rendered":"Gorro polar de bolsillo VALENTO SLIDE"},"content":{"rendered":"<div class=\"product-description\">\n<div class=\"article_characteristics\">\n<ul style=\"margin-block-start: 0;\" >\n<li><b>Gorro<\/b> <b>polar<\/b> de bolsillo.<\/li>\n<li>Confeccionado en tejido <b>polar<\/b> con <b>anti-pilling<\/b> exterior y perchado interior para mayor retenci\u00f3n t\u00e9rmica.<\/li>\n<li>Dise\u00f1o de 6 paneles ensamblados con costuras reforzadas que mejoran su estructura.<\/li>\n<li>Contorno sobrehilado que aumenta su resistencia.<\/li>\n<li>Su tama\u00f1o permite guardarlo c\u00f3modamente en el bolsillo.<\/li>\n<li>M\u00e9todos id\u00f3neos de marcaje: bordados, cosidos.<\/li>\n<li>Ideal como complemento de abrigo, de <b>ropa laboral<\/b> y <b>ropa deportiva<\/b>.<\/li>\n<\/ul><\/div>\n<\/div>\n<div class=\"product-pdf\">\n<p><a href=\"https:\/\/valento.es\/?service=ServeDocuments&amp;function=serve_datasheet&amp;article_ref=GRVASLI\" target=\"_blank\" rel=\"noopener\">Descargar ficha t\u00e9cnica (PDF)<\/a><\/p>\n<\/div>","protected":false},"excerpt":{"rendered":"<p>Gorro polar de bolsillo VALENTO SLIDE de Valento. Disponible en la categor\u00eda Gorras Y Gorros De Invierno. Env\u00edo r\u00e1pido 24\/48h.<\/p>","protected":false},"featured_media":318305,"comment_status":"open","ping_status":"closed","template":"","meta":{"_acf_changed":false},"product_brand":[11282],"product_cat":[13974,13932,13975],"product_tag":[],"class_list":{"0":"post-318304","1":"product","2":"type-product","3":"status-publish","4":"has-post-thumbnail","6":"product_brand-valento","7":"product_cat-ropa-hombre","8":"product_cat-hosteleria-horeca","9":"product_cat-ropa-mujer","10":"tm-no-options","12":"first","13":"instock","14":"taxable","15":"shipping-taxable","16":"product-type-variable"},"acf":[],"_links":{"self":[{"href":"https:\/\/grupotextil.es\/ca\/wp-json\/wp\/v2\/product\/318304","targetHints":{"allow":["GET"]}}],"collection":[{"href":"https:\/\/grupotextil.es\/ca\/wp-json\/wp\/v2\/product"}],"about":[{"href":"https:\/\/grupotextil.es\/ca\/wp-json\/wp\/v2\/types\/product"}],"replies":[{"embeddable":true,"href":"https:\/\/grupotextil.es\/ca\/wp-json\/wp\/v2\/comments?post=318304"}],"wp:featuredmedia":[{"embeddable":true,"href":"https:\/\/grupotextil.es\/ca\/wp-json\/wp\/v2\/media\/318305"}],"wp:attachment":[{"href":"https:\/\/grupotextil.es\/ca\/wp-json\/wp\/v2\/media?parent=318304"}],"wp:term":[{"taxonomy":"product_brand","embeddable":true,"href":"https:\/\/grupotextil.es\/ca\/wp-json\/wp\/v2\/product_brand?post=318304"},{"taxonomy":"product_cat","embeddable":true,"href":"https:\/\/grupotextil.es\/ca\/wp-json\/wp\/v2\/product_cat?post=318304"},{"taxonomy":"product_tag","embeddable":true,"href":"https:\/\/grupotextil.es\/ca\/wp-json\/wp\/v2\/product_tag?post=318304"}],"curies":[{"name":"wp","href":"https:\/\/api.w.org\/{rel}","templated":true}]}}

<div class="product-description">
<div class="article_characteristics">
<ul style="margin-block-start: 0;" >
<li><b>Gorro</b> <b>polar</b> de bolsillo.</li>
<li>Confeccionado en tejido <b>polar</b> con <b>anti-pilling</b> exterior y perchado interior para mayor retención térmica.</li>
<li>Diseño de 6 paneles ensamblados con costuras reforzadas que mejoran su estructura.</li>
<li>Contorno sobrehilado que aumenta su resistencia.</li>
<li>Su tamaño permite guardarlo cómodamente en el bolsillo.</li>
<li>Métodos idóneos de marcaje: bordados, cosidos.</li>
<li>Ideal como complemento de abrigo, de <b>ropa laboral</b> y <b>ropa deportiva</b>.</li>
</ul></div>
</div>
<div class="product-pdf">
<p><a href="https://valento.es/?service=ServeDocuments&amp;function=serve_datasheet&amp;article_ref=GRVASLI" target="_blank" rel="noopener">Descargar ficha técnica (PDF)</a></p>
</div>

<p>Gorro polar de bolsillo VALENTO SLIDE de Valento. Disponible en la categoría Gorras Y Gorros De Invierno. Envío rápido 24/48h.</p>
