{"id":318319,"date":"2026-03-06T01:39:51","date_gmt":"2026-03-06T01:39:51","guid":{"rendered":"https:\/\/grupotextil.es\/?post_type=product&#038;p=318319"},"modified":"2026-03-06T01:39:51","modified_gmt":"2026-03-06T01:39:51","slug":"pasamontanas-polar-valento-everest","status":"publish","type":"product","link":"https:\/\/grupotextil.es\/ca\/product\/pasamontanas-polar-valento-everest\/","title":{"rendered":"Pasamonta\u00f1as polar VALENTO EVEREST"},"content":{"rendered":"<div class=\"product-description\">\n<div class=\"article_characteristics\">\n<ul style=\"margin-block-start: 0;\" >\n<li><b>Pasamonta\u00f1as<\/b> <b>polar<\/b>.<\/li>\n<li>Confeccionado en tejido micro-<b>polar<\/b> con <b>anti-pilling<\/b> exterior para un mejor acabado y perchado interior con alta retenci\u00f3n t\u00e9rmica.<\/li>\n<li>Abertura para ojos y nariz ribeteada para mayor confort.<\/li>\n<li>Costura doble en el bajo del cuello que aumenta su resistencia y durabilidad.<\/li>\n<li>M\u00e9todos id\u00f3neos de marcaje: bordados, cosidos.<\/li>\n<li>Ideal como complemento de abrigo, de <b>ropa laboral<\/b> y de <b>ropa deportiva<\/b>.<\/li>\n<\/ul><\/div>\n<\/div>\n<div class=\"product-pdf\">\n<p><a href=\"https:\/\/valento.es\/?service=ServeDocuments&amp;function=serve_datasheet&amp;article_ref=BLVAEVE\" target=\"_blank\" rel=\"noopener\">Descargar ficha t\u00e9cnica (PDF)<\/a><\/p>\n<\/div>","protected":false},"excerpt":{"rendered":"<p>Pasamonta\u00f1as polar VALENTO EVEREST de Valento. Disponible en la categor\u00eda Gorras Y Gorros De Invierno. Env\u00edo r\u00e1pido 24\/48h.<\/p>","protected":false},"featured_media":318320,"comment_status":"open","ping_status":"closed","template":"","meta":{"_acf_changed":false},"product_brand":[11282],"product_cat":[13974,13975],"product_tag":[],"class_list":{"0":"post-318319","1":"product","2":"type-product","3":"status-publish","4":"has-post-thumbnail","6":"product_brand-valento","7":"product_cat-ropa-hombre","8":"product_cat-ropa-mujer","9":"tm-no-options","11":"first","12":"instock","13":"taxable","14":"shipping-taxable","15":"product-type-variable"},"acf":[],"_links":{"self":[{"href":"https:\/\/grupotextil.es\/ca\/wp-json\/wp\/v2\/product\/318319","targetHints":{"allow":["GET"]}}],"collection":[{"href":"https:\/\/grupotextil.es\/ca\/wp-json\/wp\/v2\/product"}],"about":[{"href":"https:\/\/grupotextil.es\/ca\/wp-json\/wp\/v2\/types\/product"}],"replies":[{"embeddable":true,"href":"https:\/\/grupotextil.es\/ca\/wp-json\/wp\/v2\/comments?post=318319"}],"wp:featuredmedia":[{"embeddable":true,"href":"https:\/\/grupotextil.es\/ca\/wp-json\/wp\/v2\/media\/318320"}],"wp:attachment":[{"href":"https:\/\/grupotextil.es\/ca\/wp-json\/wp\/v2\/media?parent=318319"}],"wp:term":[{"taxonomy":"product_brand","embeddable":true,"href":"https:\/\/grupotextil.es\/ca\/wp-json\/wp\/v2\/product_brand?post=318319"},{"taxonomy":"product_cat","embeddable":true,"href":"https:\/\/grupotextil.es\/ca\/wp-json\/wp\/v2\/product_cat?post=318319"},{"taxonomy":"product_tag","embeddable":true,"href":"https:\/\/grupotextil.es\/ca\/wp-json\/wp\/v2\/product_tag?post=318319"}],"curies":[{"name":"wp","href":"https:\/\/api.w.org\/{rel}","templated":true}]}}

Pasamontañas polar VALENTO EVEREST

<div class="product-description">
<div class="article_characteristics">
<ul style="margin-block-start: 0;" >
<li><b>Pasamontañas</b> <b>polar</b>.</li>
<li>Confeccionado en tejido micro-<b>polar</b> con <b>anti-pilling</b> exterior para un mejor acabado y perchado interior con alta retención térmica.</li>
<li>Abertura para ojos y nariz ribeteada para mayor confort.</li>
<li>Costura doble en el bajo del cuello que aumenta su resistencia y durabilidad.</li>
<li>Métodos idóneos de marcaje: bordados, cosidos.</li>
<li>Ideal como complemento de abrigo, de <b>ropa laboral</b> y de <b>ropa deportiva</b>.</li>
</ul></div>
</div>
<div class="product-pdf">
<p><a href="https://valento.es/?service=ServeDocuments&amp;function=serve_datasheet&amp;article_ref=BLVAEVE" target="_blank" rel="noopener">Descargar ficha técnica (PDF)</a></p>
</div>

<p>Pasamontañas polar VALENTO EVEREST de Valento. Disponible en la categoría Gorras Y Gorros De Invierno. Envío rápido 24/48h.</p>
