{"id":318508,"date":"2026-03-06T01:40:10","date_gmt":"2026-03-06T01:40:10","guid":{"rendered":"https:\/\/grupotextil.es\/?post_type=product&#038;p=318508"},"modified":"2026-03-06T01:40:10","modified_gmt":"2026-03-06T01:40:10","slug":"gorro-de-verano-con-ala-alrededor-valento-fisher","status":"publish","type":"product","link":"https:\/\/grupotextil.es\/ca\/product\/gorro-de-verano-con-ala-alrededor-valento-fisher\/","title":{"rendered":"Gorro de verano con ala alrededor VALENTO FISHER"},"content":{"rendered":"<div class=\"product-description\">\n<div class=\"article_characteristics\">\n<ul style=\"margin-block-start: 0;\" >\n<li><b>Gorro de verano<\/b> con ala de 5 cm alrededor.<\/li>\n<li>Confeccionado en tejido <b>100% algod\u00f3n<\/b> que aporta durabilidad, resistencia y facilita la transpiraci\u00f3n.<\/li>\n<li>Cuatro orificios respiradores met\u00e1licos en los laterales para una mejor ventilaci\u00f3n, ala inclinada y flexible que evita la entrada de los rayos de sol y aporta mayor frescura.<\/li>\n<li>Corona lisa, frontal sin costuras, refuerzo interior termo-fijado y cinta perimetral que mantiene su forma.<\/li>\n<li>Banda interior en el contorno que aporta mayor confort.<\/li>\n<li>M\u00e9todos id\u00f3neos de marcaje: serigraf\u00eda, bordados, cosidos.<\/li>\n<li>Ideal para realizar actividades en la naturaleza y como <b>regalo promocional<\/b>.<\/li>\n<\/ul><\/div>\n<\/div>\n<div class=\"product-pdf\">\n<p><a href=\"https:\/\/valento.es\/?service=ServeDocuments&amp;function=serve_datasheet&amp;article_ref=GRVABOB\" target=\"_blank\" rel=\"noopener\">Descargar ficha t\u00e9cnica (PDF)<\/a><\/p>\n<\/div>","protected":false},"excerpt":{"rendered":"<p>Gorro de verano con ala alrededor VALENTO FISHER de Valento. Disponible en la categor\u00eda Gorras Y Gorros De Verano. Env\u00edo r\u00e1pido 24\/48h.<\/p>","protected":false},"featured_media":318509,"comment_status":"open","ping_status":"closed","template":"","meta":{"_acf_changed":false},"product_brand":[11282],"product_cat":[13974,13932,13975],"product_tag":[],"class_list":{"0":"post-318508","1":"product","2":"type-product","3":"status-publish","4":"has-post-thumbnail","6":"product_brand-valento","7":"product_cat-ropa-hombre","8":"product_cat-hosteleria-horeca","9":"product_cat-ropa-mujer","10":"tm-no-options","12":"first","13":"instock","14":"taxable","15":"shipping-taxable","16":"product-type-variable"},"acf":[],"_links":{"self":[{"href":"https:\/\/grupotextil.es\/ca\/wp-json\/wp\/v2\/product\/318508","targetHints":{"allow":["GET"]}}],"collection":[{"href":"https:\/\/grupotextil.es\/ca\/wp-json\/wp\/v2\/product"}],"about":[{"href":"https:\/\/grupotextil.es\/ca\/wp-json\/wp\/v2\/types\/product"}],"replies":[{"embeddable":true,"href":"https:\/\/grupotextil.es\/ca\/wp-json\/wp\/v2\/comments?post=318508"}],"wp:featuredmedia":[{"embeddable":true,"href":"https:\/\/grupotextil.es\/ca\/wp-json\/wp\/v2\/media\/318509"}],"wp:attachment":[{"href":"https:\/\/grupotextil.es\/ca\/wp-json\/wp\/v2\/media?parent=318508"}],"wp:term":[{"taxonomy":"product_brand","embeddable":true,"href":"https:\/\/grupotextil.es\/ca\/wp-json\/wp\/v2\/product_brand?post=318508"},{"taxonomy":"product_cat","embeddable":true,"href":"https:\/\/grupotextil.es\/ca\/wp-json\/wp\/v2\/product_cat?post=318508"},{"taxonomy":"product_tag","embeddable":true,"href":"https:\/\/grupotextil.es\/ca\/wp-json\/wp\/v2\/product_tag?post=318508"}],"curies":[{"name":"wp","href":"https:\/\/api.w.org\/{rel}","templated":true}]}}

<div class="product-description">
<div class="article_characteristics">
<ul style="margin-block-start: 0;" >
<li><b>Gorro de verano</b> con ala de 5 cm alrededor.</li>
<li>Confeccionado en tejido <b>100% algodón</b> que aporta durabilidad, resistencia y facilita la transpiración.</li>
<li>Cuatro orificios respiradores metálicos en los laterales para una mejor ventilación, ala inclinada y flexible que evita la entrada de los rayos de sol y aporta mayor frescura.</li>
<li>Corona lisa, frontal sin costuras, refuerzo interior termo-fijado y cinta perimetral que mantiene su forma.</li>
<li>Banda interior en el contorno que aporta mayor confort.</li>
<li>Métodos idóneos de marcaje: serigrafía, bordados, cosidos.</li>
<li>Ideal para realizar actividades en la naturaleza y como <b>regalo promocional</b>.</li>
</ul></div>
</div>
<div class="product-pdf">
<p><a href="https://valento.es/?service=ServeDocuments&amp;function=serve_datasheet&amp;article_ref=GRVABOB" target="_blank" rel="noopener">Descargar ficha técnica (PDF)</a></p>
</div>

<p>Gorro de verano con ala alrededor VALENTO FISHER de Valento. Disponible en la categoría Gorras Y Gorros De Verano. Envío rápido 24/48h.</p>
