{"id":318523,"date":"2026-03-06T01:40:14","date_gmt":"2026-03-06T01:40:14","guid":{"rendered":"https:\/\/grupotextil.es\/?post_type=product&#038;p=318523"},"modified":"2026-03-06T01:40:14","modified_gmt":"2026-03-06T01:40:14","slug":"panuelo-pirata-deportivo-valento-sparrow","status":"publish","type":"product","link":"https:\/\/grupotextil.es\/ca\/product\/panuelo-pirata-deportivo-valento-sparrow\/","title":{"rendered":"Pa\u00f1uelo pirata deportivo VALENTO SPARROW"},"content":{"rendered":"<div class=\"product-description\">\n<div class=\"article_characteristics\">\n<ul style=\"margin-block-start: 0;\" >\n<li><b>Bandana<\/b> pirata <b>deportiva<\/b>.<\/li>\n<li>Confeccionada en <b>tejido t\u00e9cnico transpirable<\/b> Bird-Eye que facilita el <b>secado r\u00e1pido<\/b> y la eliminaci\u00f3n del sudor.<\/li>\n<li>Cinta ancha en todo el per\u00edmetro con terminaci\u00f3n trasera en pico que permite la sujeci\u00f3n mediante nudo y proporciona un mejor ajuste.<\/li>\n<li>Costuras interiores sobrehiladas que aumentan su resistencia.<\/li>\n<li>Se puede usar debajo del casco deportivo para evitar el contacto directo con la cabeza y tambi\u00e9n permite ser guardado en el bolsillo.<\/li>\n<li>M\u00e9todos id\u00f3neos de marcaje: serigraf\u00eda, transfer, <b>sublimaci\u00f3n<\/b> sobre color blanco.<\/li>\n<li>Ideal para <b>ciclismo<\/b>, <b>running<\/b>, uso deportivo y actividades en la naturaleza.<\/li>\n<\/ul><\/div>\n<\/div>\n<div class=\"product-pdf\">\n<p><a href=\"https:\/\/valento.es\/?service=ServeDocuments&amp;function=serve_datasheet&amp;article_ref=GRVASPA\" target=\"_blank\" rel=\"noopener\">Descargar ficha t\u00e9cnica (PDF)<\/a><\/p>\n<\/div>","protected":false},"excerpt":{"rendered":"<p>Pa\u00f1uelo pirata deportivo VALENTO SPARROW de Valento. Disponible en la categor\u00eda Gorras Y Gorros De Verano. Env\u00edo r\u00e1pido 24\/48h.<\/p>","protected":false},"featured_media":318524,"comment_status":"open","ping_status":"closed","template":"","meta":{"_acf_changed":false},"product_brand":[11282],"product_cat":[13974,13932,13975],"product_tag":[],"class_list":{"0":"post-318523","1":"product","2":"type-product","3":"status-publish","4":"has-post-thumbnail","6":"product_brand-valento","7":"product_cat-ropa-hombre","8":"product_cat-hosteleria-horeca","9":"product_cat-ropa-mujer","10":"tm-no-options","12":"first","13":"instock","14":"taxable","15":"shipping-taxable","16":"product-type-variable"},"acf":[],"_links":{"self":[{"href":"https:\/\/grupotextil.es\/ca\/wp-json\/wp\/v2\/product\/318523","targetHints":{"allow":["GET"]}}],"collection":[{"href":"https:\/\/grupotextil.es\/ca\/wp-json\/wp\/v2\/product"}],"about":[{"href":"https:\/\/grupotextil.es\/ca\/wp-json\/wp\/v2\/types\/product"}],"replies":[{"embeddable":true,"href":"https:\/\/grupotextil.es\/ca\/wp-json\/wp\/v2\/comments?post=318523"}],"wp:featuredmedia":[{"embeddable":true,"href":"https:\/\/grupotextil.es\/ca\/wp-json\/wp\/v2\/media\/318524"}],"wp:attachment":[{"href":"https:\/\/grupotextil.es\/ca\/wp-json\/wp\/v2\/media?parent=318523"}],"wp:term":[{"taxonomy":"product_brand","embeddable":true,"href":"https:\/\/grupotextil.es\/ca\/wp-json\/wp\/v2\/product_brand?post=318523"},{"taxonomy":"product_cat","embeddable":true,"href":"https:\/\/grupotextil.es\/ca\/wp-json\/wp\/v2\/product_cat?post=318523"},{"taxonomy":"product_tag","embeddable":true,"href":"https:\/\/grupotextil.es\/ca\/wp-json\/wp\/v2\/product_tag?post=318523"}],"curies":[{"name":"wp","href":"https:\/\/api.w.org\/{rel}","templated":true}]}}

Pañuelo pirata deportivo VALENTO SPARROW

<div class="product-description">
<div class="article_characteristics">
<ul style="margin-block-start: 0;" >
<li><b>Bandana</b> pirata <b>deportiva</b>.</li>
<li>Confeccionada en <b>tejido técnico transpirable</b> Bird-Eye que facilita el <b>secado rápido</b> y la eliminación del sudor.</li>
<li>Cinta ancha en todo el perímetro con terminación trasera en pico que permite la sujeción mediante nudo y proporciona un mejor ajuste.</li>
<li>Costuras interiores sobrehiladas que aumentan su resistencia.</li>
<li>Se puede usar debajo del casco deportivo para evitar el contacto directo con la cabeza y también permite ser guardado en el bolsillo.</li>
<li>Métodos idóneos de marcaje: serigrafía, transfer, <b>sublimación</b> sobre color blanco.</li>
<li>Ideal para <b>ciclismo</b>, <b>running</b>, uso deportivo y actividades en la naturaleza.</li>
</ul></div>
</div>
<div class="product-pdf">
<p><a href="https://valento.es/?service=ServeDocuments&amp;function=serve_datasheet&amp;article_ref=GRVASPA" target="_blank" rel="noopener">Descargar ficha técnica (PDF)</a></p>
</div>

<p>Pañuelo pirata deportivo VALENTO SPARROW de Valento. Disponible en la categoría Gorras Y Gorros De Verano. Envío rápido 24/48h.</p>
