{"id":318589,"date":"2026-03-06T01:40:28","date_gmt":"2026-03-06T01:40:28","guid":{"rendered":"https:\/\/grupotextil.es\/?post_type=product&#038;p=318589"},"modified":"2026-03-06T01:40:28","modified_gmt":"2026-03-06T01:40:28","slug":"gorra-transpirable-6-paneles-valento-byron","status":"publish","type":"product","link":"https:\/\/grupotextil.es\/ca\/product\/gorra-transpirable-6-paneles-valento-byron\/","title":{"rendered":"Gorra transpirable 6 paneles VALENTO BYRON"},"content":{"rendered":"<div class=\"product-description\">\n<div class=\"article_characteristics\">\n<ul style=\"margin-block-start: 0;\" >\n<li><b>Gorra<\/b> de <b>6 paneles<\/b>, tipo <b>b\u00e9isbol<\/b>.<\/li>\n<li>Confeccionada en tejido doble: exterior <b>bi-el\u00e1stico<\/b> Rip-Stop de estructura cuadrangular y acabado hidro-repelente e interior <b>tejido t\u00e9cnico transpirable<\/b> Bird-Eye que facilita el <b>secado r\u00e1pido<\/b> y la eliminaci\u00f3n del sudor.<\/li>\n<li>Seis orificios respiradores bordados para una mejor ventilaci\u00f3n, visera curvada que evita la entrada de los rayos de sol y aporta mayor frescura.<\/li>\n<li>Zona frontal curvada con costura central y refuerzo interior termo-fijado que mantiene su forma, banda interior mullida en el contorno que favorece la absorci\u00f3n del sudor y aporta mayor confort.<\/li>\n<li>Apertura trasera semicircular con leng\u00fceta de ajuste mediante velcro para una mejor sujeci\u00f3n.<\/li>\n<li>M\u00e9todos id\u00f3neos de marcaje: bordados, cosidos.<\/li>\n<li>Ideal para <b>regalo promocional<\/b>, <b>regalo personalizado<\/b>, suvenir, merchandising y <b>ropa deportiva<\/b>.<\/li>\n<\/ul><\/div>\n<\/div>\n<div class=\"product-pdf\">\n<p><a href=\"https:\/\/valento.es\/?service=ServeDocuments&amp;function=serve_datasheet&amp;article_ref=GOVABYR\" target=\"_blank\" rel=\"noopener\">Descargar ficha t\u00e9cnica (PDF)<\/a><\/p>\n<\/div>","protected":false},"excerpt":{"rendered":"<p>Gorra transpirable 6 paneles VALENTO BYRON de Valento. Disponible en la categor\u00eda Gorras Y Gorros De Verano. Env\u00edo r\u00e1pido 24\/48h.<\/p>","protected":false},"featured_media":318590,"comment_status":"open","ping_status":"closed","template":"","meta":{"_acf_changed":false},"product_brand":[11282],"product_cat":[13949,13974,13975],"product_tag":[],"class_list":{"0":"post-318589","1":"product","2":"type-product","3":"status-publish","4":"has-post-thumbnail","6":"product_brand-valento","7":"product_cat-acc-gorras-y-sombreros","8":"product_cat-ropa-hombre","9":"product_cat-ropa-mujer","10":"tm-no-options","12":"first","13":"instock","14":"taxable","15":"shipping-taxable","16":"product-type-variable"},"acf":[],"_links":{"self":[{"href":"https:\/\/grupotextil.es\/ca\/wp-json\/wp\/v2\/product\/318589","targetHints":{"allow":["GET"]}}],"collection":[{"href":"https:\/\/grupotextil.es\/ca\/wp-json\/wp\/v2\/product"}],"about":[{"href":"https:\/\/grupotextil.es\/ca\/wp-json\/wp\/v2\/types\/product"}],"replies":[{"embeddable":true,"href":"https:\/\/grupotextil.es\/ca\/wp-json\/wp\/v2\/comments?post=318589"}],"wp:featuredmedia":[{"embeddable":true,"href":"https:\/\/grupotextil.es\/ca\/wp-json\/wp\/v2\/media\/318590"}],"wp:attachment":[{"href":"https:\/\/grupotextil.es\/ca\/wp-json\/wp\/v2\/media?parent=318589"}],"wp:term":[{"taxonomy":"product_brand","embeddable":true,"href":"https:\/\/grupotextil.es\/ca\/wp-json\/wp\/v2\/product_brand?post=318589"},{"taxonomy":"product_cat","embeddable":true,"href":"https:\/\/grupotextil.es\/ca\/wp-json\/wp\/v2\/product_cat?post=318589"},{"taxonomy":"product_tag","embeddable":true,"href":"https:\/\/grupotextil.es\/ca\/wp-json\/wp\/v2\/product_tag?post=318589"}],"curies":[{"name":"wp","href":"https:\/\/api.w.org\/{rel}","templated":true}]}}

<div class="product-description">
<div class="article_characteristics">
<ul style="margin-block-start: 0;" >
<li><b>Gorra</b> de <b>6 paneles</b>, tipo <b>béisbol</b>.</li>
<li>Confeccionada en tejido doble: exterior <b>bi-elástico</b> Rip-Stop de estructura cuadrangular y acabado hidro-repelente e interior <b>tejido técnico transpirable</b> Bird-Eye que facilita el <b>secado rápido</b> y la eliminación del sudor.</li>
<li>Seis orificios respiradores bordados para una mejor ventilación, visera curvada que evita la entrada de los rayos de sol y aporta mayor frescura.</li>
<li>Zona frontal curvada con costura central y refuerzo interior termo-fijado que mantiene su forma, banda interior mullida en el contorno que favorece la absorción del sudor y aporta mayor confort.</li>
<li>Apertura trasera semicircular con lengüeta de ajuste mediante velcro para una mejor sujeción.</li>
<li>Métodos idóneos de marcaje: bordados, cosidos.</li>
<li>Ideal para <b>regalo promocional</b>, <b>regalo personalizado</b>, suvenir, merchandising y <b>ropa deportiva</b>.</li>
</ul></div>
</div>
<div class="product-pdf">
<p><a href="https://valento.es/?service=ServeDocuments&amp;function=serve_datasheet&amp;article_ref=GOVABYR" target="_blank" rel="noopener">Descargar ficha técnica (PDF)</a></p>
</div>

<p>Gorra transpirable 6 paneles VALENTO BYRON de Valento. Disponible en la categoría Gorras Y Gorros De Verano. Envío rápido 24/48h.</p>
