{"id":318604,"date":"2026-03-06T01:40:32","date_gmt":"2026-03-06T01:40:32","guid":{"rendered":"https:\/\/grupotextil.es\/?post_type=product&#038;p=318604"},"modified":"2026-03-06T01:40:32","modified_gmt":"2026-03-06T01:40:32","slug":"guantes-polares-de-abrigo-valento-danubio","status":"publish","type":"product","link":"https:\/\/grupotextil.es\/ca\/product\/guantes-polares-de-abrigo-valento-danubio\/","title":{"rendered":"Guantes polares de abrigo VALENTO DANUBIO"},"content":{"rendered":"<div class=\"product-description\">\n<div class=\"article_characteristics\">\n<ul style=\"margin-block-start: 0;\" >\n<li><b>Guantes<\/b> <b>polares<\/b>.<\/li>\n<li>Confeccionados en tejido micro-polar de alta retenci\u00f3n t\u00e9rmica y con perchado <b>anti-pilling<\/b> para un mejor acabado.<\/li>\n<li>Goma el\u00e1stica fruncida en las mu\u00f1ecas que se adapta c\u00f3modamente.<\/li>\n<li>Lleva incorporado un enganche de pl\u00e1stico que permite unir la pareja y evitar su extrav\u00edo.<\/li>\n<li>Incluye cinta en las mu\u00f1ecas que facilita diferentes m\u00e9todos de marcaje: serigraf\u00eda, transfer, vinilo.<\/li>\n<li>Ideal como complemento de abrigo y <b>regalo promocional<\/b>.<\/li>\n<\/ul><\/div>\n<\/div>\n<div class=\"product-pdf\">\n<p><a href=\"https:\/\/valento.es\/?service=ServeDocuments&amp;function=serve_datasheet&amp;article_ref=GUVADAN\" target=\"_blank\" rel=\"noopener\">Descargar ficha t\u00e9cnica (PDF)<\/a><\/p>\n<\/div>","protected":false},"excerpt":{"rendered":"<p>Guantes polares de abrigo VALENTO DANUBIO de Valento. Disponible en la categor\u00eda Guantes. Env\u00edo r\u00e1pido 24\/48h.<\/p>","protected":false},"featured_media":318605,"comment_status":"open","ping_status":"closed","template":"","meta":{"_acf_changed":false},"product_brand":[11282],"product_cat":[13952],"product_tag":[],"class_list":{"0":"post-318604","1":"product","2":"type-product","3":"status-publish","4":"has-post-thumbnail","6":"product_brand-valento","7":"product_cat-acc-guantes","8":"tm-no-options","10":"first","11":"instock","12":"taxable","13":"shipping-taxable","14":"product-type-variable"},"acf":[],"_links":{"self":[{"href":"https:\/\/grupotextil.es\/ca\/wp-json\/wp\/v2\/product\/318604","targetHints":{"allow":["GET"]}}],"collection":[{"href":"https:\/\/grupotextil.es\/ca\/wp-json\/wp\/v2\/product"}],"about":[{"href":"https:\/\/grupotextil.es\/ca\/wp-json\/wp\/v2\/types\/product"}],"replies":[{"embeddable":true,"href":"https:\/\/grupotextil.es\/ca\/wp-json\/wp\/v2\/comments?post=318604"}],"wp:featuredmedia":[{"embeddable":true,"href":"https:\/\/grupotextil.es\/ca\/wp-json\/wp\/v2\/media\/318605"}],"wp:attachment":[{"href":"https:\/\/grupotextil.es\/ca\/wp-json\/wp\/v2\/media?parent=318604"}],"wp:term":[{"taxonomy":"product_brand","embeddable":true,"href":"https:\/\/grupotextil.es\/ca\/wp-json\/wp\/v2\/product_brand?post=318604"},{"taxonomy":"product_cat","embeddable":true,"href":"https:\/\/grupotextil.es\/ca\/wp-json\/wp\/v2\/product_cat?post=318604"},{"taxonomy":"product_tag","embeddable":true,"href":"https:\/\/grupotextil.es\/ca\/wp-json\/wp\/v2\/product_tag?post=318604"}],"curies":[{"name":"wp","href":"https:\/\/api.w.org\/{rel}","templated":true}]}}

<div class="product-description">
<div class="article_characteristics">
<ul style="margin-block-start: 0;" >
<li><b>Guantes</b> <b>polares</b>.</li>
<li>Confeccionados en tejido micro-polar de alta retención térmica y con perchado <b>anti-pilling</b> para un mejor acabado.</li>
<li>Goma elástica fruncida en las muñecas que se adapta cómodamente.</li>
<li>Lleva incorporado un enganche de plástico que permite unir la pareja y evitar su extravío.</li>
<li>Incluye cinta en las muñecas que facilita diferentes métodos de marcaje: serigrafía, transfer, vinilo.</li>
<li>Ideal como complemento de abrigo y <b>regalo promocional</b>.</li>
</ul></div>
</div>
<div class="product-pdf">
<p><a href="https://valento.es/?service=ServeDocuments&amp;function=serve_datasheet&amp;article_ref=GUVADAN" target="_blank" rel="noopener">Descargar ficha técnica (PDF)</a></p>
</div>

<p>Guantes polares de abrigo VALENTO DANUBIO de Valento. Disponible en la categoría Guantes. Envío rápido 24/48h.</p>
