{"id":319546,"date":"2026-03-06T01:41:11","date_gmt":"2026-03-06T01:41:11","guid":{"rendered":"https:\/\/grupotextil.es\/?post_type=product&#038;p=319546"},"modified":"2026-03-06T01:41:11","modified_gmt":"2026-03-06T01:41:11","slug":"jersey-de-trabajo-con-refuerzos-y-cuello-alto-valento-randy","status":"publish","type":"product","link":"https:\/\/grupotextil.es\/ca\/product\/jersey-de-trabajo-con-refuerzos-y-cuello-alto-valento-randy\/","title":{"rendered":"Jersey de trabajo con refuerzos y cuello alto VALENTO RANDY"},"content":{"rendered":"<div class=\"product-description\">\n<div class=\"article_characteristics\">\n<ul style=\"margin-block-start: 0;\" >\n<li><b>Jersey<\/b> de <b>trabajo<\/b> con <b>bolsillo<\/b> y <b>media cremallera<\/b>.<\/li>\n<li>Confeccionado en tejido de punto tricot con perchado interior para mayor retenci\u00f3n t\u00e9rmica y confort.<\/li>\n<li><b>Cuello alto<\/b> con <b>media cremallera<\/b> central que aporta calidez o ventilaci\u00f3n adicional, seg\u00fan la estaci\u00f3n del a\u00f1o.<\/li>\n<li>Pu\u00f1os y bajo con canal\u00e9 el\u00e1stico que se adapta c\u00f3modamente, <b>bolsillo<\/b> tipo Napole\u00f3n en pecho izquierdo con cremallera para tener todo accesible y resaltar el marcaje.<\/li>\n<li>Refuerzo en codos, canes\u00fa en hombros y <b>bolsillo<\/b> de tejido plano, que aumenta su durabilidad en las zonas de mayor desgaste.<\/li>\n<li>M\u00e9todos id\u00f3neos de marcaje: bordados, cosidos, vinilo, serigraf\u00eda.<\/li>\n<li>Ideal como <b>ropa laboral<\/b> y <b>uniformes de <b>trabajo<\/b><\/b>.<\/li>\n<\/ul><\/div>\n<\/div>\n<div class=\"product-pdf\">\n<p><a href=\"https:\/\/valento.es\/?service=ServeDocuments&amp;function=serve_datasheet&amp;article_ref=JEVARAN\" target=\"_blank\" rel=\"noopener\">Descargar ficha t\u00e9cnica (PDF)<\/a><\/p>\n<\/div>","protected":false},"excerpt":{"rendered":"<p>Jersey de trabajo con refuerzos y cuello alto VALENTO RANDY de Valento. Disponible en la categor\u00eda Jerseys. Env\u00edo r\u00e1pido 24\/48h.<\/p>","protected":false},"featured_media":319547,"comment_status":"open","ping_status":"closed","template":"","meta":{"_acf_changed":false},"product_brand":[11282],"product_cat":[13990,13981,13974,13975,13973,13989,13980],"product_tag":[],"class_list":{"0":"post-319546","1":"product","2":"type-product","3":"status-publish","4":"has-post-thumbnail","6":"product_brand-valento","7":"product_cat-m-chaquetas-y-abrigos","8":"product_cat-h-chaquetas-y-abrigos","9":"product_cat-ropa-hombre","10":"product_cat-ropa-mujer","11":"product_cat-ropa","12":"product_cat-m-sudaderas","13":"product_cat-h-sudaderas","14":"tm-no-options","16":"first","17":"instock","18":"taxable","19":"shipping-taxable","20":"product-type-variable"},"acf":[],"_links":{"self":[{"href":"https:\/\/grupotextil.es\/ca\/wp-json\/wp\/v2\/product\/319546","targetHints":{"allow":["GET"]}}],"collection":[{"href":"https:\/\/grupotextil.es\/ca\/wp-json\/wp\/v2\/product"}],"about":[{"href":"https:\/\/grupotextil.es\/ca\/wp-json\/wp\/v2\/types\/product"}],"replies":[{"embeddable":true,"href":"https:\/\/grupotextil.es\/ca\/wp-json\/wp\/v2\/comments?post=319546"}],"wp:featuredmedia":[{"embeddable":true,"href":"https:\/\/grupotextil.es\/ca\/wp-json\/wp\/v2\/media\/319547"}],"wp:attachment":[{"href":"https:\/\/grupotextil.es\/ca\/wp-json\/wp\/v2\/media?parent=319546"}],"wp:term":[{"taxonomy":"product_brand","embeddable":true,"href":"https:\/\/grupotextil.es\/ca\/wp-json\/wp\/v2\/product_brand?post=319546"},{"taxonomy":"product_cat","embeddable":true,"href":"https:\/\/grupotextil.es\/ca\/wp-json\/wp\/v2\/product_cat?post=319546"},{"taxonomy":"product_tag","embeddable":true,"href":"https:\/\/grupotextil.es\/ca\/wp-json\/wp\/v2\/product_tag?post=319546"}],"curies":[{"name":"wp","href":"https:\/\/api.w.org\/{rel}","templated":true}]}}

<div class="product-description">
<div class="article_characteristics">
<ul style="margin-block-start: 0;" >
<li><b>Jersey</b> de <b>trabajo</b> con <b>bolsillo</b> y <b>media cremallera</b>.</li>
<li>Confeccionado en tejido de punto tricot con perchado interior para mayor retención térmica y confort.</li>
<li><b>Cuello alto</b> con <b>media cremallera</b> central que aporta calidez o ventilación adicional, según la estación del año.</li>
<li>Puños y bajo con canalé elástico que se adapta cómodamente, <b>bolsillo</b> tipo Napoleón en pecho izquierdo con cremallera para tener todo accesible y resaltar el marcaje.</li>
<li>Refuerzo en codos, canesú en hombros y <b>bolsillo</b> de tejido plano, que aumenta su durabilidad en las zonas de mayor desgaste.</li>
<li>Métodos idóneos de marcaje: bordados, cosidos, vinilo, serigrafía.</li>
<li>Ideal como <b>ropa laboral</b> y <b>uniformes de <b>trabajo</b></b>.</li>
</ul></div>
</div>
<div class="product-pdf">
<p><a href="https://valento.es/?service=ServeDocuments&amp;function=serve_datasheet&amp;article_ref=JEVARAN" target="_blank" rel="noopener">Descargar ficha técnica (PDF)</a></p>
</div>

<p>Jersey de trabajo con refuerzos y cuello alto VALENTO RANDY de Valento. Disponible en la categoría Jerseys. Envío rápido 24/48h.</p>
