{"id":320614,"date":"2026-03-06T01:42:07","date_gmt":"2026-03-06T01:42:07","guid":{"rendered":"https:\/\/grupotextil.es\/?post_type=product&#038;p=320614"},"modified":"2026-03-06T01:42:07","modified_gmt":"2026-03-06T01:42:07","slug":"mochila-de-cuerdas-con-bolsillo-valento-paleni","status":"publish","type":"product","link":"https:\/\/grupotextil.es\/ca\/product\/mochila-de-cuerdas-con-bolsillo-valento-paleni\/","title":{"rendered":"Mochila de cuerdas con bolsillo VALENTO PALENI"},"content":{"rendered":"<div class=\"product-description\">\n<div class=\"article_characteristics\">\n<ul style=\"margin-block-start: 0;\" >\n<li><b>Mochila de cuerdas<\/b> con <b>bolsillo<\/b>.<\/li>\n<li>Confeccionada en tejido Oxford hidro-repelente resistente y duradero.<\/li>\n<li>Cord\u00f3n de grosor medio anudado en orificios met\u00e1licos laterales inferiores, que permite su ajuste en los hombros y hace la funci\u00f3n de cierre.<\/li>\n<li>Costuras interiores reforzadas con cinta que aumenta su resistencia y esquinas reforzadas con tejido grueso para mayor durabilidad.<\/li>\n<li><b>Bolsillo<\/b> exterior con cierre de cremallera para tener todo accesible, incluye un orificio en la parte superior para extraer el cable de los auriculares.<\/li>\n<li>M\u00e9todos id\u00f3neos de marcaje: serigraf\u00eda, transfer, vinilo, <b>sublimaci\u00f3n<\/b> sobre color blanco.<\/li>\n<li>Ideal para <b>regalo promocional<\/b>, <b>regalo personalizado<\/b> y transporte de objetos ligeros.<\/li>\n<\/ul><\/div>\n<\/div>\n<div class=\"product-pdf\">\n<p><a href=\"https:\/\/valento.es\/?service=ServeDocuments&amp;function=serve_datasheet&amp;article_ref=MCVAPAL\" target=\"_blank\" rel=\"noopener\">Descargar ficha t\u00e9cnica (PDF)<\/a><\/p>\n<\/div>","protected":false},"excerpt":{"rendered":"<p>Mochila de cuerdas con bolsillo VALENTO PALENI de Valento. Disponible en la categor\u00eda Mochilas. Env\u00edo r\u00e1pido 24\/48h.<\/p>","protected":false},"featured_media":320615,"comment_status":"open","ping_status":"closed","template":"","meta":{"_acf_changed":false},"product_brand":[11282],"product_cat":[13954],"product_tag":[],"class_list":{"0":"post-320614","1":"product","2":"type-product","3":"status-publish","4":"has-post-thumbnail","6":"product_brand-valento","7":"product_cat-acc-bolsas-y-mochilas","8":"tm-no-options","10":"first","11":"instock","12":"taxable","13":"shipping-taxable","14":"product-type-variable"},"acf":[],"_links":{"self":[{"href":"https:\/\/grupotextil.es\/ca\/wp-json\/wp\/v2\/product\/320614","targetHints":{"allow":["GET"]}}],"collection":[{"href":"https:\/\/grupotextil.es\/ca\/wp-json\/wp\/v2\/product"}],"about":[{"href":"https:\/\/grupotextil.es\/ca\/wp-json\/wp\/v2\/types\/product"}],"replies":[{"embeddable":true,"href":"https:\/\/grupotextil.es\/ca\/wp-json\/wp\/v2\/comments?post=320614"}],"wp:featuredmedia":[{"embeddable":true,"href":"https:\/\/grupotextil.es\/ca\/wp-json\/wp\/v2\/media\/320615"}],"wp:attachment":[{"href":"https:\/\/grupotextil.es\/ca\/wp-json\/wp\/v2\/media?parent=320614"}],"wp:term":[{"taxonomy":"product_brand","embeddable":true,"href":"https:\/\/grupotextil.es\/ca\/wp-json\/wp\/v2\/product_brand?post=320614"},{"taxonomy":"product_cat","embeddable":true,"href":"https:\/\/grupotextil.es\/ca\/wp-json\/wp\/v2\/product_cat?post=320614"},{"taxonomy":"product_tag","embeddable":true,"href":"https:\/\/grupotextil.es\/ca\/wp-json\/wp\/v2\/product_tag?post=320614"}],"curies":[{"name":"wp","href":"https:\/\/api.w.org\/{rel}","templated":true}]}}

<div class="product-description">
<div class="article_characteristics">
<ul style="margin-block-start: 0;" >
<li><b>Mochila de cuerdas</b> con <b>bolsillo</b>.</li>
<li>Confeccionada en tejido Oxford hidro-repelente resistente y duradero.</li>
<li>Cordón de grosor medio anudado en orificios metálicos laterales inferiores, que permite su ajuste en los hombros y hace la función de cierre.</li>
<li>Costuras interiores reforzadas con cinta que aumenta su resistencia y esquinas reforzadas con tejido grueso para mayor durabilidad.</li>
<li><b>Bolsillo</b> exterior con cierre de cremallera para tener todo accesible, incluye un orificio en la parte superior para extraer el cable de los auriculares.</li>
<li>Métodos idóneos de marcaje: serigrafía, transfer, vinilo, <b>sublimación</b> sobre color blanco.</li>
<li>Ideal para <b>regalo promocional</b>, <b>regalo personalizado</b> y transporte de objetos ligeros.</li>
</ul></div>
</div>
<div class="product-pdf">
<p><a href="https://valento.es/?service=ServeDocuments&amp;function=serve_datasheet&amp;article_ref=MCVAPAL" target="_blank" rel="noopener">Descargar ficha técnica (PDF)</a></p>
</div>

<p>Mochila de cuerdas con bolsillo VALENTO PALENI de Valento. Disponible en la categoría Mochilas. Envío rápido 24/48h.</p>
