{"id":320708,"date":"2026-03-06T01:42:21","date_gmt":"2026-03-06T01:42:21","guid":{"rendered":"https:\/\/grupotextil.es\/?post_type=product&#038;p=320708"},"modified":"2026-03-06T01:42:21","modified_gmt":"2026-03-06T01:42:21","slug":"neceser-basico-pequeno-valento-sonia","status":"publish","type":"product","link":"https:\/\/grupotextil.es\/ca\/product\/neceser-basico-pequeno-valento-sonia\/","title":{"rendered":"Neceser b\u00e1sico peque\u00f1o VALENTO SONIA"},"content":{"rendered":"<div class=\"product-description\">\n<div class=\"article_characteristics\">\n<ul style=\"margin-block-start: 0;\" >\n<li><b>Neceser<\/b> b\u00e1sico peque\u00f1o.<\/li>\n<li>Confeccionado en doble tejido: <b>impermeable<\/b>, grueso y resistente en el exterior con recubrimiento de PU en el interior.<\/li>\n<li>Cierre de cremallera para guardar lo necesario.<\/li>\n<li>Costuras laterales interiores ribeteadas que aumentan su resistencia y durabilidad.<\/li>\n<li>M\u00e9todos id\u00f3neos de marcaje: serigraf\u00eda, vinilo, transfer.<\/li>\n<li>Ideal para viaje, uso en gimnasio o piscina, <b>regalo promocional<\/b> y <b>regalo personalizado<\/b>.<\/li>\n<\/ul><\/div>\n<\/div>\n<div class=\"product-pdf\">\n<p><a href=\"https:\/\/valento.es\/?service=ServeDocuments&amp;function=serve_datasheet&amp;article_ref=NEVASON\" target=\"_blank\" rel=\"noopener\">Descargar ficha t\u00e9cnica (PDF)<\/a><\/p>\n<\/div>","protected":false},"excerpt":{"rendered":"<p>Neceser b\u00e1sico peque\u00f1o VALENTO SONIA de Valento. Disponible en la categor\u00eda Neceseres. Env\u00edo r\u00e1pido 24\/48h.<\/p>","protected":false},"featured_media":320709,"comment_status":"open","ping_status":"closed","template":"","meta":{"_acf_changed":false},"product_brand":[11282],"product_cat":[13974,13975],"product_tag":[],"class_list":{"0":"post-320708","1":"product","2":"type-product","3":"status-publish","4":"has-post-thumbnail","6":"product_brand-valento","7":"product_cat-ropa-hombre","8":"product_cat-ropa-mujer","9":"tm-no-options","11":"first","12":"instock","13":"taxable","14":"shipping-taxable","15":"product-type-variable"},"acf":[],"_links":{"self":[{"href":"https:\/\/grupotextil.es\/ca\/wp-json\/wp\/v2\/product\/320708","targetHints":{"allow":["GET"]}}],"collection":[{"href":"https:\/\/grupotextil.es\/ca\/wp-json\/wp\/v2\/product"}],"about":[{"href":"https:\/\/grupotextil.es\/ca\/wp-json\/wp\/v2\/types\/product"}],"replies":[{"embeddable":true,"href":"https:\/\/grupotextil.es\/ca\/wp-json\/wp\/v2\/comments?post=320708"}],"wp:featuredmedia":[{"embeddable":true,"href":"https:\/\/grupotextil.es\/ca\/wp-json\/wp\/v2\/media\/320709"}],"wp:attachment":[{"href":"https:\/\/grupotextil.es\/ca\/wp-json\/wp\/v2\/media?parent=320708"}],"wp:term":[{"taxonomy":"product_brand","embeddable":true,"href":"https:\/\/grupotextil.es\/ca\/wp-json\/wp\/v2\/product_brand?post=320708"},{"taxonomy":"product_cat","embeddable":true,"href":"https:\/\/grupotextil.es\/ca\/wp-json\/wp\/v2\/product_cat?post=320708"},{"taxonomy":"product_tag","embeddable":true,"href":"https:\/\/grupotextil.es\/ca\/wp-json\/wp\/v2\/product_tag?post=320708"}],"curies":[{"name":"wp","href":"https:\/\/api.w.org\/{rel}","templated":true}]}}

Neceser básico pequeño VALENTO SONIA

<div class="product-description">
<div class="article_characteristics">
<ul style="margin-block-start: 0;" >
<li><b>Neceser</b> básico pequeño.</li>
<li>Confeccionado en doble tejido: <b>impermeable</b>, grueso y resistente en el exterior con recubrimiento de PU en el interior.</li>
<li>Cierre de cremallera para guardar lo necesario.</li>
<li>Costuras laterales interiores ribeteadas que aumentan su resistencia y durabilidad.</li>
<li>Métodos idóneos de marcaje: serigrafía, vinilo, transfer.</li>
<li>Ideal para viaje, uso en gimnasio o piscina, <b>regalo promocional</b> y <b>regalo personalizado</b>.</li>
</ul></div>
</div>
<div class="product-pdf">
<p><a href="https://valento.es/?service=ServeDocuments&amp;function=serve_datasheet&amp;article_ref=NEVASON" target="_blank" rel="noopener">Descargar ficha técnica (PDF)</a></p>
</div>

<p>Neceser básico pequeño VALENTO SONIA de Valento. Disponible en la categoría Neceseres. Envío rápido 24/48h.</p>
