{"id":327420,"date":"2026-03-06T01:44:36","date_gmt":"2026-03-06T01:44:36","guid":{"rendered":"https:\/\/grupotextil.es\/?post_type=product&#038;p=327420"},"modified":"2026-03-06T01:44:36","modified_gmt":"2026-03-06T01:44:36","slug":"banador-de-secado-rapido-valento-bucanan","status":"publish","type":"product","link":"https:\/\/grupotextil.es\/ca\/product\/banador-de-secado-rapido-valento-bucanan\/","title":{"rendered":"Ba\u00f1ador de secado r\u00e1pido VALENTO BUCANAN"},"content":{"rendered":"<div class=\"product-description\">\n<div class=\"article_characteristics\">\n<ul style=\"margin-block-start: 0;\" >\n<li><b>Ba\u00f1ador<\/b> de color liso suave y agradable.<\/li>\n<li>Confeccionado en <b>tejido transpirable<\/b> de poliamida hidro-repelente que facilita el <b>secado r\u00e1pido<\/b>.<\/li>\n<li>Cintura con goma el\u00e1stica y cord\u00f3n para mejor ajuste y mayor comodidad.<\/li>\n<li>Dos bolsillos en las caderas  y un bolsillo trasero con cierre de velcro para tener todo accesible.<\/li>\n<li>Incluye redecilla interior para poder usarlo como <b>ba\u00f1ador<\/b> sin llevar ropa interior.<\/li>\n<li>M\u00e9todos id\u00f3neos de marcaje: serigraf\u00eda,  transfer, vinilo, bordados, cosidos.<\/li>\n<li>Ideal como <b>pantal\u00f3n corto deportivo<\/b> en actividades acu\u00e1ticas: <b>ropa laboral<\/b> de socorristas, monitores, y como <b>ba\u00f1ador<\/b> para uso personal.<\/li>\n<\/ul><\/div>\n<\/div>\n<div class=\"product-pdf\">\n<p><a href=\"https:\/\/valento.es\/?service=ServeDocuments&amp;function=serve_datasheet&amp;article_ref=BEVABUC\" target=\"_blank\" rel=\"noopener\">Descargar ficha t\u00e9cnica (PDF)<\/a><\/p>\n<\/div>","protected":false},"excerpt":{"rendered":"<p>Ba\u00f1ador de secado r\u00e1pido VALENTO BUCANAN de Valento. Disponible en la categor\u00eda Pantalones Cortos Deportivos Y Banadores. Env\u00edo r\u00e1pido 24\/48h.<\/p>","protected":false},"featured_media":327421,"comment_status":"open","ping_status":"closed","template":"","meta":{"_acf_changed":false},"product_brand":[11282],"product_cat":[13984,13993,13974,13975,13973],"product_tag":[],"class_list":{"0":"post-327420","1":"product","2":"type-product","3":"status-publish","4":"has-post-thumbnail","6":"product_brand-valento","7":"product_cat-h-bermudas","8":"product_cat-m-bermudas","9":"product_cat-ropa-hombre","10":"product_cat-ropa-mujer","11":"product_cat-ropa","12":"tm-no-options","14":"first","15":"instock","16":"taxable","17":"shipping-taxable","18":"product-type-variable"},"acf":[],"_links":{"self":[{"href":"https:\/\/grupotextil.es\/ca\/wp-json\/wp\/v2\/product\/327420","targetHints":{"allow":["GET"]}}],"collection":[{"href":"https:\/\/grupotextil.es\/ca\/wp-json\/wp\/v2\/product"}],"about":[{"href":"https:\/\/grupotextil.es\/ca\/wp-json\/wp\/v2\/types\/product"}],"replies":[{"embeddable":true,"href":"https:\/\/grupotextil.es\/ca\/wp-json\/wp\/v2\/comments?post=327420"}],"wp:featuredmedia":[{"embeddable":true,"href":"https:\/\/grupotextil.es\/ca\/wp-json\/wp\/v2\/media\/327421"}],"wp:attachment":[{"href":"https:\/\/grupotextil.es\/ca\/wp-json\/wp\/v2\/media?parent=327420"}],"wp:term":[{"taxonomy":"product_brand","embeddable":true,"href":"https:\/\/grupotextil.es\/ca\/wp-json\/wp\/v2\/product_brand?post=327420"},{"taxonomy":"product_cat","embeddable":true,"href":"https:\/\/grupotextil.es\/ca\/wp-json\/wp\/v2\/product_cat?post=327420"},{"taxonomy":"product_tag","embeddable":true,"href":"https:\/\/grupotextil.es\/ca\/wp-json\/wp\/v2\/product_tag?post=327420"}],"curies":[{"name":"wp","href":"https:\/\/api.w.org\/{rel}","templated":true}]}}

Bañador de secado rápido VALENTO BUCANAN

<div class="product-description">
<div class="article_characteristics">
<ul style="margin-block-start: 0;" >
<li><b>Bañador</b> de color liso suave y agradable.</li>
<li>Confeccionado en <b>tejido transpirable</b> de poliamida hidro-repelente que facilita el <b>secado rápido</b>.</li>
<li>Cintura con goma elástica y cordón para mejor ajuste y mayor comodidad.</li>
<li>Dos bolsillos en las caderas  y un bolsillo trasero con cierre de velcro para tener todo accesible.</li>
<li>Incluye redecilla interior para poder usarlo como <b>bañador</b> sin llevar ropa interior.</li>
<li>Métodos idóneos de marcaje: serigrafía,  transfer, vinilo, bordados, cosidos.</li>
<li>Ideal como <b>pantalón corto deportivo</b> en actividades acuáticas: <b>ropa laboral</b> de socorristas, monitores, y como <b>bañador</b> para uso personal.</li>
</ul></div>
</div>
<div class="product-pdf">
<p><a href="https://valento.es/?service=ServeDocuments&amp;function=serve_datasheet&amp;article_ref=BEVABUC" target="_blank" rel="noopener">Descargar ficha técnica (PDF)</a></p>
</div>

<p>Bañador de secado rápido VALENTO BUCANAN de Valento. Disponible en la categoría Pantalones Cortos Deportivos Y Banadores. Envío rápido 24/48h.</p>
