{"id":327483,"date":"2026-03-06T01:44:39","date_gmt":"2026-03-06T01:44:39","guid":{"rendered":"https:\/\/grupotextil.es\/?post_type=product&#038;p=327483"},"modified":"2026-03-06T01:44:39","modified_gmt":"2026-03-06T01:44:39","slug":"pantalon-corto-tecnico-valento-airflow","status":"publish","type":"product","link":"https:\/\/grupotextil.es\/ca\/product\/pantalon-corto-tecnico-valento-airflow\/","title":{"rendered":"Pantal\u00f3n corto t\u00e9cnico VALENTO AIRFLOW"},"content":{"rendered":"<div class=\"product-description\">\n<div class=\"article_characteristics\">\n<ul style=\"margin-block-start: 0;\" >\n<li><b>Pantal\u00f3n corto deportivo<\/b> t\u00e9cnico.<\/li>\n<li>Confeccionado en <b>tejido t\u00e9cnico transpirable<\/b> que favorece el <b>secado r\u00e1pido<\/b> y la eliminaci\u00f3n del sudor.<\/li>\n<li>Cintura entera con goma el\u00e1stica y cord\u00f3n regulador para un mejor ajuste y mayor comodidad.<\/li>\n<li>Costuras sobrehiladas, refuerzo en bragueta y doble pespunte en bajo que aumenta su resistencia.<\/li>\n<li>Dos bolsillos oblicuos en caderas y dos traseros tipo parche para tener todo accesible.<\/li>\n<li>M\u00e9todos id\u00f3neos de marcaje: serigraf\u00eda, transfer, bordados, cosidos.<\/li>\n<li>Ideal como <b>ropa deportiva<\/b> y uso diario.<\/li>\n<\/ul><\/div>\n<\/div>\n<div class=\"product-pdf\">\n<p><a href=\"https:\/\/valento.es\/?service=ServeDocuments&amp;function=serve_datasheet&amp;article_ref=BEVAAIR\" target=\"_blank\" rel=\"noopener\">Descargar ficha t\u00e9cnica (PDF)<\/a><\/p>\n<\/div>","protected":false},"excerpt":{"rendered":"<p>Pantal\u00f3n corto t\u00e9cnico VALENTO AIRFLOW de Valento. Disponible en la categor\u00eda Pantalones Cortos Deportivos Y Banadores. Env\u00edo r\u00e1pido 24\/48h.<\/p>","protected":false},"featured_media":327484,"comment_status":"open","ping_status":"closed","template":"","meta":{"_acf_changed":false},"product_brand":[11282],"product_cat":[13984,13993,13974,13975,13973],"product_tag":[],"class_list":{"0":"post-327483","1":"product","2":"type-product","3":"status-publish","4":"has-post-thumbnail","6":"product_brand-valento","7":"product_cat-h-bermudas","8":"product_cat-m-bermudas","9":"product_cat-ropa-hombre","10":"product_cat-ropa-mujer","11":"product_cat-ropa","12":"tm-no-options","14":"first","15":"instock","16":"taxable","17":"shipping-taxable","18":"product-type-variable"},"acf":[],"_links":{"self":[{"href":"https:\/\/grupotextil.es\/ca\/wp-json\/wp\/v2\/product\/327483","targetHints":{"allow":["GET"]}}],"collection":[{"href":"https:\/\/grupotextil.es\/ca\/wp-json\/wp\/v2\/product"}],"about":[{"href":"https:\/\/grupotextil.es\/ca\/wp-json\/wp\/v2\/types\/product"}],"replies":[{"embeddable":true,"href":"https:\/\/grupotextil.es\/ca\/wp-json\/wp\/v2\/comments?post=327483"}],"wp:featuredmedia":[{"embeddable":true,"href":"https:\/\/grupotextil.es\/ca\/wp-json\/wp\/v2\/media\/327484"}],"wp:attachment":[{"href":"https:\/\/grupotextil.es\/ca\/wp-json\/wp\/v2\/media?parent=327483"}],"wp:term":[{"taxonomy":"product_brand","embeddable":true,"href":"https:\/\/grupotextil.es\/ca\/wp-json\/wp\/v2\/product_brand?post=327483"},{"taxonomy":"product_cat","embeddable":true,"href":"https:\/\/grupotextil.es\/ca\/wp-json\/wp\/v2\/product_cat?post=327483"},{"taxonomy":"product_tag","embeddable":true,"href":"https:\/\/grupotextil.es\/ca\/wp-json\/wp\/v2\/product_tag?post=327483"}],"curies":[{"name":"wp","href":"https:\/\/api.w.org\/{rel}","templated":true}]}}

Pantalón corto técnico VALENTO AIRFLOW

<div class="product-description">
<div class="article_characteristics">
<ul style="margin-block-start: 0;" >
<li><b>Pantalón corto deportivo</b> técnico.</li>
<li>Confeccionado en <b>tejido técnico transpirable</b> que favorece el <b>secado rápido</b> y la eliminación del sudor.</li>
<li>Cintura entera con goma elástica y cordón regulador para un mejor ajuste y mayor comodidad.</li>
<li>Costuras sobrehiladas, refuerzo en bragueta y doble pespunte en bajo que aumenta su resistencia.</li>
<li>Dos bolsillos oblicuos en caderas y dos traseros tipo parche para tener todo accesible.</li>
<li>Métodos idóneos de marcaje: serigrafía, transfer, bordados, cosidos.</li>
<li>Ideal como <b>ropa deportiva</b> y uso diario.</li>
</ul></div>
</div>
<div class="product-pdf">
<p><a href="https://valento.es/?service=ServeDocuments&amp;function=serve_datasheet&amp;article_ref=BEVAAIR" target="_blank" rel="noopener">Descargar ficha técnica (PDF)</a></p>
</div>

<p>Pantalón corto técnico VALENTO AIRFLOW de Valento. Disponible en la categoría Pantalones Cortos Deportivos Y Banadores. Envío rápido 24/48h.</p>
