{"id":327636,"date":"2026-03-06T01:44:44","date_gmt":"2026-03-06T01:44:44","guid":{"rendered":"https:\/\/grupotextil.es\/?post_type=product&#038;p=327636"},"modified":"2026-03-06T01:44:44","modified_gmt":"2026-03-06T01:44:44","slug":"pantalon-corto-deportivo-valento-titan","status":"publish","type":"product","link":"https:\/\/grupotextil.es\/ca\/product\/pantalon-corto-deportivo-valento-titan\/","title":{"rendered":"Pantal\u00f3n corto deportivo VALENTO TITAN"},"content":{"rendered":"<div class=\"product-description\">\n<div class=\"article_characteristics\">\n<ul style=\"margin-block-start: 0;\" >\n<li><b>Pantal\u00f3n corto deportivo<\/b> con <b>bolsillos<\/b>.<\/li>\n<li>Confeccionado en <b>tejido transpirable<\/b> de poli\u00e9ster <b>bi-el\u00e1stico<\/b> con elastano que aporta mayor movilidad.<\/li>\n<li>Cintura entera de goma el\u00e1stica que se adapta c\u00f3modamente.<\/li>\n<li>Dos <b>bolsillos<\/b> oblicuos en cintura y uno trasero central con cierre de cremallera para mantener los objetos personales seguros mientras se practica deporte.<\/li>\n<li>Doble pespunte en bajo que aumenta su resistencia.<\/li>\n<li>M\u00e9todos id\u00f3neos de marcaje: serigraf\u00eda, transfer, vinilo.<\/li>\n<li>Ideal para la pr\u00e1ctica de actividades f\u00edsicas y deportivas.<\/li>\n<\/ul><\/div>\n<\/div>\n<div class=\"product-pdf\">\n<p><a href=\"https:\/\/valento.es\/?service=ServeDocuments&amp;function=serve_datasheet&amp;article_ref=BEVATIT\" target=\"_blank\" rel=\"noopener\">Descargar ficha t\u00e9cnica (PDF)<\/a><\/p>\n<\/div>","protected":false},"excerpt":{"rendered":"<p>Pantal\u00f3n corto deportivo VALENTO TITAN de Valento. Disponible en la categor\u00eda Pantalones Cortos Deportivos Y Banadores. Env\u00edo r\u00e1pido 24\/48h.<\/p>","protected":false},"featured_media":327637,"comment_status":"open","ping_status":"closed","template":"","meta":{"_acf_changed":false},"product_brand":[11282],"product_cat":[13984,13993,13974,13975,13973],"product_tag":[],"class_list":{"0":"post-327636","1":"product","2":"type-product","3":"status-publish","4":"has-post-thumbnail","6":"product_brand-valento","7":"product_cat-h-bermudas","8":"product_cat-m-bermudas","9":"product_cat-ropa-hombre","10":"product_cat-ropa-mujer","11":"product_cat-ropa","12":"tm-no-options","14":"first","15":"instock","16":"taxable","17":"shipping-taxable","18":"product-type-variable"},"acf":[],"_links":{"self":[{"href":"https:\/\/grupotextil.es\/ca\/wp-json\/wp\/v2\/product\/327636","targetHints":{"allow":["GET"]}}],"collection":[{"href":"https:\/\/grupotextil.es\/ca\/wp-json\/wp\/v2\/product"}],"about":[{"href":"https:\/\/grupotextil.es\/ca\/wp-json\/wp\/v2\/types\/product"}],"replies":[{"embeddable":true,"href":"https:\/\/grupotextil.es\/ca\/wp-json\/wp\/v2\/comments?post=327636"}],"wp:featuredmedia":[{"embeddable":true,"href":"https:\/\/grupotextil.es\/ca\/wp-json\/wp\/v2\/media\/327637"}],"wp:attachment":[{"href":"https:\/\/grupotextil.es\/ca\/wp-json\/wp\/v2\/media?parent=327636"}],"wp:term":[{"taxonomy":"product_brand","embeddable":true,"href":"https:\/\/grupotextil.es\/ca\/wp-json\/wp\/v2\/product_brand?post=327636"},{"taxonomy":"product_cat","embeddable":true,"href":"https:\/\/grupotextil.es\/ca\/wp-json\/wp\/v2\/product_cat?post=327636"},{"taxonomy":"product_tag","embeddable":true,"href":"https:\/\/grupotextil.es\/ca\/wp-json\/wp\/v2\/product_tag?post=327636"}],"curies":[{"name":"wp","href":"https:\/\/api.w.org\/{rel}","templated":true}]}}

Pantalón corto deportivo VALENTO TITAN

<div class="product-description">
<div class="article_characteristics">
<ul style="margin-block-start: 0;" >
<li><b>Pantalón corto deportivo</b> con <b>bolsillos</b>.</li>
<li>Confeccionado en <b>tejido transpirable</b> de poliéster <b>bi-elástico</b> con elastano que aporta mayor movilidad.</li>
<li>Cintura entera de goma elástica que se adapta cómodamente.</li>
<li>Dos <b>bolsillos</b> oblicuos en cintura y uno trasero central con cierre de cremallera para mantener los objetos personales seguros mientras se practica deporte.</li>
<li>Doble pespunte en bajo que aumenta su resistencia.</li>
<li>Métodos idóneos de marcaje: serigrafía, transfer, vinilo.</li>
<li>Ideal para la práctica de actividades físicas y deportivas.</li>
</ul></div>
</div>
<div class="product-pdf">
<p><a href="https://valento.es/?service=ServeDocuments&amp;function=serve_datasheet&amp;article_ref=BEVATIT" target="_blank" rel="noopener">Descargar ficha técnica (PDF)</a></p>
</div>

<p>Pantalón corto deportivo VALENTO TITAN de Valento. Disponible en la categoría Pantalones Cortos Deportivos Y Banadores. Envío rápido 24/48h.</p>
