{"id":330266,"date":"2026-03-06T01:45:31","date_gmt":"2026-03-06T01:45:31","guid":{"rendered":"https:\/\/grupotextil.es\/?post_type=product&#038;p=330266"},"modified":"2026-03-06T01:45:31","modified_gmt":"2026-03-06T01:45:31","slug":"forro-polar-con-bolsillos-valento-jason","status":"publish","type":"product","link":"https:\/\/grupotextil.es\/ca\/product\/forro-polar-con-bolsillos-valento-jason\/","title":{"rendered":"Forro polar con bolsillos VALENTO JASON"},"content":{"rendered":"<div class=\"product-description\">\n<div class=\"article_characteristics\">\n<ul style=\"margin-block-start: 0;\" >\n<li><b>Forro polar<\/b> con <b>bolsillos<\/b>, econ\u00f3mico y vers\u00e1til.<\/li>\n<li>Confeccionado en tejido polar con <b>anti-pilling<\/b> exterior y perchado interior que aporta alta retenci\u00f3n t\u00e9rmica.<\/li>\n<li>Cuello alto de doble capa, con cierre frontal de <b>cremallera entera<\/b> para mayor calidez y confort.<\/li>\n<li>Pu\u00f1os con goma fruncida y bajo con doble pespunte que aumenta su resistencia.<\/li>\n<li>Dos <b>bolsillos<\/b> oblicuos con cremallera para tener todo accesible.<\/li>\n<li>M\u00e9todos id\u00f3neos de marcaje: bordados, cosidos.<\/li>\n<li>Ideal como <b>ropa laboral<\/b>, <b>textil promocional<\/b> y <b>ropa casual<\/b>.<\/li>\n<\/ul><\/div>\n<\/div>\n<div class=\"product-pdf\">\n<p><a href=\"https:\/\/valento.es\/?service=ServeDocuments&amp;function=serve_datasheet&amp;article_ref=CQVAJAS\" target=\"_blank\" rel=\"noopener\">Descargar ficha t\u00e9cnica (PDF)<\/a><\/p>\n<\/div>","protected":false},"excerpt":{"rendered":"<p>Forro polar con bolsillos VALENTO JASON de Valento. Disponible en la categor\u00eda Polares. Env\u00edo r\u00e1pido 24\/48h.<\/p>","protected":false},"featured_media":330267,"comment_status":"open","ping_status":"closed","template":"","meta":{"_acf_changed":false},"product_brand":[11282],"product_cat":[13990,13981,13974,13975,13973],"product_tag":[],"class_list":{"0":"post-330266","1":"product","2":"type-product","3":"status-publish","4":"has-post-thumbnail","6":"product_brand-valento","7":"product_cat-m-chaquetas-y-abrigos","8":"product_cat-h-chaquetas-y-abrigos","9":"product_cat-ropa-hombre","10":"product_cat-ropa-mujer","11":"product_cat-ropa","12":"tm-no-options","14":"first","15":"instock","16":"taxable","17":"shipping-taxable","18":"product-type-variable"},"acf":[],"_links":{"self":[{"href":"https:\/\/grupotextil.es\/ca\/wp-json\/wp\/v2\/product\/330266","targetHints":{"allow":["GET"]}}],"collection":[{"href":"https:\/\/grupotextil.es\/ca\/wp-json\/wp\/v2\/product"}],"about":[{"href":"https:\/\/grupotextil.es\/ca\/wp-json\/wp\/v2\/types\/product"}],"replies":[{"embeddable":true,"href":"https:\/\/grupotextil.es\/ca\/wp-json\/wp\/v2\/comments?post=330266"}],"wp:featuredmedia":[{"embeddable":true,"href":"https:\/\/grupotextil.es\/ca\/wp-json\/wp\/v2\/media\/330267"}],"wp:attachment":[{"href":"https:\/\/grupotextil.es\/ca\/wp-json\/wp\/v2\/media?parent=330266"}],"wp:term":[{"taxonomy":"product_brand","embeddable":true,"href":"https:\/\/grupotextil.es\/ca\/wp-json\/wp\/v2\/product_brand?post=330266"},{"taxonomy":"product_cat","embeddable":true,"href":"https:\/\/grupotextil.es\/ca\/wp-json\/wp\/v2\/product_cat?post=330266"},{"taxonomy":"product_tag","embeddable":true,"href":"https:\/\/grupotextil.es\/ca\/wp-json\/wp\/v2\/product_tag?post=330266"}],"curies":[{"name":"wp","href":"https:\/\/api.w.org\/{rel}","templated":true}]}}

<div class="product-description">
<div class="article_characteristics">
<ul style="margin-block-start: 0;" >
<li><b>Forro polar</b> con <b>bolsillos</b>, económico y versátil.</li>
<li>Confeccionado en tejido polar con <b>anti-pilling</b> exterior y perchado interior que aporta alta retención térmica.</li>
<li>Cuello alto de doble capa, con cierre frontal de <b>cremallera entera</b> para mayor calidez y confort.</li>
<li>Puños con goma fruncida y bajo con doble pespunte que aumenta su resistencia.</li>
<li>Dos <b>bolsillos</b> oblicuos con cremallera para tener todo accesible.</li>
<li>Métodos idóneos de marcaje: bordados, cosidos.</li>
<li>Ideal como <b>ropa laboral</b>, <b>textil promocional</b> y <b>ropa casual</b>.</li>
</ul></div>
</div>
<div class="product-pdf">
<p><a href="https://valento.es/?service=ServeDocuments&amp;function=serve_datasheet&amp;article_ref=CQVAJAS" target="_blank" rel="noopener">Descargar ficha técnica (PDF)</a></p>
</div>

<p>Forro polar con bolsillos VALENTO JASON de Valento. Disponible en la categoría Polares. Envío rápido 24/48h.</p>
