{"id":331053,"date":"2026-03-06T01:45:46","date_gmt":"2026-03-06T01:45:46","guid":{"rendered":"https:\/\/grupotextil.es\/?post_type=product&#038;p=331053"},"modified":"2026-03-06T01:45:46","modified_gmt":"2026-03-06T01:45:46","slug":"jersey-polar-de-mujer-valento-dafne","status":"publish","type":"product","link":"https:\/\/grupotextil.es\/ca\/product\/jersey-polar-de-mujer-valento-dafne\/","title":{"rendered":"Jersey polar de mujer VALENTO DAFNE"},"content":{"rendered":"<div class=\"product-description\">\n<div class=\"article_characteristics\">\n<ul style=\"margin-block-start: 0;\" >\n<li><b>Jersey polar<\/b> de <b>mujer<\/b>, con <b>media cremallera<\/b> y corte entallado.<\/li>\n<li>Confeccionado en tejido micro-polar ligero con perchado <b>anti-pilling<\/b> exterior y perchado interior que aporta buena retenci\u00f3n t\u00e9rmica.<\/li>\n<li>Cuello alto de doble capa con cierre de <b>media cremallera<\/b> que aporta calidez o ventilaci\u00f3n adicional, seg\u00fan la estaci\u00f3n del a\u00f1o.<\/li>\n<li>Incluye protector de barbilla para mayor confort.<\/li>\n<li>Doble costura en cuello, hombros, pu\u00f1os y bajo que aumenta su resistencia.<\/li>\n<li>M\u00e9todos id\u00f3neos de marcaje: bordados, cosidos.<\/li>\n<li>Ideal como <b>ropa laboral<\/b>, <b>ropa casual<\/b> y <b>textil promocional<\/b>.<\/li>\n<\/ul><\/div>\n<\/div>\n<div class=\"product-pdf\">\n<p><a href=\"https:\/\/valento.es\/?service=ServeDocuments&amp;function=serve_datasheet&amp;article_ref=JEVADAF\" target=\"_blank\" rel=\"noopener\">Descargar ficha t\u00e9cnica (PDF)<\/a><\/p>\n<\/div>","protected":false},"excerpt":{"rendered":"<p>Jersey polar de mujer VALENTO DAFNE de Valento. Disponible en la categor\u00eda Polares. Env\u00edo r\u00e1pido 24\/48h.<\/p>","protected":false},"featured_media":331054,"comment_status":"open","ping_status":"closed","template":"","meta":{"_acf_changed":false},"product_brand":[11282],"product_cat":[13981,13990,13974,13975,13973,13980,13989],"product_tag":[],"class_list":{"0":"post-331053","1":"product","2":"type-product","3":"status-publish","4":"has-post-thumbnail","6":"product_brand-valento","7":"product_cat-h-chaquetas-y-abrigos","8":"product_cat-m-chaquetas-y-abrigos","9":"product_cat-ropa-hombre","10":"product_cat-ropa-mujer","11":"product_cat-ropa","12":"product_cat-h-sudaderas","13":"product_cat-m-sudaderas","14":"tm-no-options","16":"first","17":"instock","18":"taxable","19":"shipping-taxable","20":"product-type-variable"},"acf":[],"_links":{"self":[{"href":"https:\/\/grupotextil.es\/ca\/wp-json\/wp\/v2\/product\/331053","targetHints":{"allow":["GET"]}}],"collection":[{"href":"https:\/\/grupotextil.es\/ca\/wp-json\/wp\/v2\/product"}],"about":[{"href":"https:\/\/grupotextil.es\/ca\/wp-json\/wp\/v2\/types\/product"}],"replies":[{"embeddable":true,"href":"https:\/\/grupotextil.es\/ca\/wp-json\/wp\/v2\/comments?post=331053"}],"wp:featuredmedia":[{"embeddable":true,"href":"https:\/\/grupotextil.es\/ca\/wp-json\/wp\/v2\/media\/331054"}],"wp:attachment":[{"href":"https:\/\/grupotextil.es\/ca\/wp-json\/wp\/v2\/media?parent=331053"}],"wp:term":[{"taxonomy":"product_brand","embeddable":true,"href":"https:\/\/grupotextil.es\/ca\/wp-json\/wp\/v2\/product_brand?post=331053"},{"taxonomy":"product_cat","embeddable":true,"href":"https:\/\/grupotextil.es\/ca\/wp-json\/wp\/v2\/product_cat?post=331053"},{"taxonomy":"product_tag","embeddable":true,"href":"https:\/\/grupotextil.es\/ca\/wp-json\/wp\/v2\/product_tag?post=331053"}],"curies":[{"name":"wp","href":"https:\/\/api.w.org\/{rel}","templated":true}]}}

<div class="product-description">
<div class="article_characteristics">
<ul style="margin-block-start: 0;" >
<li><b>Jersey polar</b> de <b>mujer</b>, con <b>media cremallera</b> y corte entallado.</li>
<li>Confeccionado en tejido micro-polar ligero con perchado <b>anti-pilling</b> exterior y perchado interior que aporta buena retención térmica.</li>
<li>Cuello alto de doble capa con cierre de <b>media cremallera</b> que aporta calidez o ventilación adicional, según la estación del año.</li>
<li>Incluye protector de barbilla para mayor confort.</li>
<li>Doble costura en cuello, hombros, puños y bajo que aumenta su resistencia.</li>
<li>Métodos idóneos de marcaje: bordados, cosidos.</li>
<li>Ideal como <b>ropa laboral</b>, <b>ropa casual</b> y <b>textil promocional</b>.</li>
</ul></div>
</div>
<div class="product-pdf">
<p><a href="https://valento.es/?service=ServeDocuments&amp;function=serve_datasheet&amp;article_ref=JEVADAF" target="_blank" rel="noopener">Descargar ficha técnica (PDF)</a></p>
</div>

<p>Jersey polar de mujer VALENTO DAFNE de Valento. Disponible en la categoría Polares. Envío rápido 24/48h.</p>
