{"id":331110,"date":"2026-03-06T01:45:48","date_gmt":"2026-03-06T01:45:48","guid":{"rendered":"https:\/\/grupotextil.es\/?post_type=product&#038;p=331110"},"modified":"2026-03-06T01:45:48","modified_gmt":"2026-03-06T01:45:48","slug":"forro-polar-de-doble-capa-valento-wind","status":"publish","type":"product","link":"https:\/\/grupotextil.es\/ca\/product\/forro-polar-de-doble-capa-valento-wind\/","title":{"rendered":"Forro polar de doble capa VALENTO WIND"},"content":{"rendered":"<div class=\"product-description\">\n<div class=\"article_characteristics\">\n<ul style=\"margin-block-start: 0;\" >\n<li><b>Forro polar<\/b> grueso con dos <b>bolsillos<\/b>.<\/li>\n<li>Confeccionado en tejido polar grueso de doble capa que aporta alta retenci\u00f3n t\u00e9rmica con <b>anti-pilling<\/b> en ambas caras para un mejor acabado.<\/li>\n<li>Cuello alto de doble capa y cierre de <b>cremallera entera<\/b> para mayor calidez y confort, cinta interior en el cuello y refuerzo semicircular en la espalda que mantiene su forma.<\/li>\n<li>Pu\u00f1os con goma fruncida y bajo recto con cord\u00f3n el\u00e1stico y freno para un ajuste c\u00f3modo.<\/li>\n<li>Dos <b>bolsillos<\/b> oblicuos con cremallera y tapeta para tener todo accesible.<\/li>\n<li>M\u00e9todos id\u00f3neos de marcaje: bordados, cosidos.<\/li>\n<li>Ideal como <b>ropa laboral<\/b>, <b>ropa deportiva<\/b> y <b>textil promocional<\/b>.<\/li>\n<\/ul><\/div>\n<\/div>\n<div class=\"product-pdf\">\n<p><a href=\"https:\/\/valento.es\/?service=ServeDocuments&amp;function=serve_datasheet&amp;article_ref=CQVAWND\" target=\"_blank\" rel=\"noopener\">Descargar ficha t\u00e9cnica (PDF)<\/a><\/p>\n<\/div>","protected":false},"excerpt":{"rendered":"<p>Forro polar de doble capa VALENTO WIND de Valento. Disponible en la categor\u00eda Polares. Env\u00edo r\u00e1pido 24\/48h.<\/p>","protected":false},"featured_media":331111,"comment_status":"open","ping_status":"closed","template":"","meta":{"_acf_changed":false},"product_brand":[11282],"product_cat":[13981,13990,13974,13975,13973],"product_tag":[],"class_list":{"0":"post-331110","1":"product","2":"type-product","3":"status-publish","4":"has-post-thumbnail","6":"product_brand-valento","7":"product_cat-h-chaquetas-y-abrigos","8":"product_cat-m-chaquetas-y-abrigos","9":"product_cat-ropa-hombre","10":"product_cat-ropa-mujer","11":"product_cat-ropa","12":"tm-no-options","14":"first","15":"instock","16":"taxable","17":"shipping-taxable","18":"product-type-variable"},"acf":[],"_links":{"self":[{"href":"https:\/\/grupotextil.es\/ca\/wp-json\/wp\/v2\/product\/331110","targetHints":{"allow":["GET"]}}],"collection":[{"href":"https:\/\/grupotextil.es\/ca\/wp-json\/wp\/v2\/product"}],"about":[{"href":"https:\/\/grupotextil.es\/ca\/wp-json\/wp\/v2\/types\/product"}],"replies":[{"embeddable":true,"href":"https:\/\/grupotextil.es\/ca\/wp-json\/wp\/v2\/comments?post=331110"}],"wp:featuredmedia":[{"embeddable":true,"href":"https:\/\/grupotextil.es\/ca\/wp-json\/wp\/v2\/media\/331111"}],"wp:attachment":[{"href":"https:\/\/grupotextil.es\/ca\/wp-json\/wp\/v2\/media?parent=331110"}],"wp:term":[{"taxonomy":"product_brand","embeddable":true,"href":"https:\/\/grupotextil.es\/ca\/wp-json\/wp\/v2\/product_brand?post=331110"},{"taxonomy":"product_cat","embeddable":true,"href":"https:\/\/grupotextil.es\/ca\/wp-json\/wp\/v2\/product_cat?post=331110"},{"taxonomy":"product_tag","embeddable":true,"href":"https:\/\/grupotextil.es\/ca\/wp-json\/wp\/v2\/product_tag?post=331110"}],"curies":[{"name":"wp","href":"https:\/\/api.w.org\/{rel}","templated":true}]}}

<div class="product-description">
<div class="article_characteristics">
<ul style="margin-block-start: 0;" >
<li><b>Forro polar</b> grueso con dos <b>bolsillos</b>.</li>
<li>Confeccionado en tejido polar grueso de doble capa que aporta alta retención térmica con <b>anti-pilling</b> en ambas caras para un mejor acabado.</li>
<li>Cuello alto de doble capa y cierre de <b>cremallera entera</b> para mayor calidez y confort, cinta interior en el cuello y refuerzo semicircular en la espalda que mantiene su forma.</li>
<li>Puños con goma fruncida y bajo recto con cordón elástico y freno para un ajuste cómodo.</li>
<li>Dos <b>bolsillos</b> oblicuos con cremallera y tapeta para tener todo accesible.</li>
<li>Métodos idóneos de marcaje: bordados, cosidos.</li>
<li>Ideal como <b>ropa laboral</b>, <b>ropa deportiva</b> y <b>textil promocional</b>.</li>
</ul></div>
</div>
<div class="product-pdf">
<p><a href="https://valento.es/?service=ServeDocuments&amp;function=serve_datasheet&amp;article_ref=CQVAWND" target="_blank" rel="noopener">Descargar ficha técnica (PDF)</a></p>
</div>

<p>Forro polar de doble capa VALENTO WIND de Valento. Disponible en la categoría Polares. Envío rápido 24/48h.</p>
