{"id":336400,"date":"2026-03-06T01:47:13","date_gmt":"2026-03-06T01:47:13","guid":{"rendered":"https:\/\/grupotextil.es\/?post_type=product&#038;p=336400"},"modified":"2026-03-06T01:47:13","modified_gmt":"2026-03-06T01:47:13","slug":"cargador-de-bateria-valento-calefactable","status":"publish","type":"product","link":"https:\/\/grupotextil.es\/ca\/product\/cargador-de-bateria-valento-calefactable\/","title":{"rendered":"Cargador de bater\u00eda VALENTO CALEFACTABLE"},"content":{"rendered":"<div class=\"product-description\">\n<div class=\"article_characteristics\">\n<ul style=\"margin-block-start: 0;\" >\n<li><b>Cargador<\/b> de <b>bater\u00eda<\/b> para <b>ropa calefactable<\/b>.<\/li>\n<\/ul><\/div>\n<\/div>\n<div class=\"product-pdf\">\n<p><a href=\"https:\/\/valento.es\/?service=ServeDocuments&amp;function=serve_datasheet&amp;article_ref=CGVACAL\" target=\"_blank\" rel=\"noopener\">Descargar ficha t\u00e9cnica (PDF)<\/a><\/p>\n<\/div>","protected":false},"excerpt":{"rendered":"<p>Cargador de bater\u00eda VALENTO CALEFACTABLE de Valento. Disponible en la categor\u00eda Ropa Calefactable. Env\u00edo r\u00e1pido 24\/48h.<\/p>","protected":false},"featured_media":336401,"comment_status":"open","ping_status":"closed","template":"","meta":{"_acf_changed":false},"product_brand":[11282],"product_cat":[13939],"product_tag":[],"class_list":{"0":"post-336400","1":"product","2":"type-product","3":"status-publish","4":"has-post-thumbnail","6":"product_brand-valento","7":"product_cat-deportivo","8":"tm-no-options","10":"first","11":"instock","12":"taxable","13":"shipping-taxable","14":"product-type-variable"},"acf":[],"_links":{"self":[{"href":"https:\/\/grupotextil.es\/ca\/wp-json\/wp\/v2\/product\/336400","targetHints":{"allow":["GET"]}}],"collection":[{"href":"https:\/\/grupotextil.es\/ca\/wp-json\/wp\/v2\/product"}],"about":[{"href":"https:\/\/grupotextil.es\/ca\/wp-json\/wp\/v2\/types\/product"}],"replies":[{"embeddable":true,"href":"https:\/\/grupotextil.es\/ca\/wp-json\/wp\/v2\/comments?post=336400"}],"wp:featuredmedia":[{"embeddable":true,"href":"https:\/\/grupotextil.es\/ca\/wp-json\/wp\/v2\/media\/336401"}],"wp:attachment":[{"href":"https:\/\/grupotextil.es\/ca\/wp-json\/wp\/v2\/media?parent=336400"}],"wp:term":[{"taxonomy":"product_brand","embeddable":true,"href":"https:\/\/grupotextil.es\/ca\/wp-json\/wp\/v2\/product_brand?post=336400"},{"taxonomy":"product_cat","embeddable":true,"href":"https:\/\/grupotextil.es\/ca\/wp-json\/wp\/v2\/product_cat?post=336400"},{"taxonomy":"product_tag","embeddable":true,"href":"https:\/\/grupotextil.es\/ca\/wp-json\/wp\/v2\/product_tag?post=336400"}],"curies":[{"name":"wp","href":"https:\/\/api.w.org\/{rel}","templated":true}]}}

Cargador de batería VALENTO CALEFACTABLE

<div class="product-description">
<div class="article_characteristics">
<ul style="margin-block-start: 0;" >
<li><b>Cargador</b> de <b>batería</b> para <b>ropa calefactable</b>.</li>
</ul></div>
</div>
<div class="product-pdf">
<p><a href="https://valento.es/?service=ServeDocuments&amp;function=serve_datasheet&amp;article_ref=CGVACAL" target="_blank" rel="noopener">Descargar ficha técnica (PDF)</a></p>
</div>

<p>Cargador de batería VALENTO CALEFACTABLE de Valento. Disponible en la categoría Ropa Calefactable. Envío rápido 24/48h.</p>
