{"id":337454,"date":"2026-03-06T01:47:25","date_gmt":"2026-03-06T01:47:25","guid":{"rendered":"https:\/\/grupotextil.es\/?post_type=product&#038;p=337454"},"modified":"2026-03-06T01:47:25","modified_gmt":"2026-03-06T01:47:25","slug":"chubasquero-ligero-y-plegable-valento-rain","status":"publish","type":"product","link":"https:\/\/grupotextil.es\/ca\/product\/chubasquero-ligero-y-plegable-valento-rain\/","title":{"rendered":"Chubasquero ligero y plegable VALENTO RAIN"},"content":{"rendered":"<div class=\"product-description\">\n<div class=\"article_characteristics\">\n<ul style=\"margin-block-start: 0;\" >\n<li><b>Chubasquero<\/b> ligero y plegable.<\/li>\n<li>Confeccionado en tejido plano con acabado hidro-repelente para un mayor confort.<\/li>\n<li>Capucha retr\u00e1ctil con cord\u00f3n, recogida en el bolsillo del cuello con cremallera.<\/li>\n<li>Pu\u00f1os con fruncido el\u00e1stico y bajo recto con cord\u00f3n regulador para un c\u00f3modo ajuste.<\/li>\n<li>Dos bolsillos oblicuos con cremallera, uno de ellos con goma el\u00e1stica (en color negro, salvo modelos verde kelly y naranja fiesta que es color blanco) y cierre a presi\u00f3n que permite recoger el <b>chubasquero<\/b> en su funda y llevarlo colgado.<\/li>\n<li>M\u00e9todos id\u00f3neos de marcaje: serigraf\u00eda, transfer, vinilo.<\/li>\n<li>Ideal como <b>textil promocional<\/b>, complemento de <b>ropa laboral<\/b> y actividades en exteriores.<\/li>\n<\/ul><\/div>\n<\/div>\n<div class=\"product-pdf\">\n<p><a href=\"https:\/\/valento.es\/?service=ServeDocuments&amp;function=serve_datasheet&amp;article_ref=CVVARAI\" target=\"_blank\" rel=\"noopener\">Descargar ficha t\u00e9cnica (PDF)<\/a><\/p>\n<\/div>","protected":false},"excerpt":{"rendered":"<p>Chubasquero ligero y plegable VALENTO RAIN de Valento. Disponible en la categor\u00eda Ropa De Lluvia. Env\u00edo r\u00e1pido 24\/48h.<\/p>","protected":false},"featured_media":337455,"comment_status":"open","ping_status":"closed","template":"","meta":{"_acf_changed":false},"product_brand":[11282],"product_cat":[13981,13990,13939,13974,13975,13973],"product_tag":[],"class_list":{"0":"post-337454","1":"product","2":"type-product","3":"status-publish","4":"has-post-thumbnail","6":"product_brand-valento","7":"product_cat-h-chaquetas-y-abrigos","8":"product_cat-m-chaquetas-y-abrigos","9":"product_cat-deportivo","10":"product_cat-ropa-hombre","11":"product_cat-ropa-mujer","12":"product_cat-ropa","13":"tm-no-options","15":"first","16":"instock","17":"taxable","18":"shipping-taxable","19":"product-type-variable"},"acf":[],"_links":{"self":[{"href":"https:\/\/grupotextil.es\/ca\/wp-json\/wp\/v2\/product\/337454","targetHints":{"allow":["GET"]}}],"collection":[{"href":"https:\/\/grupotextil.es\/ca\/wp-json\/wp\/v2\/product"}],"about":[{"href":"https:\/\/grupotextil.es\/ca\/wp-json\/wp\/v2\/types\/product"}],"replies":[{"embeddable":true,"href":"https:\/\/grupotextil.es\/ca\/wp-json\/wp\/v2\/comments?post=337454"}],"wp:featuredmedia":[{"embeddable":true,"href":"https:\/\/grupotextil.es\/ca\/wp-json\/wp\/v2\/media\/337455"}],"wp:attachment":[{"href":"https:\/\/grupotextil.es\/ca\/wp-json\/wp\/v2\/media?parent=337454"}],"wp:term":[{"taxonomy":"product_brand","embeddable":true,"href":"https:\/\/grupotextil.es\/ca\/wp-json\/wp\/v2\/product_brand?post=337454"},{"taxonomy":"product_cat","embeddable":true,"href":"https:\/\/grupotextil.es\/ca\/wp-json\/wp\/v2\/product_cat?post=337454"},{"taxonomy":"product_tag","embeddable":true,"href":"https:\/\/grupotextil.es\/ca\/wp-json\/wp\/v2\/product_tag?post=337454"}],"curies":[{"name":"wp","href":"https:\/\/api.w.org\/{rel}","templated":true}]}}

<div class="product-description">
<div class="article_characteristics">
<ul style="margin-block-start: 0;" >
<li><b>Chubasquero</b> ligero y plegable.</li>
<li>Confeccionado en tejido plano con acabado hidro-repelente para un mayor confort.</li>
<li>Capucha retráctil con cordón, recogida en el bolsillo del cuello con cremallera.</li>
<li>Puños con fruncido elástico y bajo recto con cordón regulador para un cómodo ajuste.</li>
<li>Dos bolsillos oblicuos con cremallera, uno de ellos con goma elástica (en color negro, salvo modelos verde kelly y naranja fiesta que es color blanco) y cierre a presión que permite recoger el <b>chubasquero</b> en su funda y llevarlo colgado.</li>
<li>Métodos idóneos de marcaje: serigrafía, transfer, vinilo.</li>
<li>Ideal como <b>textil promocional</b>, complemento de <b>ropa laboral</b> y actividades en exteriores.</li>
</ul></div>
</div>
<div class="product-pdf">
<p><a href="https://valento.es/?service=ServeDocuments&amp;function=serve_datasheet&amp;article_ref=CVVARAI" target="_blank" rel="noopener">Descargar ficha técnica (PDF)</a></p>
</div>

<p>Chubasquero ligero y plegable VALENTO RAIN de Valento. Disponible en la categoría Ropa De Lluvia. Envío rápido 24/48h.</p>
