{"id":337689,"date":"2026-03-06T01:47:27","date_gmt":"2026-03-06T01:47:27","guid":{"rendered":"https:\/\/grupotextil.es\/?post_type=product&#038;p=337689"},"modified":"2026-03-06T01:47:27","modified_gmt":"2026-03-06T01:47:27","slug":"capa-de-lluvia-impermeable-con-capucha-valento-ferrol","status":"publish","type":"product","link":"https:\/\/grupotextil.es\/ca\/product\/capa-de-lluvia-impermeable-con-capucha-valento-ferrol\/","title":{"rendered":"Capa de lluvia impermeable con capucha VALENTO FERROL"},"content":{"rendered":"<div class=\"product-description\">\n<div class=\"article_characteristics\">\n<ul style=\"margin-block-start: 0;\" >\n<li><b>Capa de lluvia<\/b> <b>con capucha<\/b> y funda para guardar.<\/li>\n<li>Confeccionada en <b>tejido impermeable<\/b> de tafet\u00e1n ligero, resistente y duradero.<\/li>\n<li>Capucha con cuello alto para mayor protecci\u00f3n ante la lluvia y cord\u00f3n regulador para un mejor ajuste.<\/li>\n<li>Laterales con cierre abotonado y amplio espacio para los brazos.<\/li>\n<li>Costuras con dobladillo para mayor resistencia y durabilidad.<\/li>\n<li>M\u00e9todos id\u00f3neos de marcaje: serigraf\u00eda, transfer, vinilo.<\/li>\n<li>Ideal para exteriores, monta\u00f1a (tambi\u00e9n cubre la mochila) y actividades en la naturaleza.<\/li>\n<\/ul><\/div>\n<\/div>\n<div class=\"product-pdf\">\n<p><a href=\"https:\/\/valento.es\/?service=ServeDocuments&amp;function=serve_datasheet&amp;article_ref=CVVAFER\" target=\"_blank\" rel=\"noopener\">Descargar ficha t\u00e9cnica (PDF)<\/a><\/p>\n<\/div>","protected":false},"excerpt":{"rendered":"<p>Capa de lluvia impermeable con capucha VALENTO FERROL de Valento. Disponible en la categor\u00eda Ropa De Lluvia. Env\u00edo r\u00e1pido 24\/48h.<\/p>","protected":false},"featured_media":337690,"comment_status":"open","ping_status":"closed","template":"","meta":{"_acf_changed":false},"product_brand":[11282],"product_cat":[13981,13990,13939,13974,13975,13973],"product_tag":[],"class_list":{"0":"post-337689","1":"product","2":"type-product","3":"status-publish","4":"has-post-thumbnail","6":"product_brand-valento","7":"product_cat-h-chaquetas-y-abrigos","8":"product_cat-m-chaquetas-y-abrigos","9":"product_cat-deportivo","10":"product_cat-ropa-hombre","11":"product_cat-ropa-mujer","12":"product_cat-ropa","13":"tm-no-options","15":"first","16":"instock","17":"taxable","18":"shipping-taxable","19":"product-type-variable"},"acf":[],"_links":{"self":[{"href":"https:\/\/grupotextil.es\/ca\/wp-json\/wp\/v2\/product\/337689","targetHints":{"allow":["GET"]}}],"collection":[{"href":"https:\/\/grupotextil.es\/ca\/wp-json\/wp\/v2\/product"}],"about":[{"href":"https:\/\/grupotextil.es\/ca\/wp-json\/wp\/v2\/types\/product"}],"replies":[{"embeddable":true,"href":"https:\/\/grupotextil.es\/ca\/wp-json\/wp\/v2\/comments?post=337689"}],"wp:featuredmedia":[{"embeddable":true,"href":"https:\/\/grupotextil.es\/ca\/wp-json\/wp\/v2\/media\/337690"}],"wp:attachment":[{"href":"https:\/\/grupotextil.es\/ca\/wp-json\/wp\/v2\/media?parent=337689"}],"wp:term":[{"taxonomy":"product_brand","embeddable":true,"href":"https:\/\/grupotextil.es\/ca\/wp-json\/wp\/v2\/product_brand?post=337689"},{"taxonomy":"product_cat","embeddable":true,"href":"https:\/\/grupotextil.es\/ca\/wp-json\/wp\/v2\/product_cat?post=337689"},{"taxonomy":"product_tag","embeddable":true,"href":"https:\/\/grupotextil.es\/ca\/wp-json\/wp\/v2\/product_tag?post=337689"}],"curies":[{"name":"wp","href":"https:\/\/api.w.org\/{rel}","templated":true}]}}

<div class="product-description">
<div class="article_characteristics">
<ul style="margin-block-start: 0;" >
<li><b>Capa de lluvia</b> <b>con capucha</b> y funda para guardar.</li>
<li>Confeccionada en <b>tejido impermeable</b> de tafetán ligero, resistente y duradero.</li>
<li>Capucha con cuello alto para mayor protección ante la lluvia y cordón regulador para un mejor ajuste.</li>
<li>Laterales con cierre abotonado y amplio espacio para los brazos.</li>
<li>Costuras con dobladillo para mayor resistencia y durabilidad.</li>
<li>Métodos idóneos de marcaje: serigrafía, transfer, vinilo.</li>
<li>Ideal para exteriores, montaña (también cubre la mochila) y actividades en la naturaleza.</li>
</ul></div>
</div>
<div class="product-pdf">
<p><a href="https://valento.es/?service=ServeDocuments&amp;function=serve_datasheet&amp;article_ref=CVVAFER" target="_blank" rel="noopener">Descargar ficha técnica (PDF)</a></p>
</div>

<p>Capa de lluvia impermeable con capucha VALENTO FERROL de Valento. Disponible en la categoría Ropa De Lluvia. Envío rápido 24/48h.</p>
