{"id":338096,"date":"2026-03-06T01:47:44","date_gmt":"2026-03-06T01:47:44","guid":{"rendered":"https:\/\/grupotextil.es\/?post_type=product&#038;p=338096"},"modified":"2026-03-06T01:47:44","modified_gmt":"2026-03-06T01:47:44","slug":"calzoncillo-slip-sin-costuras-valento-zeus","status":"publish","type":"product","link":"https:\/\/grupotextil.es\/ca\/product\/calzoncillo-slip-sin-costuras-valento-zeus\/","title":{"rendered":"Calzoncillo slip sin costuras VALENTO ZEUS"},"content":{"rendered":"<div class=\"product-description\">\n<div class=\"article_characteristics\">\n<ul style=\"margin-block-start: 0;\" >\n<li><b>Calzoncillo<\/b> <b>slip<\/b> <b>sin costuras<\/b>.<\/li>\n<li>Confeccionado en tejido el\u00e1stico ligero y transpirable.<\/li>\n<li>Cintura con banda el\u00e1stica para una mejor sujeci\u00f3n.<\/li>\n<li>Doble pespunte en el contorno de la pierna que aumenta su resistencia.<\/li>\n<li>M\u00e9todos id\u00f3neos de marcaje: serigraf\u00eda, vinilo, transfer.<\/li>\n<li>Ideal como complemento de <b>ropa laboral<\/b> y uso deportivo.<\/li>\n<\/ul><\/div>\n<\/div>\n<div class=\"product-pdf\">\n<p><a href=\"https:\/\/valento.es\/?service=ServeDocuments&amp;function=serve_datasheet&amp;article_ref=CIVAZEU\" target=\"_blank\" rel=\"noopener\">Descargar ficha t\u00e9cnica (PDF)<\/a><\/p>\n<\/div>","protected":false},"excerpt":{"rendered":"<p>Calzoncillo slip sin costuras VALENTO ZEUS de Valento. Disponible en la categor\u00eda Ropa Interior. Env\u00edo r\u00e1pido 24\/48h.<\/p>","protected":false},"featured_media":338097,"comment_status":"open","ping_status":"closed","template":"","meta":{"_acf_changed":false},"product_brand":[11282],"product_cat":[13974,13975],"product_tag":[],"class_list":{"0":"post-338096","1":"product","2":"type-product","3":"status-publish","4":"has-post-thumbnail","6":"product_brand-valento","7":"product_cat-ropa-hombre","8":"product_cat-ropa-mujer","9":"tm-no-options","11":"first","12":"instock","13":"taxable","14":"shipping-taxable","15":"product-type-variable"},"acf":[],"_links":{"self":[{"href":"https:\/\/grupotextil.es\/ca\/wp-json\/wp\/v2\/product\/338096","targetHints":{"allow":["GET"]}}],"collection":[{"href":"https:\/\/grupotextil.es\/ca\/wp-json\/wp\/v2\/product"}],"about":[{"href":"https:\/\/grupotextil.es\/ca\/wp-json\/wp\/v2\/types\/product"}],"replies":[{"embeddable":true,"href":"https:\/\/grupotextil.es\/ca\/wp-json\/wp\/v2\/comments?post=338096"}],"wp:featuredmedia":[{"embeddable":true,"href":"https:\/\/grupotextil.es\/ca\/wp-json\/wp\/v2\/media\/338097"}],"wp:attachment":[{"href":"https:\/\/grupotextil.es\/ca\/wp-json\/wp\/v2\/media?parent=338096"}],"wp:term":[{"taxonomy":"product_brand","embeddable":true,"href":"https:\/\/grupotextil.es\/ca\/wp-json\/wp\/v2\/product_brand?post=338096"},{"taxonomy":"product_cat","embeddable":true,"href":"https:\/\/grupotextil.es\/ca\/wp-json\/wp\/v2\/product_cat?post=338096"},{"taxonomy":"product_tag","embeddable":true,"href":"https:\/\/grupotextil.es\/ca\/wp-json\/wp\/v2\/product_tag?post=338096"}],"curies":[{"name":"wp","href":"https:\/\/api.w.org\/{rel}","templated":true}]}}

<div class="product-description">
<div class="article_characteristics">
<ul style="margin-block-start: 0;" >
<li><b>Calzoncillo</b> <b>slip</b> <b>sin costuras</b>.</li>
<li>Confeccionado en tejido elástico ligero y transpirable.</li>
<li>Cintura con banda elástica para una mejor sujeción.</li>
<li>Doble pespunte en el contorno de la pierna que aumenta su resistencia.</li>
<li>Métodos idóneos de marcaje: serigrafía, vinilo, transfer.</li>
<li>Ideal como complemento de <b>ropa laboral</b> y uso deportivo.</li>
</ul></div>
</div>
<div class="product-pdf">
<p><a href="https://valento.es/?service=ServeDocuments&amp;function=serve_datasheet&amp;article_ref=CIVAZEU" target="_blank" rel="noopener">Descargar ficha técnica (PDF)</a></p>
</div>

<p>Calzoncillo slip sin costuras VALENTO ZEUS de Valento. Disponible en la categoría Ropa Interior. Envío rápido 24/48h.</p>
