{"id":338179,"date":"2026-03-06T01:47:46","date_gmt":"2026-03-06T01:47:46","guid":{"rendered":"https:\/\/grupotextil.es\/?post_type=product&#038;p=338179"},"modified":"2026-03-06T01:47:46","modified_gmt":"2026-03-06T01:47:46","slug":"braga-deportiva-sin-costuras-valento-bryony","status":"publish","type":"product","link":"https:\/\/grupotextil.es\/ca\/product\/braga-deportiva-sin-costuras-valento-bryony\/","title":{"rendered":"Braga deportiva sin costuras VALENTO BRYONY"},"content":{"rendered":"<div class=\"product-description\">\n<div class=\"article_characteristics\">\n<ul style=\"margin-block-start: 0;\" >\n<li><b>Braga deportiva<\/b> <b>sin costuras<\/b>.<\/li>\n<li>Confeccionada en <b>tejido transpirable<\/b> de gran elasticidad en jaspeado vigor\u00e9.<\/li>\n<li>Ensamblada con los m\u00e9todos seamless (<b>sin costuras<\/b>) y flat seam (costuras planas) que minimizan el roce con la piel, dise\u00f1o anat\u00f3mico y din\u00e1mico para mayor comodidad.<\/li>\n<li>Cintura de canal\u00e9 extra-el\u00e1stico y costuras invisibles para mayor confort.<\/li>\n<li>Ideal como <b>ropa deportiva<\/b>.<\/li>\n<\/ul><\/div>\n<\/div>\n<div class=\"product-pdf\">\n<p><a href=\"https:\/\/valento.es\/?service=ServeDocuments&amp;function=serve_datasheet&amp;article_ref=BBVABRY\" target=\"_blank\" rel=\"noopener\">Descargar ficha t\u00e9cnica (PDF)<\/a><\/p>\n<\/div>","protected":false},"excerpt":{"rendered":"<p>Braga deportiva sin costuras VALENTO BRYONY de Valento. Disponible en la categor\u00eda Ropa Interior. Env\u00edo r\u00e1pido 24\/48h.<\/p>","protected":false},"featured_media":338180,"comment_status":"open","ping_status":"closed","template":"","meta":{"_acf_changed":false},"product_brand":[11282],"product_cat":[13948],"product_tag":[],"class_list":{"0":"post-338179","1":"product","2":"type-product","3":"status-publish","4":"has-post-thumbnail","6":"product_brand-valento","7":"product_cat-accesorios","8":"tm-no-options","10":"first","11":"instock","12":"taxable","13":"shipping-taxable","14":"product-type-variable"},"acf":[],"_links":{"self":[{"href":"https:\/\/grupotextil.es\/ca\/wp-json\/wp\/v2\/product\/338179","targetHints":{"allow":["GET"]}}],"collection":[{"href":"https:\/\/grupotextil.es\/ca\/wp-json\/wp\/v2\/product"}],"about":[{"href":"https:\/\/grupotextil.es\/ca\/wp-json\/wp\/v2\/types\/product"}],"replies":[{"embeddable":true,"href":"https:\/\/grupotextil.es\/ca\/wp-json\/wp\/v2\/comments?post=338179"}],"wp:featuredmedia":[{"embeddable":true,"href":"https:\/\/grupotextil.es\/ca\/wp-json\/wp\/v2\/media\/338180"}],"wp:attachment":[{"href":"https:\/\/grupotextil.es\/ca\/wp-json\/wp\/v2\/media?parent=338179"}],"wp:term":[{"taxonomy":"product_brand","embeddable":true,"href":"https:\/\/grupotextil.es\/ca\/wp-json\/wp\/v2\/product_brand?post=338179"},{"taxonomy":"product_cat","embeddable":true,"href":"https:\/\/grupotextil.es\/ca\/wp-json\/wp\/v2\/product_cat?post=338179"},{"taxonomy":"product_tag","embeddable":true,"href":"https:\/\/grupotextil.es\/ca\/wp-json\/wp\/v2\/product_tag?post=338179"}],"curies":[{"name":"wp","href":"https:\/\/api.w.org\/{rel}","templated":true}]}}

<div class="product-description">
<div class="article_characteristics">
<ul style="margin-block-start: 0;" >
<li><b>Braga deportiva</b> <b>sin costuras</b>.</li>
<li>Confeccionada en <b>tejido transpirable</b> de gran elasticidad en jaspeado vigoré.</li>
<li>Ensamblada con los métodos seamless (<b>sin costuras</b>) y flat seam (costuras planas) que minimizan el roce con la piel, diseño anatómico y dinámico para mayor comodidad.</li>
<li>Cintura de canalé extra-elástico y costuras invisibles para mayor confort.</li>
<li>Ideal como <b>ropa deportiva</b>.</li>
</ul></div>
</div>
<div class="product-pdf">
<p><a href="https://valento.es/?service=ServeDocuments&amp;function=serve_datasheet&amp;article_ref=BBVABRY" target="_blank" rel="noopener">Descargar ficha técnica (PDF)</a></p>
</div>

<p>Braga deportiva sin costuras VALENTO BRYONY de Valento. Disponible en la categoría Ropa Interior. Envío rápido 24/48h.</p>
