{"id":338720,"date":"2026-03-06T01:48:04","date_gmt":"2026-03-06T01:48:04","guid":{"rendered":"https:\/\/grupotextil.es\/?post_type=product&#038;p=338720"},"modified":"2026-03-06T01:48:04","modified_gmt":"2026-03-06T01:48:04","slug":"chaleco-deportivo-cortavientos-valento-runrock","status":"publish","type":"product","link":"https:\/\/grupotextil.es\/ca\/product\/chaleco-deportivo-cortavientos-valento-runrock\/","title":{"rendered":"Chaleco deportivo cortavientos VALENTO RUNROCK"},"content":{"rendered":"<div class=\"product-description\">\n<div class=\"article_characteristics\">\n<ul style=\"margin-block-start: 0;\" >\n<li><b>Chaleco<\/b> <b>deportivo<\/b> <b>el\u00e1stico<\/b> con efecto <b>cortavientos<\/b>.<\/li>\n<li>Confeccionado en tejido <b>bi-<b>el\u00e1stico<\/b><\/b> complex que aporta mayor movilidad con acabado hidro-repelente para mayor confort.<\/li>\n<li>Cierre frontal de <b>cremallera entera<\/b> con tapeta interior y protector de barbilla que aporta confort.<\/li>\n<li>Dos bolsillos oblicuos en la cintura con cierre de cremallera para tener todo accesible.<\/li>\n<li>Sisas y bajo con vivo <b>el\u00e1stico<\/b> para un mejor ajuste y un mejor acabado.<\/li>\n<li>M\u00e9todos id\u00f3neos de marcaje: serigraf\u00eda, transfer, vinilo, bordados, cosidos.<\/li>\n<li>Ideal como <b>ropa deportiva<\/b> en exteriores.<\/li>\n<\/ul><\/div>\n<\/div>\n<div class=\"product-pdf\">\n<p><a href=\"https:\/\/valento.es\/?service=ServeDocuments&amp;function=serve_datasheet&amp;article_ref=CHVARUN\" target=\"_blank\" rel=\"noopener\">Descargar ficha t\u00e9cnica (PDF)<\/a><\/p>\n<\/div>","protected":false},"excerpt":{"rendered":"<p>Chaleco deportivo cortavientos VALENTO RUNROCK de Valento. Disponible en la categor\u00eda Running. Env\u00edo r\u00e1pido 24\/48h.<\/p>","protected":false},"featured_media":338721,"comment_status":"open","ping_status":"closed","template":"","meta":{"_acf_changed":false},"product_brand":[11282],"product_cat":[13982,13991,13974,13975,13973],"product_tag":[],"class_list":{"0":"post-338720","1":"product","2":"type-product","3":"status-publish","4":"has-post-thumbnail","6":"product_brand-valento","7":"product_cat-h-chalecos","8":"product_cat-m-chalecos","9":"product_cat-ropa-hombre","10":"product_cat-ropa-mujer","11":"product_cat-ropa","12":"tm-no-options","14":"first","15":"instock","16":"taxable","17":"shipping-taxable","18":"product-type-variable"},"acf":[],"_links":{"self":[{"href":"https:\/\/grupotextil.es\/ca\/wp-json\/wp\/v2\/product\/338720","targetHints":{"allow":["GET"]}}],"collection":[{"href":"https:\/\/grupotextil.es\/ca\/wp-json\/wp\/v2\/product"}],"about":[{"href":"https:\/\/grupotextil.es\/ca\/wp-json\/wp\/v2\/types\/product"}],"replies":[{"embeddable":true,"href":"https:\/\/grupotextil.es\/ca\/wp-json\/wp\/v2\/comments?post=338720"}],"wp:featuredmedia":[{"embeddable":true,"href":"https:\/\/grupotextil.es\/ca\/wp-json\/wp\/v2\/media\/338721"}],"wp:attachment":[{"href":"https:\/\/grupotextil.es\/ca\/wp-json\/wp\/v2\/media?parent=338720"}],"wp:term":[{"taxonomy":"product_brand","embeddable":true,"href":"https:\/\/grupotextil.es\/ca\/wp-json\/wp\/v2\/product_brand?post=338720"},{"taxonomy":"product_cat","embeddable":true,"href":"https:\/\/grupotextil.es\/ca\/wp-json\/wp\/v2\/product_cat?post=338720"},{"taxonomy":"product_tag","embeddable":true,"href":"https:\/\/grupotextil.es\/ca\/wp-json\/wp\/v2\/product_tag?post=338720"}],"curies":[{"name":"wp","href":"https:\/\/api.w.org\/{rel}","templated":true}]}}

<div class="product-description">
<div class="article_characteristics">
<ul style="margin-block-start: 0;" >
<li><b>Chaleco</b> <b>deportivo</b> <b>elástico</b> con efecto <b>cortavientos</b>.</li>
<li>Confeccionado en tejido <b>bi-<b>elástico</b></b> complex que aporta mayor movilidad con acabado hidro-repelente para mayor confort.</li>
<li>Cierre frontal de <b>cremallera entera</b> con tapeta interior y protector de barbilla que aporta confort.</li>
<li>Dos bolsillos oblicuos en la cintura con cierre de cremallera para tener todo accesible.</li>
<li>Sisas y bajo con vivo <b>elástico</b> para un mejor ajuste y un mejor acabado.</li>
<li>Métodos idóneos de marcaje: serigrafía, transfer, vinilo, bordados, cosidos.</li>
<li>Ideal como <b>ropa deportiva</b> en exteriores.</li>
</ul></div>
</div>
<div class="product-pdf">
<p><a href="https://valento.es/?service=ServeDocuments&amp;function=serve_datasheet&amp;article_ref=CHVARUN" target="_blank" rel="noopener">Descargar ficha técnica (PDF)</a></p>
</div>

<p>Chaleco deportivo cortavientos VALENTO RUNROCK de Valento. Disponible en la categoría Running. Envío rápido 24/48h.</p>
