{"id":345665,"date":"2026-03-06T01:50:58","date_gmt":"2026-03-06T01:50:58","guid":{"rendered":"https:\/\/grupotextil.es\/?post_type=product&#038;p=345665"},"modified":"2026-03-06T01:50:58","modified_gmt":"2026-03-06T01:50:58","slug":"bata-infantil-escolar-manga-larga-valento-chalk","status":"publish","type":"product","link":"https:\/\/grupotextil.es\/ca\/product\/bata-infantil-escolar-manga-larga-valento-chalk\/","title":{"rendered":"Bata infantil escolar manga larga VALENTO CHALK"},"content":{"rendered":"<div class=\"product-description\">\n<div class=\"article_characteristics\">\n<ul style=\"margin-block-start: 0;\" >\n<li><b>Bata infantil<\/b> <b>escolar<\/b> de <b>manga larga<\/b>.<\/li>\n<li>Confeccionada en tejido sarga mezcla algod\u00f3n con poli\u00e9ster que aporta durabilidad y resistencia.<\/li>\n<li>Cuello camisero en forma de pico amplio, c\u00f3modo y refrescante que incluye en su parte interior trasera una amplia cinta cosida para colgar la prenda f\u00e1cilmente.<\/li>\n<li>Cierre central con botones y cintura con cinta cosida en la espalda para mayor confort.<\/li>\n<li>Dos bolsillos delanteros y uno en pecho izquierdo tipo parche para tener todo accesible y resaltar el marcaje.<\/li>\n<li>M\u00e9todos id\u00f3neos de marcaje: serigraf\u00eda, transfer, vinilo, bordados, cosidos.<\/li>\n<li>Ideal para <b>uniforme <b>escolar<\/b><\/b> y su uso en laboratorio, dibujo, etc.<\/li>\n<\/ul><\/div>\n<\/div>\n<div class=\"product-pdf\">\n<p><a href=\"https:\/\/valento.es\/?service=ServeDocuments&amp;function=serve_datasheet&amp;article_ref=BTVACHA\" target=\"_blank\" rel=\"noopener\">Descargar ficha t\u00e9cnica (PDF)<\/a><\/p>\n<\/div>","protected":false},"excerpt":{"rendered":"<p>Bata infantil escolar manga larga VALENTO CHALK de Valento. Disponible en la categor\u00eda Uniforme Escolar. Env\u00edo r\u00e1pido 24\/48h.<\/p>","protected":false},"featured_media":345666,"comment_status":"open","ping_status":"closed","template":"","meta":{"_acf_changed":false},"product_brand":[11282],"product_cat":[13936],"product_tag":[],"class_list":{"0":"post-345665","1":"product","2":"type-product","3":"status-publish","4":"has-post-thumbnail","6":"product_brand-valento","7":"product_cat-rl-sanidad-y-estetica","8":"tm-no-options","10":"first","11":"instock","12":"taxable","13":"shipping-taxable","14":"product-type-variable"},"acf":[],"_links":{"self":[{"href":"https:\/\/grupotextil.es\/ca\/wp-json\/wp\/v2\/product\/345665","targetHints":{"allow":["GET"]}}],"collection":[{"href":"https:\/\/grupotextil.es\/ca\/wp-json\/wp\/v2\/product"}],"about":[{"href":"https:\/\/grupotextil.es\/ca\/wp-json\/wp\/v2\/types\/product"}],"replies":[{"embeddable":true,"href":"https:\/\/grupotextil.es\/ca\/wp-json\/wp\/v2\/comments?post=345665"}],"wp:featuredmedia":[{"embeddable":true,"href":"https:\/\/grupotextil.es\/ca\/wp-json\/wp\/v2\/media\/345666"}],"wp:attachment":[{"href":"https:\/\/grupotextil.es\/ca\/wp-json\/wp\/v2\/media?parent=345665"}],"wp:term":[{"taxonomy":"product_brand","embeddable":true,"href":"https:\/\/grupotextil.es\/ca\/wp-json\/wp\/v2\/product_brand?post=345665"},{"taxonomy":"product_cat","embeddable":true,"href":"https:\/\/grupotextil.es\/ca\/wp-json\/wp\/v2\/product_cat?post=345665"},{"taxonomy":"product_tag","embeddable":true,"href":"https:\/\/grupotextil.es\/ca\/wp-json\/wp\/v2\/product_tag?post=345665"}],"curies":[{"name":"wp","href":"https:\/\/api.w.org\/{rel}","templated":true}]}}

<div class="product-description">
<div class="article_characteristics">
<ul style="margin-block-start: 0;" >
<li><b>Bata infantil</b> <b>escolar</b> de <b>manga larga</b>.</li>
<li>Confeccionada en tejido sarga mezcla algodón con poliéster que aporta durabilidad y resistencia.</li>
<li>Cuello camisero en forma de pico amplio, cómodo y refrescante que incluye en su parte interior trasera una amplia cinta cosida para colgar la prenda fácilmente.</li>
<li>Cierre central con botones y cintura con cinta cosida en la espalda para mayor confort.</li>
<li>Dos bolsillos delanteros y uno en pecho izquierdo tipo parche para tener todo accesible y resaltar el marcaje.</li>
<li>Métodos idóneos de marcaje: serigrafía, transfer, vinilo, bordados, cosidos.</li>
<li>Ideal para <b>uniforme <b>escolar</b></b> y su uso en laboratorio, dibujo, etc.</li>
</ul></div>
</div>
<div class="product-pdf">
<p><a href="https://valento.es/?service=ServeDocuments&amp;function=serve_datasheet&amp;article_ref=BTVACHA" target="_blank" rel="noopener">Descargar ficha técnica (PDF)</a></p>
</div>

<p>Bata infantil escolar manga larga VALENTO CHALK de Valento. Disponible en la categoría Uniforme Escolar. Envío rápido 24/48h.</p>
