{"id":345875,"date":"2026-03-06T01:51:02","date_gmt":"2026-03-06T01:51:02","guid":{"rendered":"https:\/\/grupotextil.es\/?post_type=product&#038;p=345875"},"modified":"2026-03-06T01:51:02","modified_gmt":"2026-03-06T01:51:02","slug":"chaleco-ligero-visibilidad-realzada-valento-morgan","status":"publish","type":"product","link":"https:\/\/grupotextil.es\/ca\/product\/chaleco-ligero-visibilidad-realzada-valento-morgan\/","title":{"rendered":"Chaleco ligero Visibilidad Realzada VALENTO MORGAN"},"content":{"rendered":"<div class=\"product-description\">\n<div class=\"article_characteristics\">\n<ul style=\"margin-block-start: 0;\" >\n<li><b>Chaleco<\/b> ligero de <b>Visibilidad Realzada<\/b>.<\/li>\n<li>Confeccionado en <b>tejido transpirable<\/b> ketten ligero y resistente, incluye dos <b>cintas retro-reflectantes<\/b> cosidas en torso y espalda para mayor seguridad.<\/li>\n<li>Prenda certificada como EPI de Categor\u00eda II de <b>Visibilidad Realzada<\/b> en base a las normas 13688 y 17353, tipo B3 para visibilidad nocturna, con duraci\u00f3n m\u00e1xima de 50 lavados.<\/li>\n<li><b>Cuello de pico<\/b> amplio, c\u00f3modo y refrescante y cierre central de cremallera para mayor confort.<\/li>\n<li>Contornos ribeteados para un mejor acabado.<\/li>\n<li>M\u00e9todos id\u00f3neos de marcaje: serigraf\u00eda, transfer, bordados, cosidos.<\/li>\n<li>Ideal como <b>ropa laboral<\/b> y <b>uniformes de trabajo<\/b>.<\/li>\n<\/ul><\/div>\n<\/div>\n<div class=\"product-pdf\">\n<p><a href=\"https:\/\/valento.es\/?service=ServeDocuments&amp;function=serve_datasheet&amp;article_ref=CHVAMOR\" target=\"_blank\" rel=\"noopener\">Descargar ficha t\u00e9cnica (PDF)<\/a><\/p>\n<\/div>","protected":false},"excerpt":{"rendered":"<p>Chaleco ligero Visibilidad Realzada VALENTO MORGAN de Valento. Disponible en la categor\u00eda Visibilidad Realzada. Env\u00edo r\u00e1pido 24\/48h.<\/p>","protected":false},"featured_media":345876,"comment_status":"open","ping_status":"closed","template":"","meta":{"_acf_changed":false},"product_brand":[11282],"product_cat":[13982,13991,13974,13975,13973],"product_tag":[],"class_list":{"0":"post-345875","1":"product","2":"type-product","3":"status-publish","4":"has-post-thumbnail","6":"product_brand-valento","7":"product_cat-h-chalecos","8":"product_cat-m-chalecos","9":"product_cat-ropa-hombre","10":"product_cat-ropa-mujer","11":"product_cat-ropa","12":"tm-no-options","14":"first","15":"instock","16":"taxable","17":"shipping-taxable","18":"product-type-variable"},"acf":[],"_links":{"self":[{"href":"https:\/\/grupotextil.es\/ca\/wp-json\/wp\/v2\/product\/345875","targetHints":{"allow":["GET"]}}],"collection":[{"href":"https:\/\/grupotextil.es\/ca\/wp-json\/wp\/v2\/product"}],"about":[{"href":"https:\/\/grupotextil.es\/ca\/wp-json\/wp\/v2\/types\/product"}],"replies":[{"embeddable":true,"href":"https:\/\/grupotextil.es\/ca\/wp-json\/wp\/v2\/comments?post=345875"}],"wp:featuredmedia":[{"embeddable":true,"href":"https:\/\/grupotextil.es\/ca\/wp-json\/wp\/v2\/media\/345876"}],"wp:attachment":[{"href":"https:\/\/grupotextil.es\/ca\/wp-json\/wp\/v2\/media?parent=345875"}],"wp:term":[{"taxonomy":"product_brand","embeddable":true,"href":"https:\/\/grupotextil.es\/ca\/wp-json\/wp\/v2\/product_brand?post=345875"},{"taxonomy":"product_cat","embeddable":true,"href":"https:\/\/grupotextil.es\/ca\/wp-json\/wp\/v2\/product_cat?post=345875"},{"taxonomy":"product_tag","embeddable":true,"href":"https:\/\/grupotextil.es\/ca\/wp-json\/wp\/v2\/product_tag?post=345875"}],"curies":[{"name":"wp","href":"https:\/\/api.w.org\/{rel}","templated":true}]}}

<div class="product-description">
<div class="article_characteristics">
<ul style="margin-block-start: 0;" >
<li><b>Chaleco</b> ligero de <b>Visibilidad Realzada</b>.</li>
<li>Confeccionado en <b>tejido transpirable</b> ketten ligero y resistente, incluye dos <b>cintas retro-reflectantes</b> cosidas en torso y espalda para mayor seguridad.</li>
<li>Prenda certificada como EPI de Categoría II de <b>Visibilidad Realzada</b> en base a las normas 13688 y 17353, tipo B3 para visibilidad nocturna, con duración máxima de 50 lavados.</li>
<li><b>Cuello de pico</b> amplio, cómodo y refrescante y cierre central de cremallera para mayor confort.</li>
<li>Contornos ribeteados para un mejor acabado.</li>
<li>Métodos idóneos de marcaje: serigrafía, transfer, bordados, cosidos.</li>
<li>Ideal como <b>ropa laboral</b> y <b>uniformes de trabajo</b>.</li>
</ul></div>
</div>
<div class="product-pdf">
<p><a href="https://valento.es/?service=ServeDocuments&amp;function=serve_datasheet&amp;article_ref=CHVAMOR" target="_blank" rel="noopener">Descargar ficha técnica (PDF)</a></p>
</div>

<p>Chaleco ligero Visibilidad Realzada VALENTO MORGAN de Valento. Disponible en la categoría Visibilidad Realzada. Envío rápido 24/48h.</p>
