{"id":346166,"date":"2026-03-06T01:51:19","date_gmt":"2026-03-06T01:51:19","guid":{"rendered":"https:\/\/grupotextil.es\/?post_type=product&#038;p=346166"},"modified":"2026-03-06T01:51:19","modified_gmt":"2026-03-06T01:51:19","slug":"sudadera-visibilidad-realzada-valento-richmond","status":"publish","type":"product","link":"https:\/\/grupotextil.es\/ca\/product\/sudadera-visibilidad-realzada-valento-richmond\/","title":{"rendered":"Sudadera Visibilidad Realzada VALENTO RICHMOND"},"content":{"rendered":"<div class=\"product-description\">\n<div class=\"article_characteristics\">\n<ul style=\"margin-block-start: 0;\" >\n<li><b>Sudadera<\/b> de <b>Visibilidad Realzada<\/b> con <b>media cremallera<\/b>.<\/li>\n<li>Confeccionada en tejido felpa poli\u00e9ster con tacto algod\u00f3n y perchado interior para mayor retenci\u00f3n t\u00e9rmica y confort, incluye dos <b>cintas retro-reflectantes<\/b> cosidas en torso, espalda y mangas para mayor seguridad.<\/li>\n<li>Prenda certificada como EPI de Categor\u00eda II de <b>Visibilidad Realzada<\/b> en base a las normas 13688 y 17353, tipo B3 para visibilidad nocturna, con duraci\u00f3n m\u00e1xima de 25 lavados.<\/li>\n<li>Cuello alto con <b>media cremallera<\/b> central que aporta calidez o ventilaci\u00f3n adicional, seg\u00fan la estaci\u00f3n del a\u00f1o.<\/li>\n<li>Pu\u00f1os y bajo de canal\u00e9 el\u00e1stico que se adapta c\u00f3modamente.<\/li>\n<li>M\u00e9todos id\u00f3neos de marcaje: serigraf\u00eda, transfer, vinilo, bordados, cosidos.<\/li>\n<li>Ideal como <b>ropa laboral<\/b> y <b>uniformes de trabajo<\/b>.<\/li>\n<\/ul><\/div>\n<\/div>\n<div class=\"product-pdf\">\n<p><a href=\"https:\/\/valento.es\/?service=ServeDocuments&amp;function=serve_datasheet&amp;article_ref=SUVARIC\" target=\"_blank\" rel=\"noopener\">Descargar ficha t\u00e9cnica (PDF)<\/a><\/p>\n<\/div>","protected":false},"excerpt":{"rendered":"<p>Sudadera Visibilidad Realzada VALENTO RICHMOND de Valento. Disponible en la categor\u00eda Visibilidad Realzada. Env\u00edo r\u00e1pido 24\/48h.<\/p>","protected":false},"featured_media":346167,"comment_status":"open","ping_status":"closed","template":"","meta":{"_acf_changed":false},"product_brand":[11282],"product_cat":[13974,13975,13973,13980,13989],"product_tag":[],"class_list":{"0":"post-346166","1":"product","2":"type-product","3":"status-publish","4":"has-post-thumbnail","6":"product_brand-valento","7":"product_cat-ropa-hombre","8":"product_cat-ropa-mujer","9":"product_cat-ropa","10":"product_cat-h-sudaderas","11":"product_cat-m-sudaderas","12":"tm-no-options","14":"first","15":"instock","16":"taxable","17":"shipping-taxable","18":"product-type-variable"},"acf":[],"_links":{"self":[{"href":"https:\/\/grupotextil.es\/ca\/wp-json\/wp\/v2\/product\/346166","targetHints":{"allow":["GET"]}}],"collection":[{"href":"https:\/\/grupotextil.es\/ca\/wp-json\/wp\/v2\/product"}],"about":[{"href":"https:\/\/grupotextil.es\/ca\/wp-json\/wp\/v2\/types\/product"}],"replies":[{"embeddable":true,"href":"https:\/\/grupotextil.es\/ca\/wp-json\/wp\/v2\/comments?post=346166"}],"wp:featuredmedia":[{"embeddable":true,"href":"https:\/\/grupotextil.es\/ca\/wp-json\/wp\/v2\/media\/346167"}],"wp:attachment":[{"href":"https:\/\/grupotextil.es\/ca\/wp-json\/wp\/v2\/media?parent=346166"}],"wp:term":[{"taxonomy":"product_brand","embeddable":true,"href":"https:\/\/grupotextil.es\/ca\/wp-json\/wp\/v2\/product_brand?post=346166"},{"taxonomy":"product_cat","embeddable":true,"href":"https:\/\/grupotextil.es\/ca\/wp-json\/wp\/v2\/product_cat?post=346166"},{"taxonomy":"product_tag","embeddable":true,"href":"https:\/\/grupotextil.es\/ca\/wp-json\/wp\/v2\/product_tag?post=346166"}],"curies":[{"name":"wp","href":"https:\/\/api.w.org\/{rel}","templated":true}]}}

<div class="product-description">
<div class="article_characteristics">
<ul style="margin-block-start: 0;" >
<li><b>Sudadera</b> de <b>Visibilidad Realzada</b> con <b>media cremallera</b>.</li>
<li>Confeccionada en tejido felpa poliéster con tacto algodón y perchado interior para mayor retención térmica y confort, incluye dos <b>cintas retro-reflectantes</b> cosidas en torso, espalda y mangas para mayor seguridad.</li>
<li>Prenda certificada como EPI de Categoría II de <b>Visibilidad Realzada</b> en base a las normas 13688 y 17353, tipo B3 para visibilidad nocturna, con duración máxima de 25 lavados.</li>
<li>Cuello alto con <b>media cremallera</b> central que aporta calidez o ventilación adicional, según la estación del año.</li>
<li>Puños y bajo de canalé elástico que se adapta cómodamente.</li>
<li>Métodos idóneos de marcaje: serigrafía, transfer, vinilo, bordados, cosidos.</li>
<li>Ideal como <b>ropa laboral</b> y <b>uniformes de trabajo</b>.</li>
</ul></div>
</div>
<div class="product-pdf">
<p><a href="https://valento.es/?service=ServeDocuments&amp;function=serve_datasheet&amp;article_ref=SUVARIC" target="_blank" rel="noopener">Descargar ficha técnica (PDF)</a></p>
</div>

<p>Sudadera Visibilidad Realzada VALENTO RICHMOND de Valento. Disponible en la categoría Visibilidad Realzada. Envío rápido 24/48h.</p>
