{"id":347225,"date":"2026-03-08T01:30:43","date_gmt":"2026-03-08T00:30:43","guid":{"rendered":"https:\/\/grupotextil.es\/producto\/camiseta-e150\/"},"modified":"2026-03-08T01:30:43","modified_gmt":"2026-03-08T00:30:43","slug":"camiseta-e150","status":"publish","type":"product","link":"https:\/\/grupotextil.es\/ca\/product\/camiseta-e150\/","title":{"rendered":"T-Shirt #E150"},"content":{"rendered":"<ul>\n<li>145 g\/m\u00b2<\/li>\n<li>100% algod\u00f3n, preencogido y ring-spun<\/li>\n<li>Ash: 99% algod\u00f3n, 1% viscosa<\/li>\n<li>Sport Grey: 85% algod\u00f3n, 15% viscosa<\/li>\n<li>Cuello redondo con canal\u00e9 fino y elastano<\/li>\n<li>Cinta en el cuello<\/li>\n<li>Fabricaci\u00f3n tubular<\/li>\n<li>Lavable hasta 40\u00b0C<\/li>\n<li>Corte normal.<\/li>\n<\/ul>","protected":false},"excerpt":{"rendered":"<p>145 g\/m\u00b2100% algod\u00f3n, preencogido y ring-spunAsh: 99% algod\u00f3n, 1% viscosaSport Grey: 85% algod\u00f3n, 15% viscosaCuello redondo con canal\u00e9 fino y elastanoCinta en el cuelloFabricaci\u00f3n tubularLavable ha&#8230;<\/p>","protected":false},"featured_media":405587,"comment_status":"open","ping_status":"closed","template":"","meta":{"_acf_changed":false},"product_brand":[11653],"product_cat":[13974,13975,13973],"product_tag":[14009],"class_list":{"0":"post-347225","1":"product","2":"type-product","3":"status-publish","4":"has-post-thumbnail","6":"product_brand-b-c","7":"product_cat-ropa-hombre","8":"product_cat-ropa-mujer","9":"product_cat-ropa","10":"product_tag-top-ventas","11":"tm-no-options","13":"first","14":"instock","15":"taxable","16":"shipping-taxable","17":"product-type-variable"},"acf":[],"_links":{"self":[{"href":"https:\/\/grupotextil.es\/ca\/wp-json\/wp\/v2\/product\/347225","targetHints":{"allow":["GET"]}}],"collection":[{"href":"https:\/\/grupotextil.es\/ca\/wp-json\/wp\/v2\/product"}],"about":[{"href":"https:\/\/grupotextil.es\/ca\/wp-json\/wp\/v2\/types\/product"}],"replies":[{"embeddable":true,"href":"https:\/\/grupotextil.es\/ca\/wp-json\/wp\/v2\/comments?post=347225"}],"wp:featuredmedia":[{"embeddable":true,"href":"https:\/\/grupotextil.es\/ca\/wp-json\/wp\/v2\/media\/405587"}],"wp:attachment":[{"href":"https:\/\/grupotextil.es\/ca\/wp-json\/wp\/v2\/media?parent=347225"}],"wp:term":[{"taxonomy":"product_brand","embeddable":true,"href":"https:\/\/grupotextil.es\/ca\/wp-json\/wp\/v2\/product_brand?post=347225"},{"taxonomy":"product_cat","embeddable":true,"href":"https:\/\/grupotextil.es\/ca\/wp-json\/wp\/v2\/product_cat?post=347225"},{"taxonomy":"product_tag","embeddable":true,"href":"https:\/\/grupotextil.es\/ca\/wp-json\/wp\/v2\/product_tag?post=347225"}],"curies":[{"name":"wp","href":"https:\/\/api.w.org\/{rel}","templated":true}]}}

<ul>
<li>145 g/m²</li>
<li>100% algodón, preencogido y ring-spun</li>
<li>Ash: 99% algodón, 1% viscosa</li>
<li>Sport Grey: 85% algodón, 15% viscosa</li>
<li>Cuello redondo con canalé fino y elastano</li>
<li>Cinta en el cuello</li>
<li>Fabricación tubular</li>
<li>Lavable hasta 40°C</li>
<li>Corte normal.</li>
</ul>

<p>145 g/m²100% algodón, preencogido y ring-spunAsh: 99% algodón, 1% viscosaSport Grey: 85% algodón, 15% viscosaCuello redondo con canalé fino y elastanoCinta en el cuelloFabricación tubularLavable ha&#8230;</p>
