{"id":347593,"date":"2026-03-08T01:30:55","date_gmt":"2026-03-08T00:30:55","guid":{"rendered":"https:\/\/grupotextil.es\/producto\/camiseta-mujer-e150\/"},"modified":"2026-03-08T01:30:55","modified_gmt":"2026-03-08T00:30:55","slug":"camiseta-mujer-e150","status":"publish","type":"product","link":"https:\/\/grupotextil.es\/ca\/product\/camiseta-mujer-e150\/","title":{"rendered":"Camiseta mujer #E150"},"content":{"rendered":"<ul>\n<li>145 g\/m\u00b2<\/li>\n<li>100% algod\u00f3n, preencogido y ring-spun<\/li>\n<li>Ash: 99% algod\u00f3n, 1% viscosa<\/li>\n<li>Sport Grey: 85% algod\u00f3n, 15% viscosa<\/li>\n<li>Cuello redondo con canal\u00e9 fino y elastano<\/li>\n<li>Cinta en el cuello<\/li>\n<li>Costuras laterales<\/li>\n<li>Lavable hasta 40\u00b0C<\/li>\n<li>Corte sencillo y en un tallaje medio.<\/li>\n<\/ul>","protected":false},"excerpt":{"rendered":"<p>145 g\/m\u00b2100% algod\u00f3n, preencogido y ring-spunAsh: 99% algod\u00f3n, 1% viscosaSport Grey: 85% algod\u00f3n, 15% viscosaCuello redondo con canal\u00e9 fino y elastanoCinta en el cuelloCosturas lateralesLavable has&#8230;<\/p>","protected":false},"featured_media":405645,"comment_status":"open","ping_status":"closed","template":"","meta":{"_acf_changed":false},"product_brand":[11653],"product_cat":[13974,13975,13973],"product_tag":[],"class_list":{"0":"post-347593","1":"product","2":"type-product","3":"status-publish","4":"has-post-thumbnail","6":"product_brand-b-c","7":"product_cat-ropa-hombre","8":"product_cat-ropa-mujer","9":"product_cat-ropa","10":"tm-no-options","12":"first","13":"instock","14":"taxable","15":"shipping-taxable","16":"product-type-variable"},"acf":[],"_links":{"self":[{"href":"https:\/\/grupotextil.es\/ca\/wp-json\/wp\/v2\/product\/347593","targetHints":{"allow":["GET"]}}],"collection":[{"href":"https:\/\/grupotextil.es\/ca\/wp-json\/wp\/v2\/product"}],"about":[{"href":"https:\/\/grupotextil.es\/ca\/wp-json\/wp\/v2\/types\/product"}],"replies":[{"embeddable":true,"href":"https:\/\/grupotextil.es\/ca\/wp-json\/wp\/v2\/comments?post=347593"}],"wp:featuredmedia":[{"embeddable":true,"href":"https:\/\/grupotextil.es\/ca\/wp-json\/wp\/v2\/media\/405645"}],"wp:attachment":[{"href":"https:\/\/grupotextil.es\/ca\/wp-json\/wp\/v2\/media?parent=347593"}],"wp:term":[{"taxonomy":"product_brand","embeddable":true,"href":"https:\/\/grupotextil.es\/ca\/wp-json\/wp\/v2\/product_brand?post=347593"},{"taxonomy":"product_cat","embeddable":true,"href":"https:\/\/grupotextil.es\/ca\/wp-json\/wp\/v2\/product_cat?post=347593"},{"taxonomy":"product_tag","embeddable":true,"href":"https:\/\/grupotextil.es\/ca\/wp-json\/wp\/v2\/product_tag?post=347593"}],"curies":[{"name":"wp","href":"https:\/\/api.w.org\/{rel}","templated":true}]}}

<ul>
<li>145 g/m²</li>
<li>100% algodón, preencogido y ring-spun</li>
<li>Ash: 99% algodón, 1% viscosa</li>
<li>Sport Grey: 85% algodón, 15% viscosa</li>
<li>Cuello redondo con canalé fino y elastano</li>
<li>Cinta en el cuello</li>
<li>Costuras laterales</li>
<li>Lavable hasta 40°C</li>
<li>Corte sencillo y en un tallaje medio.</li>
</ul>

<p>145 g/m²100% algodón, preencogido y ring-spunAsh: 99% algodón, 1% viscosaSport Grey: 85% algodón, 15% viscosaCuello redondo con canalé fino y elastanoCinta en el cuelloCosturas lateralesLavable has&#8230;</p>
