{"id":348798,"date":"2026-03-08T01:31:39","date_gmt":"2026-03-08T00:31:39","guid":{"rendered":"https:\/\/grupotextil.es\/producto\/chaqueta-ciclismo-spiro\/"},"modified":"2026-03-08T01:31:39","modified_gmt":"2026-03-08T00:31:39","slug":"chaqueta-ciclismo-spiro","status":"publish","type":"product","link":"https:\/\/grupotextil.es\/ca\/product\/chaqueta-ciclismo-spiro\/","title":{"rendered":"Jacket ciclismo Spiro"},"content":{"rendered":"<ul>\n<li>100% poli\u00e9ster<\/li>\n<li>Chaqueta ligera<\/li>\n<li>Resistente al agua y al viento<\/li>\n<li>Transpirable<\/li>\n<li>Unisex<\/li>\n<li>Cremallera entera con protecci\u00f3n de barbilla<\/li>\n<li>Frontal con ribetes reflectantes<\/li>\n<li>Pu\u00f1os ajustables<\/li>\n<li>Cremallera en bolsillos laterales<\/li>\n<li>A\u00f1adidos para ventilaci\u00f3n en la espalda<\/li>\n<li>Espalda de malla ligeramente m\u00e1s larga y redondeada con el logo Spiro impreso<\/li>\n<li>Bolsillo con cremallera y cintur\u00f3n de cadera (enrollar y guardar)<\/li>\n<li>Dobladillo inferior con cord\u00f3n y topes<\/li>\n<\/ul>","protected":false},"excerpt":{"rendered":"<p>100% poli\u00e9sterChaqueta ligeraResistente al agua y al vientoTranspirableUnisexCremallera entera con protecci\u00f3n de barbillaFrontal con ribetes reflectantesPu\u00f1os ajustablesCremallera en bolsillos lateral<\/p>","protected":false},"featured_media":405914,"comment_status":"open","ping_status":"closed","template":"","meta":{"_acf_changed":false},"product_brand":[11669],"product_cat":[13974,13975,13973],"product_tag":[],"class_list":{"0":"post-348798","1":"product","2":"type-product","3":"status-publish","4":"has-post-thumbnail","6":"product_brand-result","7":"product_cat-ropa-hombre","8":"product_cat-ropa-mujer","9":"product_cat-ropa","10":"tm-no-options","12":"first","13":"instock","14":"taxable","15":"shipping-taxable","16":"product-type-variable"},"acf":[],"_links":{"self":[{"href":"https:\/\/grupotextil.es\/ca\/wp-json\/wp\/v2\/product\/348798","targetHints":{"allow":["GET"]}}],"collection":[{"href":"https:\/\/grupotextil.es\/ca\/wp-json\/wp\/v2\/product"}],"about":[{"href":"https:\/\/grupotextil.es\/ca\/wp-json\/wp\/v2\/types\/product"}],"replies":[{"embeddable":true,"href":"https:\/\/grupotextil.es\/ca\/wp-json\/wp\/v2\/comments?post=348798"}],"wp:featuredmedia":[{"embeddable":true,"href":"https:\/\/grupotextil.es\/ca\/wp-json\/wp\/v2\/media\/405914"}],"wp:attachment":[{"href":"https:\/\/grupotextil.es\/ca\/wp-json\/wp\/v2\/media?parent=348798"}],"wp:term":[{"taxonomy":"product_brand","embeddable":true,"href":"https:\/\/grupotextil.es\/ca\/wp-json\/wp\/v2\/product_brand?post=348798"},{"taxonomy":"product_cat","embeddable":true,"href":"https:\/\/grupotextil.es\/ca\/wp-json\/wp\/v2\/product_cat?post=348798"},{"taxonomy":"product_tag","embeddable":true,"href":"https:\/\/grupotextil.es\/ca\/wp-json\/wp\/v2\/product_tag?post=348798"}],"curies":[{"name":"wp","href":"https:\/\/api.w.org\/{rel}","templated":true}]}}

<ul>
<li>100% poliéster</li>
<li>Chaqueta ligera</li>
<li>Resistente al agua y al viento</li>
<li>Transpirable</li>
<li>Unisex</li>
<li>Cremallera entera con protección de barbilla</li>
<li>Frontal con ribetes reflectantes</li>
<li>Puños ajustables</li>
<li>Cremallera en bolsillos laterales</li>
<li>Añadidos para ventilación en la espalda</li>
<li>Espalda de malla ligeramente más larga y redondeada con el logo Spiro impreso</li>
<li>Bolsillo con cremallera y cinturón de cadera (enrollar y guardar)</li>
<li>Dobladillo inferior con cordón y topes</li>
</ul>

<p>100% poliésterChaqueta ligeraResistente al agua y al vientoTranspirableUnisexCremallera entera con protección de barbillaFrontal con ribetes reflectantesPuños ajustablesCremallera en bolsillos lateral</p>
