{"id":348827,"date":"2026-03-08T01:31:41","date_gmt":"2026-03-08T00:31:41","guid":{"rendered":"https:\/\/grupotextil.es\/producto\/albornoz-geneva\/"},"modified":"2026-03-08T01:31:41","modified_gmt":"2026-03-08T00:31:41","slug":"albornoz-geneva","status":"publish","type":"product","link":"https:\/\/grupotextil.es\/ca\/product\/albornoz-geneva\/","title":{"rendered":"Albornoz Geneva"},"content":{"rendered":"<ul>\n<li>420 g\/m\u00b2<\/li>\n<li>100% algod\u00f3n<\/li>\n<li>Cuello esmoquin<\/li>\n<li>Presilla para colgar<\/li>\n<li>Manga larga con pu\u00f1os<\/li>\n<li>Cintur\u00f3n<\/li>\n<li>Bolsillos de parche<\/li>\n<li>Lavado a 60\u00baC<\/li>\n<\/ul>","protected":false},"excerpt":{"rendered":"<p>420 g\/m\u00b2100% algod\u00f3nCuello esmoquinPresilla para colgarManga larga con pu\u00f1osCintur\u00f3nBolsillos de parcheLavado a 60\u00baC<\/p>","protected":false},"featured_media":405973,"comment_status":"open","ping_status":"closed","template":"","meta":{"_acf_changed":false},"product_brand":[11654],"product_cat":[13974,13975,13973],"product_tag":[14009],"class_list":{"0":"post-348827","1":"product","2":"type-product","3":"status-publish","4":"has-post-thumbnail","6":"product_brand-sg-accessories-towels","7":"product_cat-ropa-hombre","8":"product_cat-ropa-mujer","9":"product_cat-ropa","10":"product_tag-top-ventas","11":"tm-no-options","13":"first","14":"instock","15":"taxable","16":"shipping-taxable","17":"product-type-variable"},"acf":[],"_links":{"self":[{"href":"https:\/\/grupotextil.es\/ca\/wp-json\/wp\/v2\/product\/348827","targetHints":{"allow":["GET"]}}],"collection":[{"href":"https:\/\/grupotextil.es\/ca\/wp-json\/wp\/v2\/product"}],"about":[{"href":"https:\/\/grupotextil.es\/ca\/wp-json\/wp\/v2\/types\/product"}],"replies":[{"embeddable":true,"href":"https:\/\/grupotextil.es\/ca\/wp-json\/wp\/v2\/comments?post=348827"}],"wp:featuredmedia":[{"embeddable":true,"href":"https:\/\/grupotextil.es\/ca\/wp-json\/wp\/v2\/media\/405973"}],"wp:attachment":[{"href":"https:\/\/grupotextil.es\/ca\/wp-json\/wp\/v2\/media?parent=348827"}],"wp:term":[{"taxonomy":"product_brand","embeddable":true,"href":"https:\/\/grupotextil.es\/ca\/wp-json\/wp\/v2\/product_brand?post=348827"},{"taxonomy":"product_cat","embeddable":true,"href":"https:\/\/grupotextil.es\/ca\/wp-json\/wp\/v2\/product_cat?post=348827"},{"taxonomy":"product_tag","embeddable":true,"href":"https:\/\/grupotextil.es\/ca\/wp-json\/wp\/v2\/product_tag?post=348827"}],"curies":[{"name":"wp","href":"https:\/\/api.w.org\/{rel}","templated":true}]}}

<ul>
<li>420 g/m²</li>
<li>100% algodón</li>
<li>Cuello esmoquin</li>
<li>Presilla para colgar</li>
<li>Manga larga con puños</li>
<li>Cinturón</li>
<li>Bolsillos de parche</li>
<li>Lavado a 60ºC</li>
</ul>

<p>420 g/m²100% algodónCuello esmoquinPresilla para colgarManga larga con puñosCinturónBolsillos de parcheLavado a 60ºC</p>
